
{"id":6644,"date":"2024-05-22T11:38:28","date_gmt":"2024-05-22T14:38:28","guid":{"rendered":"https:\/\/redoma.com.br\/corporativo\/?post_type=product&#038;p=6644"},"modified":"2024-07-23T14:12:23","modified_gmt":"2024-07-23T17:12:23","slug":"bolsa-plastica","status":"publish","type":"product","link":"https:\/\/redoma.com.br\/corporativo\/produto\/bolsa-plastica\/","title":{"rendered":"Bolsa Pl\u00e1stica"},"content":{"rendered":"","protected":false},"excerpt":{"rendered":"<p><b>Dispon\u00edvel para produtos com acabamento wire-o.<\/b><\/p>\n<p>&nbsp;<\/p>\n<p><b>\u2022 Bolsa sarja<\/b><\/p>\n<p>Dispon\u00edvel para os formatos:<\/p>\n<p>170&#215;240 mm e 204&#215;280 mm<\/p>\n<p>&nbsp;<\/p>\n<p><b>\u2022 Bolsa cristal<\/b><\/p>\n<p>Dispon\u00edvel para os formatos:<\/p>\n<p>138x200mm<\/p>\n<p>150x210mm<\/p>\n<p>170x240mm<\/p>\n<p>204x280mm<\/p>\n<p>&nbsp;<\/p>\n<p><strong>* Aten\u00e7\u00e3o: Este item n\u00e3o \u00e9 vendido separadamente, apenas em kit com caderno, caderneta ou agenda.<\/strong><\/p>\n","protected":false},"featured_media":6647,"template":"","meta":[],"product_brand":[],"product_cat":[78,386],"product_tag":[],"class_list":{"0":"post-6644","1":"product","2":"type-product","3":"status-publish","4":"has-post-thumbnail","6":"product_cat-acessorios","7":"product_cat-bolsas","8":"description-off","10":"first","11":"instock","12":"shipping-taxable","13":"product-type-simple"},"yoast_head":"<!-- This site is optimized with the Yoast SEO plugin v27.4 - https:\/\/yoast.com\/product\/yoast-seo-wordpress\/ -->\n<title>Bolsa Pl\u00e1stica - Redoma - Brindes Corporativos<\/title>\n<meta name=\"robots\" content=\"index, follow, max-snippet:-1, max-image-preview:large, max-video-preview:-1\" \/>\n<link rel=\"canonical\" href=\"https:\/\/redoma.com.br\/corporativo\/produto\/bolsa-plastica\/\" \/>\n<meta property=\"og:locale\" content=\"pt_BR\" \/>\n<meta property=\"og:type\" content=\"article\" \/>\n<meta property=\"og:title\" content=\"Bolsa Pl\u00e1stica - Redoma - Brindes Corporativos\" \/>\n<meta property=\"og:description\" content=\"Dispon\u00edvel para produtos com acabamento wire-o.  &nbsp;  \u2022 Bolsa sarja  Dispon\u00edvel para os formatos:  170x240 mm e 204x280 mm  &nbsp;  \u2022 Bolsa cristal  Dispon\u00edvel para os formatos:  138x200mm  150x210mm  170x240mm  204x280mm  &nbsp;  * Aten\u00e7\u00e3o: Este item n\u00e3o \u00e9 vendido separadamente, apenas em kit com caderno, caderneta ou agenda.\" \/>\n<meta property=\"og:url\" content=\"https:\/\/redoma.com.br\/corporativo\/produto\/bolsa-plastica\/\" \/>\n<meta property=\"og:site_name\" content=\"Redoma - Brindes Corporativos\" \/>\n<meta property=\"article:modified_time\" content=\"2024-07-23T17:12:23+00:00\" \/>\n<meta property=\"og:image\" content=\"https:\/\/redoma.com.br\/corporativo\/wp-content\/uploads\/2024\/05\/Bolsa-Flexivel.png\" \/>\n\t<meta property=\"og:image:width\" content=\"1000\" \/>\n\t<meta property=\"og:image:height\" content=\"1000\" \/>\n\t<meta property=\"og:image:type\" content=\"image\/png\" \/>\n<meta name=\"twitter:card\" content=\"summary_large_image\" \/>\n<meta name=\"twitter:label1\" content=\"Est. tempo de leitura\" \/>\n\t<meta name=\"twitter:data1\" content=\"1 minuto\" \/>\n<script type=\"application\/ld+json\" class=\"yoast-schema-graph\">{\"@context\":\"https:\\\/\\\/schema.org\",\"@graph\":[{\"@type\":\"WebPage\",\"@id\":\"https:\\\/\\\/redoma.com.br\\\/corporativo\\\/produto\\\/bolsa-plastica\\\/\",\"url\":\"https:\\\/\\\/redoma.com.br\\\/corporativo\\\/produto\\\/bolsa-plastica\\\/\",\"name\":\"Bolsa Pl\u00e1stica - Redoma - Brindes Corporativos\",\"isPartOf\":{\"@id\":\"https:\\\/\\\/redoma.com.br\\\/corporativo\\\/#website\"},\"primaryImageOfPage\":{\"@id\":\"https:\\\/\\\/redoma.com.br\\\/corporativo\\\/produto\\\/bolsa-plastica\\\/#primaryimage\"},\"image\":{\"@id\":\"https:\\\/\\\/redoma.com.br\\\/corporativo\\\/produto\\\/bolsa-plastica\\\/#primaryimage\"},\"thumbnailUrl\":\"https:\\\/\\\/redoma.com.br\\\/corporativo\\\/wp-content\\\/uploads\\\/2024\\\/05\\\/Bolsa-Flexivel.png\",\"datePublished\":\"2024-05-22T14:38:28+00:00\",\"dateModified\":\"2024-07-23T17:12:23+00:00\",\"breadcrumb\":{\"@id\":\"https:\\\/\\\/redoma.com.br\\\/corporativo\\\/produto\\\/bolsa-plastica\\\/#breadcrumb\"},\"inLanguage\":\"pt-BR\",\"potentialAction\":[{\"@type\":\"ReadAction\",\"target\":[\"https:\\\/\\\/redoma.com.br\\\/corporativo\\\/produto\\\/bolsa-plastica\\\/\"]}]},{\"@type\":\"ImageObject\",\"inLanguage\":\"pt-BR\",\"@id\":\"https:\\\/\\\/redoma.com.br\\\/corporativo\\\/produto\\\/bolsa-plastica\\\/#primaryimage\",\"url\":\"https:\\\/\\\/redoma.com.br\\\/corporativo\\\/wp-content\\\/uploads\\\/2024\\\/05\\\/Bolsa-Flexivel.png\",\"contentUrl\":\"https:\\\/\\\/redoma.com.br\\\/corporativo\\\/wp-content\\\/uploads\\\/2024\\\/05\\\/Bolsa-Flexivel.png\",\"width\":1000,\"height\":1000},{\"@type\":\"BreadcrumbList\",\"@id\":\"https:\\\/\\\/redoma.com.br\\\/corporativo\\\/produto\\\/bolsa-plastica\\\/#breadcrumb\",\"itemListElement\":[{\"@type\":\"ListItem\",\"position\":1,\"name\":\"In\u00edcio\",\"item\":\"https:\\\/\\\/redoma.com.br\\\/corporativo\\\/\"},{\"@type\":\"ListItem\",\"position\":2,\"name\":\"Produtos\",\"item\":\"https:\\\/\\\/redoma.com.br\\\/corporativo\\\/produtos\\\/\"},{\"@type\":\"ListItem\",\"position\":3,\"name\":\"Bolsa Pl\u00e1stica\"}]},{\"@type\":\"WebSite\",\"@id\":\"https:\\\/\\\/redoma.com.br\\\/corporativo\\\/#website\",\"url\":\"https:\\\/\\\/redoma.com.br\\\/corporativo\\\/\",\"name\":\"Redoma - Brindes Corporativos\",\"description\":\"Produzimos Agenda Personalizada, Calend\u00e1rio Financeiro, Planner Personalizado, Caderno Personalizado, Caderneta personalizada e mais\",\"potentialAction\":[{\"@type\":\"SearchAction\",\"target\":{\"@type\":\"EntryPoint\",\"urlTemplate\":\"https:\\\/\\\/redoma.com.br\\\/corporativo\\\/?s={search_term_string}\"},\"query-input\":{\"@type\":\"PropertyValueSpecification\",\"valueRequired\":true,\"valueName\":\"search_term_string\"}}],\"inLanguage\":\"pt-BR\"}]}<\/script>\n<!-- \/ Yoast SEO plugin. -->","yoast_head_json":{"title":"Bolsa Pl\u00e1stica - Redoma - Brindes Corporativos","robots":{"index":"index","follow":"follow","max-snippet":"max-snippet:-1","max-image-preview":"max-image-preview:large","max-video-preview":"max-video-preview:-1"},"canonical":"https:\/\/redoma.com.br\/corporativo\/produto\/bolsa-plastica\/","og_locale":"pt_BR","og_type":"article","og_title":"Bolsa Pl\u00e1stica - Redoma - Brindes Corporativos","og_description":"Dispon\u00edvel para produtos com acabamento wire-o.  &nbsp;  \u2022 Bolsa sarja  Dispon\u00edvel para os formatos:  170x240 mm e 204x280 mm  &nbsp;  \u2022 Bolsa cristal  Dispon\u00edvel para os formatos:  138x200mm  150x210mm  170x240mm  204x280mm  &nbsp;  * Aten\u00e7\u00e3o: Este item n\u00e3o \u00e9 vendido separadamente, apenas em kit com caderno, caderneta ou agenda.","og_url":"https:\/\/redoma.com.br\/corporativo\/produto\/bolsa-plastica\/","og_site_name":"Redoma - Brindes Corporativos","article_modified_time":"2024-07-23T17:12:23+00:00","og_image":[{"width":1000,"height":1000,"url":"https:\/\/redoma.com.br\/corporativo\/wp-content\/uploads\/2024\/05\/Bolsa-Flexivel.png","type":"image\/png"}],"twitter_card":"summary_large_image","twitter_misc":{"Est. tempo de leitura":"1 minuto"},"schema":{"@context":"https:\/\/schema.org","@graph":[{"@type":"WebPage","@id":"https:\/\/redoma.com.br\/corporativo\/produto\/bolsa-plastica\/","url":"https:\/\/redoma.com.br\/corporativo\/produto\/bolsa-plastica\/","name":"Bolsa Pl\u00e1stica - Redoma - Brindes Corporativos","isPartOf":{"@id":"https:\/\/redoma.com.br\/corporativo\/#website"},"primaryImageOfPage":{"@id":"https:\/\/redoma.com.br\/corporativo\/produto\/bolsa-plastica\/#primaryimage"},"image":{"@id":"https:\/\/redoma.com.br\/corporativo\/produto\/bolsa-plastica\/#primaryimage"},"thumbnailUrl":"https:\/\/redoma.com.br\/corporativo\/wp-content\/uploads\/2024\/05\/Bolsa-Flexivel.png","datePublished":"2024-05-22T14:38:28+00:00","dateModified":"2024-07-23T17:12:23+00:00","breadcrumb":{"@id":"https:\/\/redoma.com.br\/corporativo\/produto\/bolsa-plastica\/#breadcrumb"},"inLanguage":"pt-BR","potentialAction":[{"@type":"ReadAction","target":["https:\/\/redoma.com.br\/corporativo\/produto\/bolsa-plastica\/"]}]},{"@type":"ImageObject","inLanguage":"pt-BR","@id":"https:\/\/redoma.com.br\/corporativo\/produto\/bolsa-plastica\/#primaryimage","url":"https:\/\/redoma.com.br\/corporativo\/wp-content\/uploads\/2024\/05\/Bolsa-Flexivel.png","contentUrl":"https:\/\/redoma.com.br\/corporativo\/wp-content\/uploads\/2024\/05\/Bolsa-Flexivel.png","width":1000,"height":1000},{"@type":"BreadcrumbList","@id":"https:\/\/redoma.com.br\/corporativo\/produto\/bolsa-plastica\/#breadcrumb","itemListElement":[{"@type":"ListItem","position":1,"name":"In\u00edcio","item":"https:\/\/redoma.com.br\/corporativo\/"},{"@type":"ListItem","position":2,"name":"Produtos","item":"https:\/\/redoma.com.br\/corporativo\/produtos\/"},{"@type":"ListItem","position":3,"name":"Bolsa Pl\u00e1stica"}]},{"@type":"WebSite","@id":"https:\/\/redoma.com.br\/corporativo\/#website","url":"https:\/\/redoma.com.br\/corporativo\/","name":"Redoma - Brindes Corporativos","description":"Produzimos Agenda Personalizada, Calend\u00e1rio Financeiro, Planner Personalizado, Caderno Personalizado, Caderneta personalizada e mais","potentialAction":[{"@type":"SearchAction","target":{"@type":"EntryPoint","urlTemplate":"https:\/\/redoma.com.br\/corporativo\/?s={search_term_string}"},"query-input":{"@type":"PropertyValueSpecification","valueRequired":true,"valueName":"search_term_string"}}],"inLanguage":"pt-BR"}]}},"_links":{"self":[{"href":"https:\/\/redoma.com.br\/corporativo\/wp-json\/wp\/v2\/product\/6644","targetHints":{"allow":["GET"]}}],"collection":[{"href":"https:\/\/redoma.com.br\/corporativo\/wp-json\/wp\/v2\/product"}],"about":[{"href":"https:\/\/redoma.com.br\/corporativo\/wp-json\/wp\/v2\/types\/product"}],"wp:featuredmedia":[{"embeddable":true,"href":"https:\/\/redoma.com.br\/corporativo\/wp-json\/wp\/v2\/media\/6647"}],"wp:attachment":[{"href":"https:\/\/redoma.com.br\/corporativo\/wp-json\/wp\/v2\/media?parent=6644"}],"wp:term":[{"taxonomy":"product_brand","embeddable":true,"href":"https:\/\/redoma.com.br\/corporativo\/wp-json\/wp\/v2\/product_brand?post=6644"},{"taxonomy":"product_cat","embeddable":true,"href":"https:\/\/redoma.com.br\/corporativo\/wp-json\/wp\/v2\/product_cat?post=6644"},{"taxonomy":"product_tag","embeddable":true,"href":"https:\/\/redoma.com.br\/corporativo\/wp-json\/wp\/v2\/product_tag?post=6644"}],"curies":[{"name":"wp","href":"https:\/\/api.w.org\/{rel}","templated":true}]}}

Bolsa Plástica

<p><b>Disponível para produtos com acabamento wire-o.</b></p>
<p>&nbsp;</p>
<p><b>• Bolsa sarja</b></p>
<p>Disponível para os formatos:</p>
<p>170&#215;240 mm e 204&#215;280 mm</p>
<p>&nbsp;</p>
<p><b>• Bolsa cristal</b></p>
<p>Disponível para os formatos:</p>
<p>138x200mm</p>
<p>150x210mm</p>
<p>170x240mm</p>
<p>204x280mm</p>
<p>&nbsp;</p>
<p><strong>* Atenção: Este item não é vendido separadamente, apenas em kit com caderno, caderneta ou agenda.</strong></p>

<!-- This site is optimized with the Yoast SEO plugin v27.4 - https://yoast.com/product/yoast-seo-wordpress/ -->
<title>Bolsa Plástica - Redoma - Brindes Corporativos</title>
<meta name="robots" content="index, follow, max-snippet:-1, max-image-preview:large, max-video-preview:-1" />
<link rel="canonical" href="https://redoma.com.br/corporativo/produto/bolsa-plastica/" />
<meta property="og:locale" content="pt_BR" />
<meta property="og:type" content="article" />
<meta property="og:title" content="Bolsa Plástica - Redoma - Brindes Corporativos" />
<meta property="og:description" content="Disponível para produtos com acabamento wire-o.  &nbsp;  • Bolsa sarja  Disponível para os formatos:  170x240 mm e 204x280 mm  &nbsp;  • Bolsa cristal  Disponível para os formatos:  138x200mm  150x210mm  170x240mm  204x280mm  &nbsp;  * Atenção: Este item não é vendido separadamente, apenas em kit com caderno, caderneta ou agenda." />
<meta property="og:url" content="https://redoma.com.br/corporativo/produto/bolsa-plastica/" />
<meta property="og:site_name" content="Redoma - Brindes Corporativos" />
<meta property="article:modified_time" content="2024-07-23T17:12:23+00:00" />
<meta property="og:image" content="https://redoma.com.br/corporativo/wp-content/uploads/2024/05/Bolsa-Flexivel.png" />
	<meta property="og:image:width" content="1000" />
	<meta property="og:image:height" content="1000" />
	<meta property="og:image:type" content="image/png" />
<meta name="twitter:card" content="summary_large_image" />
<meta name="twitter:label1" content="Est. tempo de leitura" />
	<meta name="twitter:data1" content="1 minuto" />
<script type="application/ld+json" class="yoast-schema-graph">{"@context":"https:\/\/schema.org","@graph":[{"@type":"WebPage","@id":"https:\/\/redoma.com.br\/corporativo\/produto\/bolsa-plastica\/","url":"https:\/\/redoma.com.br\/corporativo\/produto\/bolsa-plastica\/","name":"Bolsa Plástica - Redoma - Brindes Corporativos","isPartOf":{"@id":"https:\/\/redoma.com.br\/corporativo\/#website"},"primaryImageOfPage":{"@id":"https:\/\/redoma.com.br\/corporativo\/produto\/bolsa-plastica\/#primaryimage"},"image":{"@id":"https:\/\/redoma.com.br\/corporativo\/produto\/bolsa-plastica\/#primaryimage"},"thumbnailUrl":"https:\/\/redoma.com.br\/corporativo\/wp-content\/uploads\/2024\/05\/Bolsa-Flexivel.png","datePublished":"2024-05-22T14:38:28+00:00","dateModified":"2024-07-23T17:12:23+00:00","breadcrumb":{"@id":"https:\/\/redoma.com.br\/corporativo\/produto\/bolsa-plastica\/#breadcrumb"},"inLanguage":"pt-BR","potentialAction":[{"@type":"ReadAction","target":["https:\/\/redoma.com.br\/corporativo\/produto\/bolsa-plastica\/"]}]},{"@type":"ImageObject","inLanguage":"pt-BR","@id":"https:\/\/redoma.com.br\/corporativo\/produto\/bolsa-plastica\/#primaryimage","url":"https:\/\/redoma.com.br\/corporativo\/wp-content\/uploads\/2024\/05\/Bolsa-Flexivel.png","contentUrl":"https:\/\/redoma.com.br\/corporativo\/wp-content\/uploads\/2024\/05\/Bolsa-Flexivel.png","width":1000,"height":1000},{"@type":"BreadcrumbList","@id":"https:\/\/redoma.com.br\/corporativo\/produto\/bolsa-plastica\/#breadcrumb","itemListElement":[{"@type":"ListItem","position":1,"name":"Início","item":"https:\/\/redoma.com.br\/corporativo\/"},{"@type":"ListItem","position":2,"name":"Produtos","item":"https:\/\/redoma.com.br\/corporativo\/produtos\/"},{"@type":"ListItem","position":3,"name":"Bolsa Plástica"}]},{"@type":"WebSite","@id":"https:\/\/redoma.com.br\/corporativo\/#website","url":"https:\/\/redoma.com.br\/corporativo\/","name":"Redoma - Brindes Corporativos","description":"Produzimos Agenda Personalizada, Calendário Financeiro, Planner Personalizado, Caderno Personalizado, Caderneta personalizada e mais","potentialAction":[{"@type":"SearchAction","target":{"@type":"EntryPoint","urlTemplate":"https:\/\/redoma.com.br\/corporativo\/?s={search_term_string}"},"query-input":{"@type":"PropertyValueSpecification","valueRequired":true,"valueName":"search_term_string"}}],"inLanguage":"pt-BR"}]}</script>
<!-- / Yoast SEO plugin. -->

Bolsa Plástica - Redoma - Brindes Corporativos

Disponível para produtos com acabamento wire-o.  &nbsp;  • Bolsa sarja  Disponível para os formatos:  170x240 mm e 204x280 mm  &nbsp;  • Bolsa cristal  Disponível para os formatos:  138x200mm  150x210mm  170x240mm  204x280mm  &nbsp;  * Atenção: Este item não é vendido separadamente, apenas em kit com caderno, caderneta ou agenda.

Início

Produzimos Agenda Personalizada, Calendário Financeiro, Planner Personalizado, Caderno Personalizado, Caderneta personalizada e mais
