
{"id":5376,"date":"2023-04-17T11:07:55","date_gmt":"2023-04-17T14:07:55","guid":{"rendered":"https:\/\/redoma.com.br\/corporativo\/?post_type=product&#038;p=5376"},"modified":"2025-07-03T11:43:18","modified_gmt":"2025-07-03T14:43:18","slug":"agenda-diaria-encadernada-capa-coordenada","status":"publish","type":"product","link":"https:\/\/redoma.com.br\/corporativo\/produto\/agenda-diaria-encadernada-capa-coordenada\/","title":{"rendered":"Agenda Di\u00e1ria Encadernada Capa Coordenada"},"content":{"rendered":"","protected":false},"excerpt":{"rendered":"<p>Combina\u00e7\u00e3o de revestimentos, cores e texturas.<\/p>\n<p>Revestimentos: Linho e Vega.<\/p>\n<p>&nbsp;<\/p>\n<p><strong>Solicite seu or\u00e7amento preenchendo o formul\u00e1rio a baixo:<\/strong><\/p>\n","protected":false},"featured_media":7165,"template":"","meta":[],"product_brand":[],"product_cat":[84,365,414,88],"product_tag":[],"class_list":{"0":"post-5376","1":"product","2":"type-product","3":"status-publish","4":"has-post-thumbnail","6":"product_cat-agenda-diaria","7":"product_cat-coordenadas","8":"product_cat-campanhas","9":"product_cat-encadernada","10":"description-off","12":"first","13":"instock","14":"shipping-taxable","15":"purchasable","16":"product-type-variable"},"yoast_head":"<!-- This site is optimized with the Yoast SEO plugin v27.4 - https:\/\/yoast.com\/product\/yoast-seo-wordpress\/ -->\n<title>Agenda Di\u00e1ria Encadernada Capa Coordenada - Redoma - Brindes Corporativos<\/title>\n<meta name=\"robots\" content=\"index, follow, max-snippet:-1, max-image-preview:large, max-video-preview:-1\" \/>\n<link rel=\"canonical\" href=\"https:\/\/redoma.com.br\/corporativo\/produto\/agenda-diaria-encadernada-capa-coordenada\/\" \/>\n<meta property=\"og:locale\" content=\"pt_BR\" \/>\n<meta property=\"og:type\" content=\"article\" \/>\n<meta property=\"og:title\" content=\"Agenda Di\u00e1ria Encadernada Capa Coordenada - Redoma - Brindes Corporativos\" \/>\n<meta property=\"og:description\" content=\"Combina\u00e7\u00e3o de revestimentos, cores e texturas.  Revestimentos: Linho e Vega.  &nbsp;  Solicite seu or\u00e7amento preenchendo o formul\u00e1rio a baixo:\" \/>\n<meta property=\"og:url\" content=\"https:\/\/redoma.com.br\/corporativo\/produto\/agenda-diaria-encadernada-capa-coordenada\/\" \/>\n<meta property=\"og:site_name\" content=\"Redoma - Brindes Corporativos\" \/>\n<meta property=\"article:modified_time\" content=\"2025-07-03T14:43:18+00:00\" \/>\n<meta property=\"og:image\" content=\"https:\/\/redoma.com.br\/corporativo\/wp-content\/uploads\/2023\/04\/Modelo-C5-Lombada.png\" \/>\n\t<meta property=\"og:image:width\" content=\"1000\" \/>\n\t<meta property=\"og:image:height\" content=\"1000\" \/>\n\t<meta property=\"og:image:type\" content=\"image\/png\" \/>\n<meta name=\"twitter:card\" content=\"summary_large_image\" \/>\n<script type=\"application\/ld+json\" class=\"yoast-schema-graph\">{\"@context\":\"https:\\\/\\\/schema.org\",\"@graph\":[{\"@type\":\"WebPage\",\"@id\":\"https:\\\/\\\/redoma.com.br\\\/corporativo\\\/produto\\\/agenda-diaria-encadernada-capa-coordenada\\\/\",\"url\":\"https:\\\/\\\/redoma.com.br\\\/corporativo\\\/produto\\\/agenda-diaria-encadernada-capa-coordenada\\\/\",\"name\":\"Agenda Di\u00e1ria Encadernada Capa Coordenada - Redoma - Brindes Corporativos\",\"isPartOf\":{\"@id\":\"https:\\\/\\\/redoma.com.br\\\/corporativo\\\/#website\"},\"primaryImageOfPage\":{\"@id\":\"https:\\\/\\\/redoma.com.br\\\/corporativo\\\/produto\\\/agenda-diaria-encadernada-capa-coordenada\\\/#primaryimage\"},\"image\":{\"@id\":\"https:\\\/\\\/redoma.com.br\\\/corporativo\\\/produto\\\/agenda-diaria-encadernada-capa-coordenada\\\/#primaryimage\"},\"thumbnailUrl\":\"https:\\\/\\\/redoma.com.br\\\/corporativo\\\/wp-content\\\/uploads\\\/2023\\\/04\\\/Modelo-C5-Lombada.png\",\"datePublished\":\"2023-04-17T14:07:55+00:00\",\"dateModified\":\"2025-07-03T14:43:18+00:00\",\"breadcrumb\":{\"@id\":\"https:\\\/\\\/redoma.com.br\\\/corporativo\\\/produto\\\/agenda-diaria-encadernada-capa-coordenada\\\/#breadcrumb\"},\"inLanguage\":\"pt-BR\",\"potentialAction\":[{\"@type\":\"ReadAction\",\"target\":[\"https:\\\/\\\/redoma.com.br\\\/corporativo\\\/produto\\\/agenda-diaria-encadernada-capa-coordenada\\\/\"]}]},{\"@type\":\"ImageObject\",\"inLanguage\":\"pt-BR\",\"@id\":\"https:\\\/\\\/redoma.com.br\\\/corporativo\\\/produto\\\/agenda-diaria-encadernada-capa-coordenada\\\/#primaryimage\",\"url\":\"https:\\\/\\\/redoma.com.br\\\/corporativo\\\/wp-content\\\/uploads\\\/2023\\\/04\\\/Modelo-C5-Lombada.png\",\"contentUrl\":\"https:\\\/\\\/redoma.com.br\\\/corporativo\\\/wp-content\\\/uploads\\\/2023\\\/04\\\/Modelo-C5-Lombada.png\",\"width\":1000,\"height\":1000},{\"@type\":\"BreadcrumbList\",\"@id\":\"https:\\\/\\\/redoma.com.br\\\/corporativo\\\/produto\\\/agenda-diaria-encadernada-capa-coordenada\\\/#breadcrumb\",\"itemListElement\":[{\"@type\":\"ListItem\",\"position\":1,\"name\":\"In\u00edcio\",\"item\":\"https:\\\/\\\/redoma.com.br\\\/corporativo\\\/\"},{\"@type\":\"ListItem\",\"position\":2,\"name\":\"Produtos\",\"item\":\"https:\\\/\\\/redoma.com.br\\\/corporativo\\\/produtos\\\/\"},{\"@type\":\"ListItem\",\"position\":3,\"name\":\"Agenda Di\u00e1ria Encadernada Capa Coordenada\"}]},{\"@type\":\"WebSite\",\"@id\":\"https:\\\/\\\/redoma.com.br\\\/corporativo\\\/#website\",\"url\":\"https:\\\/\\\/redoma.com.br\\\/corporativo\\\/\",\"name\":\"Redoma - Brindes Corporativos\",\"description\":\"Produzimos Agenda Personalizada, Calend\u00e1rio Financeiro, Planner Personalizado, Caderno Personalizado, Caderneta personalizada e mais\",\"potentialAction\":[{\"@type\":\"SearchAction\",\"target\":{\"@type\":\"EntryPoint\",\"urlTemplate\":\"https:\\\/\\\/redoma.com.br\\\/corporativo\\\/?s={search_term_string}\"},\"query-input\":{\"@type\":\"PropertyValueSpecification\",\"valueRequired\":true,\"valueName\":\"search_term_string\"}}],\"inLanguage\":\"pt-BR\"}]}<\/script>\n<!-- \/ Yoast SEO plugin. -->","yoast_head_json":{"title":"Agenda Di\u00e1ria Encadernada Capa Coordenada - Redoma - Brindes Corporativos","robots":{"index":"index","follow":"follow","max-snippet":"max-snippet:-1","max-image-preview":"max-image-preview:large","max-video-preview":"max-video-preview:-1"},"canonical":"https:\/\/redoma.com.br\/corporativo\/produto\/agenda-diaria-encadernada-capa-coordenada\/","og_locale":"pt_BR","og_type":"article","og_title":"Agenda Di\u00e1ria Encadernada Capa Coordenada - Redoma - Brindes Corporativos","og_description":"Combina\u00e7\u00e3o de revestimentos, cores e texturas.  Revestimentos: Linho e Vega.  &nbsp;  Solicite seu or\u00e7amento preenchendo o formul\u00e1rio a baixo:","og_url":"https:\/\/redoma.com.br\/corporativo\/produto\/agenda-diaria-encadernada-capa-coordenada\/","og_site_name":"Redoma - Brindes Corporativos","article_modified_time":"2025-07-03T14:43:18+00:00","og_image":[{"width":1000,"height":1000,"url":"https:\/\/redoma.com.br\/corporativo\/wp-content\/uploads\/2023\/04\/Modelo-C5-Lombada.png","type":"image\/png"}],"twitter_card":"summary_large_image","schema":{"@context":"https:\/\/schema.org","@graph":[{"@type":"WebPage","@id":"https:\/\/redoma.com.br\/corporativo\/produto\/agenda-diaria-encadernada-capa-coordenada\/","url":"https:\/\/redoma.com.br\/corporativo\/produto\/agenda-diaria-encadernada-capa-coordenada\/","name":"Agenda Di\u00e1ria Encadernada Capa Coordenada - Redoma - Brindes Corporativos","isPartOf":{"@id":"https:\/\/redoma.com.br\/corporativo\/#website"},"primaryImageOfPage":{"@id":"https:\/\/redoma.com.br\/corporativo\/produto\/agenda-diaria-encadernada-capa-coordenada\/#primaryimage"},"image":{"@id":"https:\/\/redoma.com.br\/corporativo\/produto\/agenda-diaria-encadernada-capa-coordenada\/#primaryimage"},"thumbnailUrl":"https:\/\/redoma.com.br\/corporativo\/wp-content\/uploads\/2023\/04\/Modelo-C5-Lombada.png","datePublished":"2023-04-17T14:07:55+00:00","dateModified":"2025-07-03T14:43:18+00:00","breadcrumb":{"@id":"https:\/\/redoma.com.br\/corporativo\/produto\/agenda-diaria-encadernada-capa-coordenada\/#breadcrumb"},"inLanguage":"pt-BR","potentialAction":[{"@type":"ReadAction","target":["https:\/\/redoma.com.br\/corporativo\/produto\/agenda-diaria-encadernada-capa-coordenada\/"]}]},{"@type":"ImageObject","inLanguage":"pt-BR","@id":"https:\/\/redoma.com.br\/corporativo\/produto\/agenda-diaria-encadernada-capa-coordenada\/#primaryimage","url":"https:\/\/redoma.com.br\/corporativo\/wp-content\/uploads\/2023\/04\/Modelo-C5-Lombada.png","contentUrl":"https:\/\/redoma.com.br\/corporativo\/wp-content\/uploads\/2023\/04\/Modelo-C5-Lombada.png","width":1000,"height":1000},{"@type":"BreadcrumbList","@id":"https:\/\/redoma.com.br\/corporativo\/produto\/agenda-diaria-encadernada-capa-coordenada\/#breadcrumb","itemListElement":[{"@type":"ListItem","position":1,"name":"In\u00edcio","item":"https:\/\/redoma.com.br\/corporativo\/"},{"@type":"ListItem","position":2,"name":"Produtos","item":"https:\/\/redoma.com.br\/corporativo\/produtos\/"},{"@type":"ListItem","position":3,"name":"Agenda Di\u00e1ria Encadernada Capa Coordenada"}]},{"@type":"WebSite","@id":"https:\/\/redoma.com.br\/corporativo\/#website","url":"https:\/\/redoma.com.br\/corporativo\/","name":"Redoma - Brindes Corporativos","description":"Produzimos Agenda Personalizada, Calend\u00e1rio Financeiro, Planner Personalizado, Caderno Personalizado, Caderneta personalizada e mais","potentialAction":[{"@type":"SearchAction","target":{"@type":"EntryPoint","urlTemplate":"https:\/\/redoma.com.br\/corporativo\/?s={search_term_string}"},"query-input":{"@type":"PropertyValueSpecification","valueRequired":true,"valueName":"search_term_string"}}],"inLanguage":"pt-BR"}]}},"_links":{"self":[{"href":"https:\/\/redoma.com.br\/corporativo\/wp-json\/wp\/v2\/product\/5376","targetHints":{"allow":["GET"]}}],"collection":[{"href":"https:\/\/redoma.com.br\/corporativo\/wp-json\/wp\/v2\/product"}],"about":[{"href":"https:\/\/redoma.com.br\/corporativo\/wp-json\/wp\/v2\/types\/product"}],"wp:featuredmedia":[{"embeddable":true,"href":"https:\/\/redoma.com.br\/corporativo\/wp-json\/wp\/v2\/media\/7165"}],"wp:attachment":[{"href":"https:\/\/redoma.com.br\/corporativo\/wp-json\/wp\/v2\/media?parent=5376"}],"wp:term":[{"taxonomy":"product_brand","embeddable":true,"href":"https:\/\/redoma.com.br\/corporativo\/wp-json\/wp\/v2\/product_brand?post=5376"},{"taxonomy":"product_cat","embeddable":true,"href":"https:\/\/redoma.com.br\/corporativo\/wp-json\/wp\/v2\/product_cat?post=5376"},{"taxonomy":"product_tag","embeddable":true,"href":"https:\/\/redoma.com.br\/corporativo\/wp-json\/wp\/v2\/product_tag?post=5376"}],"curies":[{"name":"wp","href":"https:\/\/api.w.org\/{rel}","templated":true}]}}

Agenda Diária Encadernada Capa Coordenada

<p>Combinação de revestimentos, cores e texturas.</p>
<p>Revestimentos: Linho e Vega.</p>
<p>&nbsp;</p>
<p><strong>Solicite seu orçamento preenchendo o formulário a baixo:</strong></p>

<!-- This site is optimized with the Yoast SEO plugin v27.4 - https://yoast.com/product/yoast-seo-wordpress/ -->
<title>Agenda Diária Encadernada Capa Coordenada - Redoma - Brindes Corporativos</title>
<meta name="robots" content="index, follow, max-snippet:-1, max-image-preview:large, max-video-preview:-1" />
<link rel="canonical" href="https://redoma.com.br/corporativo/produto/agenda-diaria-encadernada-capa-coordenada/" />
<meta property="og:locale" content="pt_BR" />
<meta property="og:type" content="article" />
<meta property="og:title" content="Agenda Diária Encadernada Capa Coordenada - Redoma - Brindes Corporativos" />
<meta property="og:description" content="Combinação de revestimentos, cores e texturas.  Revestimentos: Linho e Vega.  &nbsp;  Solicite seu orçamento preenchendo o formulário a baixo:" />
<meta property="og:url" content="https://redoma.com.br/corporativo/produto/agenda-diaria-encadernada-capa-coordenada/" />
<meta property="og:site_name" content="Redoma - Brindes Corporativos" />
<meta property="article:modified_time" content="2025-07-03T14:43:18+00:00" />
<meta property="og:image" content="https://redoma.com.br/corporativo/wp-content/uploads/2023/04/Modelo-C5-Lombada.png" />
	<meta property="og:image:width" content="1000" />
	<meta property="og:image:height" content="1000" />
	<meta property="og:image:type" content="image/png" />
<meta name="twitter:card" content="summary_large_image" />
<script type="application/ld+json" class="yoast-schema-graph">{"@context":"https:\/\/schema.org","@graph":[{"@type":"WebPage","@id":"https:\/\/redoma.com.br\/corporativo\/produto\/agenda-diaria-encadernada-capa-coordenada\/","url":"https:\/\/redoma.com.br\/corporativo\/produto\/agenda-diaria-encadernada-capa-coordenada\/","name":"Agenda Diária Encadernada Capa Coordenada - Redoma - Brindes Corporativos","isPartOf":{"@id":"https:\/\/redoma.com.br\/corporativo\/#website"},"primaryImageOfPage":{"@id":"https:\/\/redoma.com.br\/corporativo\/produto\/agenda-diaria-encadernada-capa-coordenada\/#primaryimage"},"image":{"@id":"https:\/\/redoma.com.br\/corporativo\/produto\/agenda-diaria-encadernada-capa-coordenada\/#primaryimage"},"thumbnailUrl":"https:\/\/redoma.com.br\/corporativo\/wp-content\/uploads\/2023\/04\/Modelo-C5-Lombada.png","datePublished":"2023-04-17T14:07:55+00:00","dateModified":"2025-07-03T14:43:18+00:00","breadcrumb":{"@id":"https:\/\/redoma.com.br\/corporativo\/produto\/agenda-diaria-encadernada-capa-coordenada\/#breadcrumb"},"inLanguage":"pt-BR","potentialAction":[{"@type":"ReadAction","target":["https:\/\/redoma.com.br\/corporativo\/produto\/agenda-diaria-encadernada-capa-coordenada\/"]}]},{"@type":"ImageObject","inLanguage":"pt-BR","@id":"https:\/\/redoma.com.br\/corporativo\/produto\/agenda-diaria-encadernada-capa-coordenada\/#primaryimage","url":"https:\/\/redoma.com.br\/corporativo\/wp-content\/uploads\/2023\/04\/Modelo-C5-Lombada.png","contentUrl":"https:\/\/redoma.com.br\/corporativo\/wp-content\/uploads\/2023\/04\/Modelo-C5-Lombada.png","width":1000,"height":1000},{"@type":"BreadcrumbList","@id":"https:\/\/redoma.com.br\/corporativo\/produto\/agenda-diaria-encadernada-capa-coordenada\/#breadcrumb","itemListElement":[{"@type":"ListItem","position":1,"name":"Início","item":"https:\/\/redoma.com.br\/corporativo\/"},{"@type":"ListItem","position":2,"name":"Produtos","item":"https:\/\/redoma.com.br\/corporativo\/produtos\/"},{"@type":"ListItem","position":3,"name":"Agenda Diária Encadernada Capa Coordenada"}]},{"@type":"WebSite","@id":"https:\/\/redoma.com.br\/corporativo\/#website","url":"https:\/\/redoma.com.br\/corporativo\/","name":"Redoma - Brindes Corporativos","description":"Produzimos Agenda Personalizada, Calendário Financeiro, Planner Personalizado, Caderno Personalizado, Caderneta personalizada e mais","potentialAction":[{"@type":"SearchAction","target":{"@type":"EntryPoint","urlTemplate":"https:\/\/redoma.com.br\/corporativo\/?s={search_term_string}"},"query-input":{"@type":"PropertyValueSpecification","valueRequired":true,"valueName":"search_term_string"}}],"inLanguage":"pt-BR"}]}</script>
<!-- / Yoast SEO plugin. -->

Agenda Diária Encadernada Capa Coordenada - Redoma - Brindes Corporativos

Combinação de revestimentos, cores e texturas.  Revestimentos: Linho e Vega.  &nbsp;  Solicite seu orçamento preenchendo o formulário a baixo:

Início

Produzimos Agenda Personalizada, Calendário Financeiro, Planner Personalizado, Caderno Personalizado, Caderneta personalizada e mais
