
{"id":5264,"date":"2023-03-24T12:48:04","date_gmt":"2023-03-24T15:48:04","guid":{"rendered":"https:\/\/redoma.com.br\/corporativo\/?post_type=product&#038;p=5264"},"modified":"2025-07-02T15:05:00","modified_gmt":"2025-07-02T18:05:00","slug":"ecobag-daily","status":"publish","type":"product","link":"https:\/\/redoma.com.br\/corporativo\/produto\/ecobag-daily\/","title":{"rendered":"EcoBag Daily"},"content":{"rendered":"<div style=\"width: 1200px;\" class=\"wp-video\"><video class=\"wp-video-shortcode\" id=\"video-5264-1\" width=\"1200\" height=\"675\" preload=\"metadata\" controls=\"controls\"><source type=\"video\/mp4\" src=\"https:\/\/redoma.com.br\/corporativo\/wp-content\/uploads\/2022\/05\/Kits.mp4?_=1\" \/><a href=\"https:\/\/redoma.com.br\/corporativo\/wp-content\/uploads\/2022\/05\/Kits.mp4\">https:\/\/redoma.com.br\/corporativo\/wp-content\/uploads\/2022\/05\/Kits.mp4<\/a><\/video><\/div>\n","protected":false},"excerpt":{"rendered":"<p><strong>KIT<br \/>\n<\/strong>Ideal para incrementar o seu Kit de produtos. \u00c9 poss\u00edvel divulgar sua marca em hamonia com o planeta.<\/p>\n<p>A sacola \u00e9 produzida em 100% algod\u00e3o cru 215g\/m2 ou algod\u00e3o lona 320g\/m2, ecol\u00f3gico, resistente e elegante.<br \/>\nTrama 20 x 20 proporcionando alta resist\u00eancia.<br \/>\nProduto nacional.<\/p>\n<p>&nbsp;<\/p>\n<p><strong>Tamanho:<\/strong>\u00a030 cm x 39 cm<br \/>\n<strong>Personaliza\u00e7\u00e3o:<\/strong>\u00a0at\u00e9 3 cores em silk screen<br \/>\n<strong>\u00c1rea m\u00e1xima:<\/strong>\u00a028 cm x 35 cm<br \/>\n<strong>Al\u00e7as tran\u00e7adas:<\/strong>\u00a060 x 2,5 cm<\/p>\n<p>&nbsp;<\/p>\n<p><strong>Solicite seu or\u00e7amento preenchendo o formul\u00e1rio a baixo:<\/strong><\/p>\n","protected":false},"featured_media":7143,"template":"","meta":[],"product_brand":[],"product_cat":[79,412,97,22],"product_tag":[],"class_list":{"0":"post-5264","1":"product","2":"type-product","3":"status-publish","4":"has-post-thumbnail","6":"product_cat-colecoes","7":"product_cat-ecobag-daily","8":"product_cat-kits","9":"product_cat-produtos-em-destaque","10":"description-off","12":"first","13":"instock","14":"shipping-taxable","15":"purchasable","16":"product-type-simple"},"yoast_head":"<!-- This site is optimized with the Yoast SEO plugin v27.4 - https:\/\/yoast.com\/product\/yoast-seo-wordpress\/ -->\n<title>EcoBag Daily - Redoma - Brindes Corporativos<\/title>\n<meta name=\"robots\" content=\"index, follow, max-snippet:-1, max-image-preview:large, max-video-preview:-1\" \/>\n<link rel=\"canonical\" href=\"https:\/\/redoma.com.br\/corporativo\/produto\/ecobag-daily\/\" \/>\n<meta property=\"og:locale\" content=\"pt_BR\" \/>\n<meta property=\"og:type\" content=\"article\" \/>\n<meta property=\"og:title\" content=\"EcoBag Daily - Redoma - Brindes Corporativos\" \/>\n<meta property=\"og:description\" content=\"KIT Ideal para incrementar o seu Kit de produtos. \u00c9 poss\u00edvel divulgar sua marca em hamonia com o planeta.  A sacola \u00e9 produzida em 100% algod\u00e3o cru 215g\/m2 ou algod\u00e3o lona 320g\/m2, ecol\u00f3gico, resistente e elegante. Trama 20 x 20 proporcionando alta resist\u00eancia. Produto nacional.  &nbsp;  Tamanho:\u00a030 cm x 39 cm Personaliza\u00e7\u00e3o:\u00a0at\u00e9 3 cores em silk screen \u00c1rea m\u00e1xima:\u00a028 cm x 35 cm Al\u00e7as tran\u00e7adas:\u00a060 x 2,5 cm  &nbsp;  Solicite seu or\u00e7amento preenchendo o formul\u00e1rio a baixo:\" \/>\n<meta property=\"og:url\" content=\"https:\/\/redoma.com.br\/corporativo\/produto\/ecobag-daily\/\" \/>\n<meta property=\"og:site_name\" content=\"Redoma - Brindes Corporativos\" \/>\n<meta property=\"article:modified_time\" content=\"2025-07-02T18:05:00+00:00\" \/>\n<meta property=\"og:image\" content=\"https:\/\/redoma.com.br\/corporativo\/wp-content\/uploads\/2023\/03\/ECO-BAG-1.png\" \/>\n\t<meta property=\"og:image:width\" content=\"1001\" \/>\n\t<meta property=\"og:image:height\" content=\"1001\" \/>\n\t<meta property=\"og:image:type\" content=\"image\/png\" \/>\n<meta name=\"twitter:card\" content=\"summary_large_image\" \/>\n<meta name=\"twitter:label1\" content=\"Est. tempo de leitura\" \/>\n\t<meta name=\"twitter:data1\" content=\"1 minuto\" \/>\n<script type=\"application\/ld+json\" class=\"yoast-schema-graph\">{\"@context\":\"https:\\\/\\\/schema.org\",\"@graph\":[{\"@type\":\"WebPage\",\"@id\":\"https:\\\/\\\/redoma.com.br\\\/corporativo\\\/produto\\\/ecobag-daily\\\/\",\"url\":\"https:\\\/\\\/redoma.com.br\\\/corporativo\\\/produto\\\/ecobag-daily\\\/\",\"name\":\"EcoBag Daily - Redoma - Brindes Corporativos\",\"isPartOf\":{\"@id\":\"https:\\\/\\\/redoma.com.br\\\/corporativo\\\/#website\"},\"primaryImageOfPage\":{\"@id\":\"https:\\\/\\\/redoma.com.br\\\/corporativo\\\/produto\\\/ecobag-daily\\\/#primaryimage\"},\"image\":{\"@id\":\"https:\\\/\\\/redoma.com.br\\\/corporativo\\\/produto\\\/ecobag-daily\\\/#primaryimage\"},\"thumbnailUrl\":\"https:\\\/\\\/redoma.com.br\\\/corporativo\\\/wp-content\\\/uploads\\\/2023\\\/03\\\/ECO-BAG-1.png\",\"datePublished\":\"2023-03-24T15:48:04+00:00\",\"dateModified\":\"2025-07-02T18:05:00+00:00\",\"breadcrumb\":{\"@id\":\"https:\\\/\\\/redoma.com.br\\\/corporativo\\\/produto\\\/ecobag-daily\\\/#breadcrumb\"},\"inLanguage\":\"pt-BR\",\"potentialAction\":[{\"@type\":\"ReadAction\",\"target\":[\"https:\\\/\\\/redoma.com.br\\\/corporativo\\\/produto\\\/ecobag-daily\\\/\"]}]},{\"@type\":\"ImageObject\",\"inLanguage\":\"pt-BR\",\"@id\":\"https:\\\/\\\/redoma.com.br\\\/corporativo\\\/produto\\\/ecobag-daily\\\/#primaryimage\",\"url\":\"https:\\\/\\\/redoma.com.br\\\/corporativo\\\/wp-content\\\/uploads\\\/2023\\\/03\\\/ECO-BAG-1.png\",\"contentUrl\":\"https:\\\/\\\/redoma.com.br\\\/corporativo\\\/wp-content\\\/uploads\\\/2023\\\/03\\\/ECO-BAG-1.png\",\"width\":1001,\"height\":1001},{\"@type\":\"BreadcrumbList\",\"@id\":\"https:\\\/\\\/redoma.com.br\\\/corporativo\\\/produto\\\/ecobag-daily\\\/#breadcrumb\",\"itemListElement\":[{\"@type\":\"ListItem\",\"position\":1,\"name\":\"In\u00edcio\",\"item\":\"https:\\\/\\\/redoma.com.br\\\/corporativo\\\/\"},{\"@type\":\"ListItem\",\"position\":2,\"name\":\"Produtos\",\"item\":\"https:\\\/\\\/redoma.com.br\\\/corporativo\\\/produtos\\\/\"},{\"@type\":\"ListItem\",\"position\":3,\"name\":\"EcoBag Daily\"}]},{\"@type\":\"WebSite\",\"@id\":\"https:\\\/\\\/redoma.com.br\\\/corporativo\\\/#website\",\"url\":\"https:\\\/\\\/redoma.com.br\\\/corporativo\\\/\",\"name\":\"Redoma - Brindes Corporativos\",\"description\":\"Produzimos Agenda Personalizada, Calend\u00e1rio Financeiro, Planner Personalizado, Caderno Personalizado, Caderneta personalizada e mais\",\"potentialAction\":[{\"@type\":\"SearchAction\",\"target\":{\"@type\":\"EntryPoint\",\"urlTemplate\":\"https:\\\/\\\/redoma.com.br\\\/corporativo\\\/?s={search_term_string}\"},\"query-input\":{\"@type\":\"PropertyValueSpecification\",\"valueRequired\":true,\"valueName\":\"search_term_string\"}}],\"inLanguage\":\"pt-BR\"}]}<\/script>\n<!-- \/ Yoast SEO plugin. -->","yoast_head_json":{"title":"EcoBag Daily - Redoma - Brindes Corporativos","robots":{"index":"index","follow":"follow","max-snippet":"max-snippet:-1","max-image-preview":"max-image-preview:large","max-video-preview":"max-video-preview:-1"},"canonical":"https:\/\/redoma.com.br\/corporativo\/produto\/ecobag-daily\/","og_locale":"pt_BR","og_type":"article","og_title":"EcoBag Daily - Redoma - Brindes Corporativos","og_description":"KIT Ideal para incrementar o seu Kit de produtos. \u00c9 poss\u00edvel divulgar sua marca em hamonia com o planeta.  A sacola \u00e9 produzida em 100% algod\u00e3o cru 215g\/m2 ou algod\u00e3o lona 320g\/m2, ecol\u00f3gico, resistente e elegante. Trama 20 x 20 proporcionando alta resist\u00eancia. Produto nacional.  &nbsp;  Tamanho:\u00a030 cm x 39 cm Personaliza\u00e7\u00e3o:\u00a0at\u00e9 3 cores em silk screen \u00c1rea m\u00e1xima:\u00a028 cm x 35 cm Al\u00e7as tran\u00e7adas:\u00a060 x 2,5 cm  &nbsp;  Solicite seu or\u00e7amento preenchendo o formul\u00e1rio a baixo:","og_url":"https:\/\/redoma.com.br\/corporativo\/produto\/ecobag-daily\/","og_site_name":"Redoma - Brindes Corporativos","article_modified_time":"2025-07-02T18:05:00+00:00","og_image":[{"width":1001,"height":1001,"url":"https:\/\/redoma.com.br\/corporativo\/wp-content\/uploads\/2023\/03\/ECO-BAG-1.png","type":"image\/png"}],"twitter_card":"summary_large_image","twitter_misc":{"Est. tempo de leitura":"1 minuto"},"schema":{"@context":"https:\/\/schema.org","@graph":[{"@type":"WebPage","@id":"https:\/\/redoma.com.br\/corporativo\/produto\/ecobag-daily\/","url":"https:\/\/redoma.com.br\/corporativo\/produto\/ecobag-daily\/","name":"EcoBag Daily - Redoma - Brindes Corporativos","isPartOf":{"@id":"https:\/\/redoma.com.br\/corporativo\/#website"},"primaryImageOfPage":{"@id":"https:\/\/redoma.com.br\/corporativo\/produto\/ecobag-daily\/#primaryimage"},"image":{"@id":"https:\/\/redoma.com.br\/corporativo\/produto\/ecobag-daily\/#primaryimage"},"thumbnailUrl":"https:\/\/redoma.com.br\/corporativo\/wp-content\/uploads\/2023\/03\/ECO-BAG-1.png","datePublished":"2023-03-24T15:48:04+00:00","dateModified":"2025-07-02T18:05:00+00:00","breadcrumb":{"@id":"https:\/\/redoma.com.br\/corporativo\/produto\/ecobag-daily\/#breadcrumb"},"inLanguage":"pt-BR","potentialAction":[{"@type":"ReadAction","target":["https:\/\/redoma.com.br\/corporativo\/produto\/ecobag-daily\/"]}]},{"@type":"ImageObject","inLanguage":"pt-BR","@id":"https:\/\/redoma.com.br\/corporativo\/produto\/ecobag-daily\/#primaryimage","url":"https:\/\/redoma.com.br\/corporativo\/wp-content\/uploads\/2023\/03\/ECO-BAG-1.png","contentUrl":"https:\/\/redoma.com.br\/corporativo\/wp-content\/uploads\/2023\/03\/ECO-BAG-1.png","width":1001,"height":1001},{"@type":"BreadcrumbList","@id":"https:\/\/redoma.com.br\/corporativo\/produto\/ecobag-daily\/#breadcrumb","itemListElement":[{"@type":"ListItem","position":1,"name":"In\u00edcio","item":"https:\/\/redoma.com.br\/corporativo\/"},{"@type":"ListItem","position":2,"name":"Produtos","item":"https:\/\/redoma.com.br\/corporativo\/produtos\/"},{"@type":"ListItem","position":3,"name":"EcoBag Daily"}]},{"@type":"WebSite","@id":"https:\/\/redoma.com.br\/corporativo\/#website","url":"https:\/\/redoma.com.br\/corporativo\/","name":"Redoma - Brindes Corporativos","description":"Produzimos Agenda Personalizada, Calend\u00e1rio Financeiro, Planner Personalizado, Caderno Personalizado, Caderneta personalizada e mais","potentialAction":[{"@type":"SearchAction","target":{"@type":"EntryPoint","urlTemplate":"https:\/\/redoma.com.br\/corporativo\/?s={search_term_string}"},"query-input":{"@type":"PropertyValueSpecification","valueRequired":true,"valueName":"search_term_string"}}],"inLanguage":"pt-BR"}]}},"_links":{"self":[{"href":"https:\/\/redoma.com.br\/corporativo\/wp-json\/wp\/v2\/product\/5264","targetHints":{"allow":["GET"]}}],"collection":[{"href":"https:\/\/redoma.com.br\/corporativo\/wp-json\/wp\/v2\/product"}],"about":[{"href":"https:\/\/redoma.com.br\/corporativo\/wp-json\/wp\/v2\/types\/product"}],"wp:featuredmedia":[{"embeddable":true,"href":"https:\/\/redoma.com.br\/corporativo\/wp-json\/wp\/v2\/media\/7143"}],"wp:attachment":[{"href":"https:\/\/redoma.com.br\/corporativo\/wp-json\/wp\/v2\/media?parent=5264"}],"wp:term":[{"taxonomy":"product_brand","embeddable":true,"href":"https:\/\/redoma.com.br\/corporativo\/wp-json\/wp\/v2\/product_brand?post=5264"},{"taxonomy":"product_cat","embeddable":true,"href":"https:\/\/redoma.com.br\/corporativo\/wp-json\/wp\/v2\/product_cat?post=5264"},{"taxonomy":"product_tag","embeddable":true,"href":"https:\/\/redoma.com.br\/corporativo\/wp-json\/wp\/v2\/product_tag?post=5264"}],"curies":[{"name":"wp","href":"https:\/\/api.w.org\/{rel}","templated":true}]}}