
{"id":519,"date":"2021-04-27T12:24:32","date_gmt":"2021-04-27T15:24:32","guid":{"rendered":"http:\/\/novo.redoma.com.br\/?post_type=product&#038;p=519"},"modified":"2026-04-27T16:12:10","modified_gmt":"2026-04-27T19:12:10","slug":"calendario-financeiro","status":"publish","type":"product","link":"https:\/\/redoma.com.br\/corporativo\/produto\/calendario-financeiro\/","title":{"rendered":"Calend\u00e1rio Financeiro"},"content":{"rendered":"<div style=\"width: 1200px;\" class=\"wp-video\"><video class=\"wp-video-shortcode\" id=\"video-519-1\" width=\"1200\" height=\"675\" preload=\"metadata\" controls=\"controls\"><source type=\"video\/mp4\" src=\"https:\/\/redoma.com.br\/corporativo\/wp-content\/uploads\/2022\/04\/calendarios-INSTITUCIONAL.mp4?_=1\" \/><a href=\"https:\/\/redoma.com.br\/corporativo\/wp-content\/uploads\/2022\/04\/calendarios-INSTITUCIONAL.mp4\">https:\/\/redoma.com.br\/corporativo\/wp-content\/uploads\/2022\/04\/calendarios-INSTITUCIONAL.mp4<\/a><\/video><\/div>\n","protected":false},"excerpt":{"rendered":"<p><strong>C\u00e1lculo r\u00e1pido e pr\u00e1tico de dias \u00fateis e corridos. Conhecido como Calend\u00e1rio Redoma financeira 2024. Se mantenha organizado.<\/strong><\/p>\n<p>Dispon\u00edvel no tamanho 11,7 x 17,5 cm<br \/>\n540 p\u00e1ginas \/ 270 folhas<br \/>\nimpressas em cinza e vermelho<br \/>\nno papel off set branco<\/p>\n<p><strong>Personaliza\u00e7\u00e3o com 2 ou 4 cores (acima de 300 unidades)<\/strong><\/p>\n<p>&nbsp;<\/p>\n<p><strong>Solicite seu or\u00e7amento preenchendo o formul\u00e1rio a baixo:<\/strong><\/p>\n","protected":false},"featured_media":8684,"template":"","meta":[],"product_brand":[],"product_cat":[264,77],"product_tag":[],"class_list":{"0":"post-519","1":"product","2":"type-product","3":"status-publish","4":"has-post-thumbnail","6":"product_cat-calendario-financeiro","7":"product_cat-calendarios","8":"pa_personalizacao-calendario-1-cor","9":"pa_personalizacao-calendario-2-cores","10":"pa_personalizacao-calendario-3-cores","11":"pa_personalizacao-calendario-4-cores","12":"description-off","14":"first","15":"instock","16":"shipping-taxable","17":"purchasable","18":"product-type-simple"},"yoast_head":"<!-- This site is optimized with the Yoast SEO plugin v27.4 - https:\/\/yoast.com\/product\/yoast-seo-wordpress\/ -->\n<title>Calend\u00e1rio Financeiro - Redoma - Brindes Corporativos<\/title>\n<meta name=\"description\" content=\"C\u00e1lculo r\u00e1pido e pr\u00e1tico de dias \u00fateis e corridos. Conhecido como Calend\u00e1rio Redoma financeira 2024. Se mantenha organizado.\" \/>\n<meta name=\"robots\" content=\"index, follow, max-snippet:-1, max-image-preview:large, max-video-preview:-1\" \/>\n<link rel=\"canonical\" href=\"https:\/\/redoma.com.br\/corporativo\/produto\/calendario-financeiro\/\" \/>\n<meta property=\"og:locale\" content=\"pt_BR\" \/>\n<meta property=\"og:type\" content=\"article\" \/>\n<meta property=\"og:title\" content=\"Calend\u00e1rio Financeiro - Redoma - Brindes Corporativos\" \/>\n<meta property=\"og:description\" content=\"C\u00e1lculo r\u00e1pido e pr\u00e1tico de dias \u00fateis e corridos. Conhecido como Calend\u00e1rio Redoma financeira 2024. Se mantenha organizado.\" \/>\n<meta property=\"og:url\" content=\"https:\/\/redoma.com.br\/corporativo\/produto\/calendario-financeiro\/\" \/>\n<meta property=\"og:site_name\" content=\"Redoma - Brindes Corporativos\" \/>\n<meta property=\"article:modified_time\" content=\"2026-04-27T19:12:10+00:00\" \/>\n<meta property=\"og:image\" content=\"https:\/\/redoma.com.br\/corporativo\/wp-content\/uploads\/2021\/04\/financeiro_27_02.png\" \/>\n\t<meta property=\"og:image:width\" content=\"1000\" \/>\n\t<meta property=\"og:image:height\" content=\"1000\" \/>\n\t<meta property=\"og:image:type\" content=\"image\/png\" \/>\n<meta name=\"twitter:card\" content=\"summary_large_image\" \/>\n<meta name=\"twitter:label1\" content=\"Est. tempo de leitura\" \/>\n\t<meta name=\"twitter:data1\" content=\"1 minuto\" \/>\n<script type=\"application\/ld+json\" class=\"yoast-schema-graph\">{\"@context\":\"https:\\\/\\\/schema.org\",\"@graph\":[{\"@type\":\"WebPage\",\"@id\":\"https:\\\/\\\/redoma.com.br\\\/corporativo\\\/produto\\\/calendario-financeiro\\\/\",\"url\":\"https:\\\/\\\/redoma.com.br\\\/corporativo\\\/produto\\\/calendario-financeiro\\\/\",\"name\":\"Calend\u00e1rio Financeiro - Redoma - Brindes Corporativos\",\"isPartOf\":{\"@id\":\"https:\\\/\\\/redoma.com.br\\\/corporativo\\\/#website\"},\"primaryImageOfPage\":{\"@id\":\"https:\\\/\\\/redoma.com.br\\\/corporativo\\\/produto\\\/calendario-financeiro\\\/#primaryimage\"},\"image\":{\"@id\":\"https:\\\/\\\/redoma.com.br\\\/corporativo\\\/produto\\\/calendario-financeiro\\\/#primaryimage\"},\"thumbnailUrl\":\"https:\\\/\\\/redoma.com.br\\\/corporativo\\\/wp-content\\\/uploads\\\/2021\\\/04\\\/financeiro_27_02.png\",\"datePublished\":\"2021-04-27T15:24:32+00:00\",\"dateModified\":\"2026-04-27T19:12:10+00:00\",\"description\":\"C\u00e1lculo r\u00e1pido e pr\u00e1tico de dias \u00fateis e corridos. Conhecido como Calend\u00e1rio Redoma financeira 2024. Se mantenha organizado.\",\"breadcrumb\":{\"@id\":\"https:\\\/\\\/redoma.com.br\\\/corporativo\\\/produto\\\/calendario-financeiro\\\/#breadcrumb\"},\"inLanguage\":\"pt-BR\",\"potentialAction\":[{\"@type\":\"ReadAction\",\"target\":[\"https:\\\/\\\/redoma.com.br\\\/corporativo\\\/produto\\\/calendario-financeiro\\\/\"]}]},{\"@type\":\"ImageObject\",\"inLanguage\":\"pt-BR\",\"@id\":\"https:\\\/\\\/redoma.com.br\\\/corporativo\\\/produto\\\/calendario-financeiro\\\/#primaryimage\",\"url\":\"https:\\\/\\\/redoma.com.br\\\/corporativo\\\/wp-content\\\/uploads\\\/2021\\\/04\\\/financeiro_27_02.png\",\"contentUrl\":\"https:\\\/\\\/redoma.com.br\\\/corporativo\\\/wp-content\\\/uploads\\\/2021\\\/04\\\/financeiro_27_02.png\",\"width\":1000,\"height\":1000},{\"@type\":\"BreadcrumbList\",\"@id\":\"https:\\\/\\\/redoma.com.br\\\/corporativo\\\/produto\\\/calendario-financeiro\\\/#breadcrumb\",\"itemListElement\":[{\"@type\":\"ListItem\",\"position\":1,\"name\":\"In\u00edcio\",\"item\":\"https:\\\/\\\/redoma.com.br\\\/corporativo\\\/\"},{\"@type\":\"ListItem\",\"position\":2,\"name\":\"Produtos\",\"item\":\"https:\\\/\\\/redoma.com.br\\\/corporativo\\\/produtos\\\/\"},{\"@type\":\"ListItem\",\"position\":3,\"name\":\"Calend\u00e1rio Financeiro\"}]},{\"@type\":\"WebSite\",\"@id\":\"https:\\\/\\\/redoma.com.br\\\/corporativo\\\/#website\",\"url\":\"https:\\\/\\\/redoma.com.br\\\/corporativo\\\/\",\"name\":\"Redoma - Brindes Corporativos\",\"description\":\"Produzimos Agenda Personalizada, Calend\u00e1rio Financeiro, Planner Personalizado, Caderno Personalizado, Caderneta personalizada e mais\",\"potentialAction\":[{\"@type\":\"SearchAction\",\"target\":{\"@type\":\"EntryPoint\",\"urlTemplate\":\"https:\\\/\\\/redoma.com.br\\\/corporativo\\\/?s={search_term_string}\"},\"query-input\":{\"@type\":\"PropertyValueSpecification\",\"valueRequired\":true,\"valueName\":\"search_term_string\"}}],\"inLanguage\":\"pt-BR\"}]}<\/script>\n<!-- \/ Yoast SEO plugin. -->","yoast_head_json":{"title":"Calend\u00e1rio Financeiro - Redoma - Brindes Corporativos","description":"C\u00e1lculo r\u00e1pido e pr\u00e1tico de dias \u00fateis e corridos. Conhecido como Calend\u00e1rio Redoma financeira 2024. Se mantenha organizado.","robots":{"index":"index","follow":"follow","max-snippet":"max-snippet:-1","max-image-preview":"max-image-preview:large","max-video-preview":"max-video-preview:-1"},"canonical":"https:\/\/redoma.com.br\/corporativo\/produto\/calendario-financeiro\/","og_locale":"pt_BR","og_type":"article","og_title":"Calend\u00e1rio Financeiro - Redoma - Brindes Corporativos","og_description":"C\u00e1lculo r\u00e1pido e pr\u00e1tico de dias \u00fateis e corridos. Conhecido como Calend\u00e1rio Redoma financeira 2024. Se mantenha organizado.","og_url":"https:\/\/redoma.com.br\/corporativo\/produto\/calendario-financeiro\/","og_site_name":"Redoma - Brindes Corporativos","article_modified_time":"2026-04-27T19:12:10+00:00","og_image":[{"width":1000,"height":1000,"url":"https:\/\/redoma.com.br\/corporativo\/wp-content\/uploads\/2021\/04\/financeiro_27_02.png","type":"image\/png"}],"twitter_card":"summary_large_image","twitter_misc":{"Est. tempo de leitura":"1 minuto"},"schema":{"@context":"https:\/\/schema.org","@graph":[{"@type":"WebPage","@id":"https:\/\/redoma.com.br\/corporativo\/produto\/calendario-financeiro\/","url":"https:\/\/redoma.com.br\/corporativo\/produto\/calendario-financeiro\/","name":"Calend\u00e1rio Financeiro - Redoma - Brindes Corporativos","isPartOf":{"@id":"https:\/\/redoma.com.br\/corporativo\/#website"},"primaryImageOfPage":{"@id":"https:\/\/redoma.com.br\/corporativo\/produto\/calendario-financeiro\/#primaryimage"},"image":{"@id":"https:\/\/redoma.com.br\/corporativo\/produto\/calendario-financeiro\/#primaryimage"},"thumbnailUrl":"https:\/\/redoma.com.br\/corporativo\/wp-content\/uploads\/2021\/04\/financeiro_27_02.png","datePublished":"2021-04-27T15:24:32+00:00","dateModified":"2026-04-27T19:12:10+00:00","description":"C\u00e1lculo r\u00e1pido e pr\u00e1tico de dias \u00fateis e corridos. Conhecido como Calend\u00e1rio Redoma financeira 2024. Se mantenha organizado.","breadcrumb":{"@id":"https:\/\/redoma.com.br\/corporativo\/produto\/calendario-financeiro\/#breadcrumb"},"inLanguage":"pt-BR","potentialAction":[{"@type":"ReadAction","target":["https:\/\/redoma.com.br\/corporativo\/produto\/calendario-financeiro\/"]}]},{"@type":"ImageObject","inLanguage":"pt-BR","@id":"https:\/\/redoma.com.br\/corporativo\/produto\/calendario-financeiro\/#primaryimage","url":"https:\/\/redoma.com.br\/corporativo\/wp-content\/uploads\/2021\/04\/financeiro_27_02.png","contentUrl":"https:\/\/redoma.com.br\/corporativo\/wp-content\/uploads\/2021\/04\/financeiro_27_02.png","width":1000,"height":1000},{"@type":"BreadcrumbList","@id":"https:\/\/redoma.com.br\/corporativo\/produto\/calendario-financeiro\/#breadcrumb","itemListElement":[{"@type":"ListItem","position":1,"name":"In\u00edcio","item":"https:\/\/redoma.com.br\/corporativo\/"},{"@type":"ListItem","position":2,"name":"Produtos","item":"https:\/\/redoma.com.br\/corporativo\/produtos\/"},{"@type":"ListItem","position":3,"name":"Calend\u00e1rio Financeiro"}]},{"@type":"WebSite","@id":"https:\/\/redoma.com.br\/corporativo\/#website","url":"https:\/\/redoma.com.br\/corporativo\/","name":"Redoma - Brindes Corporativos","description":"Produzimos Agenda Personalizada, Calend\u00e1rio Financeiro, Planner Personalizado, Caderno Personalizado, Caderneta personalizada e mais","potentialAction":[{"@type":"SearchAction","target":{"@type":"EntryPoint","urlTemplate":"https:\/\/redoma.com.br\/corporativo\/?s={search_term_string}"},"query-input":{"@type":"PropertyValueSpecification","valueRequired":true,"valueName":"search_term_string"}}],"inLanguage":"pt-BR"}]}},"_links":{"self":[{"href":"https:\/\/redoma.com.br\/corporativo\/wp-json\/wp\/v2\/product\/519","targetHints":{"allow":["GET"]}}],"collection":[{"href":"https:\/\/redoma.com.br\/corporativo\/wp-json\/wp\/v2\/product"}],"about":[{"href":"https:\/\/redoma.com.br\/corporativo\/wp-json\/wp\/v2\/types\/product"}],"wp:featuredmedia":[{"embeddable":true,"href":"https:\/\/redoma.com.br\/corporativo\/wp-json\/wp\/v2\/media\/8684"}],"wp:attachment":[{"href":"https:\/\/redoma.com.br\/corporativo\/wp-json\/wp\/v2\/media?parent=519"}],"wp:term":[{"taxonomy":"product_brand","embeddable":true,"href":"https:\/\/redoma.com.br\/corporativo\/wp-json\/wp\/v2\/product_brand?post=519"},{"taxonomy":"product_cat","embeddable":true,"href":"https:\/\/redoma.com.br\/corporativo\/wp-json\/wp\/v2\/product_cat?post=519"},{"taxonomy":"product_tag","embeddable":true,"href":"https:\/\/redoma.com.br\/corporativo\/wp-json\/wp\/v2\/product_tag?post=519"}],"curies":[{"name":"wp","href":"https:\/\/api.w.org\/{rel}","templated":true}]}}