
{"id":5167,"date":"2023-03-23T14:22:06","date_gmt":"2023-03-23T17:22:06","guid":{"rendered":"https:\/\/redoma.com.br\/corporativo\/?post_type=product&#038;p=5167"},"modified":"2025-07-03T12:21:52","modified_gmt":"2025-07-03T15:21:52","slug":"caderneta-capa-mira","status":"publish","type":"product","link":"https:\/\/redoma.com.br\/corporativo\/produto\/caderneta-capa-mira\/","title":{"rendered":"Caderneta Capa Mira"},"content":{"rendered":"<div style=\"width: 1200px;\" class=\"wp-video\"><video class=\"wp-video-shortcode\" id=\"video-5167-1\" width=\"1200\" height=\"675\" preload=\"metadata\" controls=\"controls\"><source type=\"video\/mp4\" src=\"https:\/\/redoma.com.br\/corporativo\/wp-content\/uploads\/2023\/03\/SB-Notes-INSTITUCIONAL.mp4?_=1\" \/><a href=\"https:\/\/redoma.com.br\/corporativo\/wp-content\/uploads\/2023\/03\/SB-Notes-INSTITUCIONAL.mp4\">https:\/\/redoma.com.br\/corporativo\/wp-content\/uploads\/2023\/03\/SB-Notes-INSTITUCIONAL.mp4<\/a><\/video><\/div>\n","protected":false},"excerpt":{"rendered":"<p><strong>Classifica\u00e7\u00e3o:<\/strong> Revestimento Standard<\/p>\n<p>&nbsp;<\/p>\n<p>O revestimento Mira apresenta uma textura parecida com couro, elegante e sutil. Seu toque \u00e9 liso trazendo uma sensa\u00e7\u00e3o de suavidade prolongada. A grava\u00e7\u00e3o em hot stamping contrasta com as cores s\u00f3brias desse material.<\/p>\n<p>&nbsp;<\/p>\n<p><strong>Solicite seu or\u00e7amento preenchendo o formul\u00e1rio a baixo:<\/strong><\/p>\n","protected":false},"featured_media":7210,"template":"","meta":[],"product_brand":[],"product_cat":[75],"product_tag":[],"class_list":{"0":"post-5167","1":"product","2":"type-product","3":"status-publish","4":"has-post-thumbnail","6":"product_cat-cadernetas","7":"description-off","9":"first","10":"instock","11":"shipping-taxable","12":"purchasable","13":"product-type-variable"},"yoast_head":"<!-- This site is optimized with the Yoast SEO plugin v27.4 - https:\/\/yoast.com\/product\/yoast-seo-wordpress\/ -->\n<title>Caderneta Capa Mira - Redoma - Brindes Corporativos<\/title>\n<meta name=\"robots\" content=\"index, follow, max-snippet:-1, max-image-preview:large, max-video-preview:-1\" \/>\n<link rel=\"canonical\" href=\"https:\/\/redoma.com.br\/corporativo\/produto\/caderneta-capa-mira\/\" \/>\n<meta property=\"og:locale\" content=\"pt_BR\" \/>\n<meta property=\"og:type\" content=\"article\" \/>\n<meta property=\"og:title\" content=\"Caderneta Capa Mira - Redoma - Brindes Corporativos\" \/>\n<meta property=\"og:description\" content=\"Classifica\u00e7\u00e3o: Revestimento Standard  &nbsp;  O revestimento Mira apresenta uma textura parecida com couro, elegante e sutil. Seu toque \u00e9 liso trazendo uma sensa\u00e7\u00e3o de suavidade prolongada. A grava\u00e7\u00e3o em hot stamping contrasta com as cores s\u00f3brias desse material.  &nbsp;  Solicite seu or\u00e7amento preenchendo o formul\u00e1rio a baixo:\" \/>\n<meta property=\"og:url\" content=\"https:\/\/redoma.com.br\/corporativo\/produto\/caderneta-capa-mira\/\" \/>\n<meta property=\"og:site_name\" content=\"Redoma - Brindes Corporativos\" \/>\n<meta property=\"article:modified_time\" content=\"2025-07-03T15:21:52+00:00\" \/>\n<meta property=\"og:image\" content=\"https:\/\/redoma.com.br\/corporativo\/wp-content\/uploads\/2021\/05\/Mira-SB-26.png\" \/>\n\t<meta property=\"og:image:width\" content=\"1000\" \/>\n\t<meta property=\"og:image:height\" content=\"1000\" \/>\n\t<meta property=\"og:image:type\" content=\"image\/png\" \/>\n<meta name=\"twitter:card\" content=\"summary_large_image\" \/>\n<meta name=\"twitter:label1\" content=\"Est. tempo de leitura\" \/>\n\t<meta name=\"twitter:data1\" content=\"1 minuto\" \/>\n<script type=\"application\/ld+json\" class=\"yoast-schema-graph\">{\"@context\":\"https:\\\/\\\/schema.org\",\"@graph\":[{\"@type\":\"WebPage\",\"@id\":\"https:\\\/\\\/redoma.com.br\\\/corporativo\\\/produto\\\/caderneta-capa-mira\\\/\",\"url\":\"https:\\\/\\\/redoma.com.br\\\/corporativo\\\/produto\\\/caderneta-capa-mira\\\/\",\"name\":\"Caderneta Capa Mira - Redoma - Brindes Corporativos\",\"isPartOf\":{\"@id\":\"https:\\\/\\\/redoma.com.br\\\/corporativo\\\/#website\"},\"primaryImageOfPage\":{\"@id\":\"https:\\\/\\\/redoma.com.br\\\/corporativo\\\/produto\\\/caderneta-capa-mira\\\/#primaryimage\"},\"image\":{\"@id\":\"https:\\\/\\\/redoma.com.br\\\/corporativo\\\/produto\\\/caderneta-capa-mira\\\/#primaryimage\"},\"thumbnailUrl\":\"https:\\\/\\\/redoma.com.br\\\/corporativo\\\/wp-content\\\/uploads\\\/2021\\\/05\\\/Mira-SB-26.png\",\"datePublished\":\"2023-03-23T17:22:06+00:00\",\"dateModified\":\"2025-07-03T15:21:52+00:00\",\"breadcrumb\":{\"@id\":\"https:\\\/\\\/redoma.com.br\\\/corporativo\\\/produto\\\/caderneta-capa-mira\\\/#breadcrumb\"},\"inLanguage\":\"pt-BR\",\"potentialAction\":[{\"@type\":\"ReadAction\",\"target\":[\"https:\\\/\\\/redoma.com.br\\\/corporativo\\\/produto\\\/caderneta-capa-mira\\\/\"]}]},{\"@type\":\"ImageObject\",\"inLanguage\":\"pt-BR\",\"@id\":\"https:\\\/\\\/redoma.com.br\\\/corporativo\\\/produto\\\/caderneta-capa-mira\\\/#primaryimage\",\"url\":\"https:\\\/\\\/redoma.com.br\\\/corporativo\\\/wp-content\\\/uploads\\\/2021\\\/05\\\/Mira-SB-26.png\",\"contentUrl\":\"https:\\\/\\\/redoma.com.br\\\/corporativo\\\/wp-content\\\/uploads\\\/2021\\\/05\\\/Mira-SB-26.png\",\"width\":1000,\"height\":1000},{\"@type\":\"BreadcrumbList\",\"@id\":\"https:\\\/\\\/redoma.com.br\\\/corporativo\\\/produto\\\/caderneta-capa-mira\\\/#breadcrumb\",\"itemListElement\":[{\"@type\":\"ListItem\",\"position\":1,\"name\":\"In\u00edcio\",\"item\":\"https:\\\/\\\/redoma.com.br\\\/corporativo\\\/\"},{\"@type\":\"ListItem\",\"position\":2,\"name\":\"Produtos\",\"item\":\"https:\\\/\\\/redoma.com.br\\\/corporativo\\\/produtos\\\/\"},{\"@type\":\"ListItem\",\"position\":3,\"name\":\"Caderneta Capa Mira\"}]},{\"@type\":\"WebSite\",\"@id\":\"https:\\\/\\\/redoma.com.br\\\/corporativo\\\/#website\",\"url\":\"https:\\\/\\\/redoma.com.br\\\/corporativo\\\/\",\"name\":\"Redoma - Brindes Corporativos\",\"description\":\"Produzimos Agenda Personalizada, Calend\u00e1rio Financeiro, Planner Personalizado, Caderno Personalizado, Caderneta personalizada e mais\",\"potentialAction\":[{\"@type\":\"SearchAction\",\"target\":{\"@type\":\"EntryPoint\",\"urlTemplate\":\"https:\\\/\\\/redoma.com.br\\\/corporativo\\\/?s={search_term_string}\"},\"query-input\":{\"@type\":\"PropertyValueSpecification\",\"valueRequired\":true,\"valueName\":\"search_term_string\"}}],\"inLanguage\":\"pt-BR\"}]}<\/script>\n<!-- \/ Yoast SEO plugin. -->","yoast_head_json":{"title":"Caderneta Capa Mira - Redoma - Brindes Corporativos","robots":{"index":"index","follow":"follow","max-snippet":"max-snippet:-1","max-image-preview":"max-image-preview:large","max-video-preview":"max-video-preview:-1"},"canonical":"https:\/\/redoma.com.br\/corporativo\/produto\/caderneta-capa-mira\/","og_locale":"pt_BR","og_type":"article","og_title":"Caderneta Capa Mira - Redoma - Brindes Corporativos","og_description":"Classifica\u00e7\u00e3o: Revestimento Standard  &nbsp;  O revestimento Mira apresenta uma textura parecida com couro, elegante e sutil. Seu toque \u00e9 liso trazendo uma sensa\u00e7\u00e3o de suavidade prolongada. A grava\u00e7\u00e3o em hot stamping contrasta com as cores s\u00f3brias desse material.  &nbsp;  Solicite seu or\u00e7amento preenchendo o formul\u00e1rio a baixo:","og_url":"https:\/\/redoma.com.br\/corporativo\/produto\/caderneta-capa-mira\/","og_site_name":"Redoma - Brindes Corporativos","article_modified_time":"2025-07-03T15:21:52+00:00","og_image":[{"width":1000,"height":1000,"url":"https:\/\/redoma.com.br\/corporativo\/wp-content\/uploads\/2021\/05\/Mira-SB-26.png","type":"image\/png"}],"twitter_card":"summary_large_image","twitter_misc":{"Est. tempo de leitura":"1 minuto"},"schema":{"@context":"https:\/\/schema.org","@graph":[{"@type":"WebPage","@id":"https:\/\/redoma.com.br\/corporativo\/produto\/caderneta-capa-mira\/","url":"https:\/\/redoma.com.br\/corporativo\/produto\/caderneta-capa-mira\/","name":"Caderneta Capa Mira - Redoma - Brindes Corporativos","isPartOf":{"@id":"https:\/\/redoma.com.br\/corporativo\/#website"},"primaryImageOfPage":{"@id":"https:\/\/redoma.com.br\/corporativo\/produto\/caderneta-capa-mira\/#primaryimage"},"image":{"@id":"https:\/\/redoma.com.br\/corporativo\/produto\/caderneta-capa-mira\/#primaryimage"},"thumbnailUrl":"https:\/\/redoma.com.br\/corporativo\/wp-content\/uploads\/2021\/05\/Mira-SB-26.png","datePublished":"2023-03-23T17:22:06+00:00","dateModified":"2025-07-03T15:21:52+00:00","breadcrumb":{"@id":"https:\/\/redoma.com.br\/corporativo\/produto\/caderneta-capa-mira\/#breadcrumb"},"inLanguage":"pt-BR","potentialAction":[{"@type":"ReadAction","target":["https:\/\/redoma.com.br\/corporativo\/produto\/caderneta-capa-mira\/"]}]},{"@type":"ImageObject","inLanguage":"pt-BR","@id":"https:\/\/redoma.com.br\/corporativo\/produto\/caderneta-capa-mira\/#primaryimage","url":"https:\/\/redoma.com.br\/corporativo\/wp-content\/uploads\/2021\/05\/Mira-SB-26.png","contentUrl":"https:\/\/redoma.com.br\/corporativo\/wp-content\/uploads\/2021\/05\/Mira-SB-26.png","width":1000,"height":1000},{"@type":"BreadcrumbList","@id":"https:\/\/redoma.com.br\/corporativo\/produto\/caderneta-capa-mira\/#breadcrumb","itemListElement":[{"@type":"ListItem","position":1,"name":"In\u00edcio","item":"https:\/\/redoma.com.br\/corporativo\/"},{"@type":"ListItem","position":2,"name":"Produtos","item":"https:\/\/redoma.com.br\/corporativo\/produtos\/"},{"@type":"ListItem","position":3,"name":"Caderneta Capa Mira"}]},{"@type":"WebSite","@id":"https:\/\/redoma.com.br\/corporativo\/#website","url":"https:\/\/redoma.com.br\/corporativo\/","name":"Redoma - Brindes Corporativos","description":"Produzimos Agenda Personalizada, Calend\u00e1rio Financeiro, Planner Personalizado, Caderno Personalizado, Caderneta personalizada e mais","potentialAction":[{"@type":"SearchAction","target":{"@type":"EntryPoint","urlTemplate":"https:\/\/redoma.com.br\/corporativo\/?s={search_term_string}"},"query-input":{"@type":"PropertyValueSpecification","valueRequired":true,"valueName":"search_term_string"}}],"inLanguage":"pt-BR"}]}},"_links":{"self":[{"href":"https:\/\/redoma.com.br\/corporativo\/wp-json\/wp\/v2\/product\/5167","targetHints":{"allow":["GET"]}}],"collection":[{"href":"https:\/\/redoma.com.br\/corporativo\/wp-json\/wp\/v2\/product"}],"about":[{"href":"https:\/\/redoma.com.br\/corporativo\/wp-json\/wp\/v2\/types\/product"}],"wp:featuredmedia":[{"embeddable":true,"href":"https:\/\/redoma.com.br\/corporativo\/wp-json\/wp\/v2\/media\/7210"}],"wp:attachment":[{"href":"https:\/\/redoma.com.br\/corporativo\/wp-json\/wp\/v2\/media?parent=5167"}],"wp:term":[{"taxonomy":"product_brand","embeddable":true,"href":"https:\/\/redoma.com.br\/corporativo\/wp-json\/wp\/v2\/product_brand?post=5167"},{"taxonomy":"product_cat","embeddable":true,"href":"https:\/\/redoma.com.br\/corporativo\/wp-json\/wp\/v2\/product_cat?post=5167"},{"taxonomy":"product_tag","embeddable":true,"href":"https:\/\/redoma.com.br\/corporativo\/wp-json\/wp\/v2\/product_tag?post=5167"}],"curies":[{"name":"wp","href":"https:\/\/api.w.org\/{rel}","templated":true}]}}

<p><strong>Classificação:</strong> Revestimento Standard</p>
<p>&nbsp;</p>
<p>O revestimento Mira apresenta uma textura parecida com couro, elegante e sutil. Seu toque é liso trazendo uma sensação de suavidade prolongada. A gravação em hot stamping contrasta com as cores sóbrias desse material.</p>
<p>&nbsp;</p>
<p><strong>Solicite seu orçamento preenchendo o formulário a baixo:</strong></p>

<!-- This site is optimized with the Yoast SEO plugin v27.4 - https://yoast.com/product/yoast-seo-wordpress/ -->
<title>Caderneta Capa Mira - Redoma - Brindes Corporativos</title>
<meta name="robots" content="index, follow, max-snippet:-1, max-image-preview:large, max-video-preview:-1" />
<link rel="canonical" href="https://redoma.com.br/corporativo/produto/caderneta-capa-mira/" />
<meta property="og:locale" content="pt_BR" />
<meta property="og:type" content="article" />
<meta property="og:title" content="Caderneta Capa Mira - Redoma - Brindes Corporativos" />
<meta property="og:description" content="Classificação: Revestimento Standard  &nbsp;  O revestimento Mira apresenta uma textura parecida com couro, elegante e sutil. Seu toque é liso trazendo uma sensação de suavidade prolongada. A gravação em hot stamping contrasta com as cores sóbrias desse material.  &nbsp;  Solicite seu orçamento preenchendo o formulário a baixo:" />
<meta property="og:url" content="https://redoma.com.br/corporativo/produto/caderneta-capa-mira/" />
<meta property="og:site_name" content="Redoma - Brindes Corporativos" />
<meta property="article:modified_time" content="2025-07-03T15:21:52+00:00" />
<meta property="og:image" content="https://redoma.com.br/corporativo/wp-content/uploads/2021/05/Mira-SB-26.png" />
	<meta property="og:image:width" content="1000" />
	<meta property="og:image:height" content="1000" />
	<meta property="og:image:type" content="image/png" />
<meta name="twitter:card" content="summary_large_image" />
<meta name="twitter:label1" content="Est. tempo de leitura" />
	<meta name="twitter:data1" content="1 minuto" />
<script type="application/ld+json" class="yoast-schema-graph">{"@context":"https:\/\/schema.org","@graph":[{"@type":"WebPage","@id":"https:\/\/redoma.com.br\/corporativo\/produto\/caderneta-capa-mira\/","url":"https:\/\/redoma.com.br\/corporativo\/produto\/caderneta-capa-mira\/","name":"Caderneta Capa Mira - Redoma - Brindes Corporativos","isPartOf":{"@id":"https:\/\/redoma.com.br\/corporativo\/#website"},"primaryImageOfPage":{"@id":"https:\/\/redoma.com.br\/corporativo\/produto\/caderneta-capa-mira\/#primaryimage"},"image":{"@id":"https:\/\/redoma.com.br\/corporativo\/produto\/caderneta-capa-mira\/#primaryimage"},"thumbnailUrl":"https:\/\/redoma.com.br\/corporativo\/wp-content\/uploads\/2021\/05\/Mira-SB-26.png","datePublished":"2023-03-23T17:22:06+00:00","dateModified":"2025-07-03T15:21:52+00:00","breadcrumb":{"@id":"https:\/\/redoma.com.br\/corporativo\/produto\/caderneta-capa-mira\/#breadcrumb"},"inLanguage":"pt-BR","potentialAction":[{"@type":"ReadAction","target":["https:\/\/redoma.com.br\/corporativo\/produto\/caderneta-capa-mira\/"]}]},{"@type":"ImageObject","inLanguage":"pt-BR","@id":"https:\/\/redoma.com.br\/corporativo\/produto\/caderneta-capa-mira\/#primaryimage","url":"https:\/\/redoma.com.br\/corporativo\/wp-content\/uploads\/2021\/05\/Mira-SB-26.png","contentUrl":"https:\/\/redoma.com.br\/corporativo\/wp-content\/uploads\/2021\/05\/Mira-SB-26.png","width":1000,"height":1000},{"@type":"BreadcrumbList","@id":"https:\/\/redoma.com.br\/corporativo\/produto\/caderneta-capa-mira\/#breadcrumb","itemListElement":[{"@type":"ListItem","position":1,"name":"Início","item":"https:\/\/redoma.com.br\/corporativo\/"},{"@type":"ListItem","position":2,"name":"Produtos","item":"https:\/\/redoma.com.br\/corporativo\/produtos\/"},{"@type":"ListItem","position":3,"name":"Caderneta Capa Mira"}]},{"@type":"WebSite","@id":"https:\/\/redoma.com.br\/corporativo\/#website","url":"https:\/\/redoma.com.br\/corporativo\/","name":"Redoma - Brindes Corporativos","description":"Produzimos Agenda Personalizada, Calendário Financeiro, Planner Personalizado, Caderno Personalizado, Caderneta personalizada e mais","potentialAction":[{"@type":"SearchAction","target":{"@type":"EntryPoint","urlTemplate":"https:\/\/redoma.com.br\/corporativo\/?s={search_term_string}"},"query-input":{"@type":"PropertyValueSpecification","valueRequired":true,"valueName":"search_term_string"}}],"inLanguage":"pt-BR"}]}</script>
<!-- / Yoast SEO plugin. -->

Classificação: Revestimento Standard  &nbsp;  O revestimento Mira apresenta uma textura parecida com couro, elegante e sutil. Seu toque é liso trazendo uma sensação de suavidade prolongada. A gravação em hot stamping contrasta com as cores sóbrias desse material.  &nbsp;  Solicite seu orçamento preenchendo o formulário a baixo:

Início

Produzimos Agenda Personalizada, Calendário Financeiro, Planner Personalizado, Caderno Personalizado, Caderneta personalizada e mais
