
{"id":1996,"date":"2021-05-05T22:49:20","date_gmt":"2021-05-06T01:49:20","guid":{"rendered":"https:\/\/novo.redoma.com.br\/?page_id=1996"},"modified":"2021-05-05T22:49:20","modified_gmt":"2021-05-06T01:49:20","slug":"planner-personalizado","status":"publish","type":"page","link":"https:\/\/redoma.com.br\/corporativo\/informacoes\/planners\/planner-personalizado\/","title":{"rendered":"PLANNER PERSONALIZADO"},"content":{"rendered":"<div class=\"wpb-content-wrapper\"><p>[vc_row][vc_column][vc_column_text]<\/p>\n<h2 dir=\"ltr\">ONDE COMPRAR UM PLANNER PERSONALIZADO PARA SUA EMPRESA?<\/h2>\n<p dir=\"ltr\">Uma das especialidades da Redoma \u00e9 oferecer diversas op\u00e7\u00f5es de\u00a0planner personalizado para empresas\u00a0de qualquer segmento. Al\u00e9m das tradicionais agendas personalizadas, a procura pelos planners personalizados n\u00e3o datados cresceu nos \u00faltimos anos. Isso porque, al\u00e9m de serem usados pelas corpora\u00e7\u00f5es como estrat\u00e9gia de posicionamento de marca, com a possibilidade de personalizar e customizar de acordo com seu p\u00fablico e identidade visual, a validade do produto \u00e9 bem maior.<\/p>\n<h2 dir=\"ltr\">QUAIS S\u00c3O AS VANTAGENS DO PLANNER CORPORATIVO PERSONALIZADO?<\/h2>\n<p dir=\"ltr\">Com um planner personalizado, a empresa pode utilizar e presentear seus colaboradores em qualquer \u00e9poca do ano, j\u00e1 que n\u00e3o h\u00e1 limita\u00e7\u00e3o de data ou espa\u00e7o. Al\u00e9m do nome, logomarca e cores institucionais, as informa\u00e7\u00f5es escolhidas para serem impressas internamente podem respeitar o fluxo de trabalho de cada setor ou da empresa, como um todo, sendo ela pequena, m\u00e9dia ou se tratar de multinacionais.<\/p>\n<p dir=\"ltr\">Na maioria das vezes, as empresas encomendam \u00e0 Redoma cadernos ou planners personalizados de acordo com uma ideia desenvolvida pelos setores de RH e Marketing e escolhem os n\u00e3o datados, que s\u00e3o mais comuns quando se trata de planner e n\u00e3o agenda. Entre os detalhes mais procurados est\u00e3o: a coloca\u00e7\u00e3o de dicas relacionadas \u00e0 sa\u00fade e nutri\u00e7\u00e3o (como lembretes sobre tomar v\u00e1rios copos de \u00e1gua diariamente), atividade f\u00edsica, foco e frases motivacionais.<\/p>\n<p dir=\"ltr\">Costumam ser prefer\u00eancia das empresas, atualmente, os cadernos ou planners personalizados ou agendas permanentes (n\u00e3o datadas). Estes produtos personalizados levam os valores da empresa aos seus p\u00fablicos internos e externos e refor\u00e7am as a\u00e7\u00f5es ligadas \u00e0 sua miss\u00e3o e vis\u00e3o.<\/p>\n<h2 dir=\"ltr\">DIFERENCIAIS DA REDOMA<\/h2>\n<p dir=\"ltr\">Na Redoma, o planner corporativo personalizado \u00e9 feito de acordo com a capacidade de investimento de cada empresa, com a proposta da estrat\u00e9gia de comunica\u00e7\u00e3o.<\/p>\n<p dir=\"ltr\">O cat\u00e1logo virtual da Redoma, que pode ser acessado no site ou solicitado \u00e0 equipe de atendimento, apresenta todos os detalhes t\u00e9cnicos de cada caderno, planner ou agenda personalizada. O trabalho de arte, personaliza\u00e7\u00e3o, diagrama\u00e7\u00e3o, montagem da capa, entre outros conte\u00fados est\u00e9ticos s\u00e3o feitos pelo departamento de design da empresa contratante.<\/p>\n<p dir=\"ltr\">Os materiais s\u00e3o dur\u00e1veis, porque s\u00e3o produzidos com produtos de excelente qualidade e feitos com excelente tecnologia, se destacando pelo acabamento superior.<\/p>\n<p dir=\"ltr\">A escolha pela Redoma por parte das empresas na hora de comprar e encomendar o caderno ou planner personalizado se justifica, al\u00e9m da qualidade e diversidade de tipos, pela entrega mais r\u00e1pida do que o usual no mercado, que \u00e9 de 15 dias \u00fateis.<\/p>\n<p dir=\"ltr\">A Redoma \u00e9 conhecida pela credibilidade e seguran\u00e7a que oferece aos seus clientes. O combinado \u00e9 sempre cumprido.<\/p>\n<p dir=\"ltr\">A Redoma disponibiliza nove diferentes modelos e tipos de planner que podem ser escolhidos pelas empresas e personalizados pela Redoma.\u00a0Veja alguns exemplos diferentes e interessantes, sendo estes os mais procurados pelas empresas para uso em sua comunica\u00e7\u00e3o interna:<\/p>\n<h2><strong>Planner List<\/strong><\/h2>\n<p><img loading=\"lazy\" decoding=\"async\" src=\"https:\/\/lh3.googleusercontent.com\/FaIF8S334q9LlSNSSU78HtUqtSCsRJiSGhC4pF94W08-Gt6JMIOpECrpZwAkkRWBTAaHLXgcQwi8zlVkQjn-HMs33u7m_gNhtgGzhc4nDt3hIZSztMQdlmRcTwanlcUzaeYBgrxXWCQWQKpTPw\" width=\"185\" height=\"165\" \/><\/p>\n<p dir=\"ltr\">Compacto e elegante, este pode ser carregado na bolsa, no carro ou ficar na mesa do escrit\u00f3rio, de forma vis\u00edvel. Pouco maior que um celular, de um lado pode ser usado para as atividade di\u00e1rias, separadas pelos dias da semana; de outro, as anota\u00e7\u00f5es que voc\u00ea n\u00e3o pode esquecer durante essa semana.<\/p>\n<h2 dir=\"ltr\"><strong>Risque Planner<\/strong><\/h2>\n<p dir=\"ltr\"><img loading=\"lazy\" decoding=\"async\" src=\"https:\/\/lh6.googleusercontent.com\/S9mmsXBWtDJ4PQZ3VZcCrMYhF3L0bHXwoofPGmZ0qp1C76k0-qHiGhpW_Q8OnXrAcasGLSPRc0is7IEhcando_1dK50X3uHPjT99XG62L6_tF7eLNSCEBl2KLBB4E1GnuEiH6oXLZccd-PAxjg\" width=\"253\" height=\"203\" \/><\/p>\n<p dir=\"ltr\">Com formato daqueles risque rabisque, ele possui cada dia da semana, incluindo finais de semana e espa\u00e7o para anota\u00e7\u00f5es. Neste, o espa\u00e7o para atividades semanais \u00e9 maior do que os utilizados para as anota\u00e7\u00f5es. Diferente do Planner List, ele \u00e9 maior e \u00e9 indicado para a mesa de trabalho<\/p>\n<h2 dir=\"ltr\"><strong>Planner Flex<\/strong><\/h2>\n<p dir=\"ltr\"><img loading=\"lazy\" decoding=\"async\" src=\"https:\/\/lh3.googleusercontent.com\/8hGux7A2Ek9eRrH2sJP_dhog-9y0zvN24rZRiAJT6EgOyp-4uEucvIWYCDXnY-bOAmxX3SrK6iyfVfqlF5cVM4pugRvNBka23kn5XwT-A70j4W_Xfmyj3ukdvLu12Jot3WLh0YIomhhBl5tklg\" width=\"244\" height=\"225\" \/><\/p>\n<p dir=\"ltr\">Din\u00e2mico, multi formas de utilizar e bastante criativo, o planner flex vem com calend\u00e1rio anual na p\u00e1gina inteira e a semana toda dividida, para preencher as atividades di\u00e1rias. O interessante deste planner \u00e9 que voc\u00ea pode utiliz\u00e1-lo na mesa de trabalho ou em p\u00e9, no formato calend\u00e1rio, pois ele vem com suporte americano atr\u00e1s, como o usado em porta-retrato. Permite acrescentar folhas em branco para ser usado como risque rabisque.<\/p>\n<h2 dir=\"ltr\"><strong>Planner Day<\/strong><\/h2>\n<p dir=\"ltr\"><img loading=\"lazy\" decoding=\"async\" src=\"https:\/\/lh3.googleusercontent.com\/z6AxPnyYmG61zDgtEoPkeG-fuFnl8CTpDksDaqEilVbRtSBzH0x-rCf-shsNa6A94c1KCB_UJ59XiS2C8oRY0YXDvVuL3GzTk1hfMH8jEfxbdG2q2CtKSoUIwxeiuptXkrD07kmozqawyF2xqg\" width=\"195\" height=\"166\" \/><\/p>\n<p dir=\"ltr\">Mais utilizado que os demais pela maioria das empresas, de diversos segmentos, o planner day \u00e9 mais simples no dia a dia, pois tem formato de caderno ou agenda, mas n\u00e3o \u00e9 datado. Ent\u00e3o pode ser levado para reuni\u00f5es, para casa ou ficar na mesa para controlar todas as atividades. Este planner personalizado \u00e9 ideal para voc\u00ea inserir as informa\u00e7\u00f5es institucionais e da cultura organizacional da sua empresa.<\/p>\n<p dir=\"ltr\">Com tantas op\u00e7\u00f5es e modelos para escolha, \u00e9 poss\u00edvel ter ideias e criar um planner espec\u00edfico, que atenda a necessidade da sua empresa. Por isso o chamamos de planner personalizado, porque al\u00e9m da Redoma disponibilizar esta gama de produtos, ela ainda aceita as adapta\u00e7\u00f5es, sob encomenda, para contemplar cada cliente em sua necessidade.<\/p>\n<p dir=\"ltr\">O objetivo da Redoma \u00e9 o de fornecer o melhor material gr\u00e1fico para as empresas, para contribuir com a organiza\u00e7\u00e3o de cada colaborador e com a melhoria da comunica\u00e7\u00e3o interna, inclusive entre os times.<\/p>\n<p dir=\"ltr\">Com um planner ou agenda personalizada \u00e9 poss\u00edvel gerenciar melhor o tempo e cumprir prazos. Os processos agradecem e, assim, sobra tempo para a criatividade e proposta de novos projetos.<\/p>\n<h2 dir=\"ltr\">COMO OS PLANNERS PERSONALIZADOS S\u00c3O DESENVOLVIDOS?<\/h2>\n<p dir=\"ltr\">O projeto escolhido pela empresa, geralmente por meio do setor de RH ou Marketing, \u00e9 desenvolvido pela Redoma, respeitando todas as prefer\u00eancia e s\u00f3 ap\u00f3s validado e aprovado por meio de gabarito \u00e9 que entra para o processo de produ\u00e7\u00e3o.<\/p>\n<p dir=\"ltr\">Dessa forma, n\u00e3o h\u00e1 surpresas e o produto \u00e9 entregue, no prazo, quantidade, qualidade e design esperados pelo cliente, de acordo com seu segmento, que pode ser industrial, de tecnologia ou mesmo voltado \u00e0s consultorias e presta\u00e7\u00e3o de servi\u00e7os, como advocacia, contabilidade ou \u00e1rea de sa\u00fade.<\/p>\n<p dir=\"ltr\"><strong>Confira aqui todos os planners personalizados que a Redoma disponibiliza:\u00a0<\/strong><\/p>\n<p dir=\"ltr\"><a href=\"https:\/\/redoma.com.br\/corporativo\/informacoes\/planner\/produtos\/planners-personalizados\">https:\/\/redoma.com.br\/corporativo\/produtos\/planners-personalizados<\/a><\/p>\n<h2 dir=\"ltr\">Para saber mais sobre os Planners Personalizados Redoma, ligue para 11- 4448-7300 ou mande e-mail para: atendimento@redoma.com.br<\/h2>\n<p>[\/vc_column_text][\/vc_column][\/vc_row][vc_row][vc_column][vc_media_grid grid_id=&#8221;vc_gid:1620265743892-92224ea0-dc90-2&#8243; include=&#8221;1997&#8243;][\/vc_column][\/vc_row]<\/p>\n<\/div>","protected":false},"excerpt":{"rendered":"<p>[vc_row][vc_column][vc_column_text] ONDE COMPRAR UM PLANNER PERSONALIZADO PARA SUA EMPRESA? Uma das especialidades da Redoma \u00e9 oferecer diversas op\u00e7\u00f5es de\u00a0planner personalizado para empresas\u00a0de qualquer segmento. Al\u00e9m das tradicionais agendas personalizadas, a procura pelos planners personalizados n\u00e3o datados cresceu nos \u00faltimos anos. Isso porque, al\u00e9m de serem usados pelas corpora\u00e7\u00f5es como estrat\u00e9gia de posicionamento de marca, com&hellip;<\/p>\n","protected":false},"author":1,"featured_media":1997,"parent":1886,"menu_order":0,"comment_status":"closed","ping_status":"closed","template":"","meta":{"footnotes":""},"class_list":["post-1996","page","type-page","status-publish","has-post-thumbnail","hentry","description-off"],"yoast_head":"<!-- This site is optimized with the Yoast SEO plugin v26.8 - https:\/\/yoast.com\/product\/yoast-seo-wordpress\/ -->\n<title>PLANNER PERSONALIZADO - Redoma - Brindes Corporativos<\/title>\n<meta name=\"robots\" content=\"index, follow, max-snippet:-1, max-image-preview:large, max-video-preview:-1\" \/>\n<link rel=\"canonical\" href=\"https:\/\/redoma.com.br\/corporativo\/informacoes\/planners\/planner-personalizado\/\" \/>\n<meta property=\"og:locale\" content=\"pt_BR\" \/>\n<meta property=\"og:type\" content=\"article\" \/>\n<meta property=\"og:title\" content=\"PLANNER PERSONALIZADO - Redoma - Brindes Corporativos\" \/>\n<meta property=\"og:description\" content=\"[vc_row][vc_column][vc_column_text] ONDE COMPRAR UM PLANNER PERSONALIZADO PARA SUA EMPRESA? Uma das especialidades da Redoma \u00e9 oferecer diversas op\u00e7\u00f5es de\u00a0planner personalizado para empresas\u00a0de qualquer segmento. Al\u00e9m das tradicionais agendas personalizadas, a procura pelos planners personalizados n\u00e3o datados cresceu nos \u00faltimos anos. Isso porque, al\u00e9m de serem usados pelas corpora\u00e7\u00f5es como estrat\u00e9gia de posicionamento de marca, com&hellip;\" \/>\n<meta property=\"og:url\" content=\"https:\/\/redoma.com.br\/corporativo\/informacoes\/planners\/planner-personalizado\/\" \/>\n<meta property=\"og:site_name\" content=\"Redoma - Brindes Corporativos\" \/>\n<meta property=\"og:image\" content=\"https:\/\/redoma.com.br\/corporativo\/wp-content\/uploads\/2021\/05\/box_480x480.jpg\" \/>\n\t<meta property=\"og:image:width\" content=\"480\" \/>\n\t<meta property=\"og:image:height\" content=\"480\" \/>\n\t<meta property=\"og:image:type\" content=\"image\/jpeg\" \/>\n<meta name=\"twitter:card\" content=\"summary_large_image\" \/>\n<meta name=\"twitter:label1\" content=\"Est. tempo de leitura\" \/>\n\t<meta name=\"twitter:data1\" content=\"5 minutos\" \/>\n<script type=\"application\/ld+json\" class=\"yoast-schema-graph\">{\"@context\":\"https:\/\/schema.org\",\"@graph\":[{\"@type\":\"WebPage\",\"@id\":\"https:\/\/redoma.com.br\/corporativo\/informacoes\/planners\/planner-personalizado\/\",\"url\":\"https:\/\/redoma.com.br\/corporativo\/informacoes\/planners\/planner-personalizado\/\",\"name\":\"PLANNER PERSONALIZADO - Redoma - Brindes Corporativos\",\"isPartOf\":{\"@id\":\"https:\/\/redoma.com.br\/corporativo\/#website\"},\"primaryImageOfPage\":{\"@id\":\"https:\/\/redoma.com.br\/corporativo\/informacoes\/planners\/planner-personalizado\/#primaryimage\"},\"image\":{\"@id\":\"https:\/\/redoma.com.br\/corporativo\/informacoes\/planners\/planner-personalizado\/#primaryimage\"},\"thumbnailUrl\":\"https:\/\/redoma.com.br\/corporativo\/wp-content\/uploads\/2021\/05\/box_480x480.jpg\",\"datePublished\":\"2021-05-06T01:49:20+00:00\",\"breadcrumb\":{\"@id\":\"https:\/\/redoma.com.br\/corporativo\/informacoes\/planners\/planner-personalizado\/#breadcrumb\"},\"inLanguage\":\"pt-BR\",\"potentialAction\":[{\"@type\":\"ReadAction\",\"target\":[\"https:\/\/redoma.com.br\/corporativo\/informacoes\/planners\/planner-personalizado\/\"]}]},{\"@type\":\"ImageObject\",\"inLanguage\":\"pt-BR\",\"@id\":\"https:\/\/redoma.com.br\/corporativo\/informacoes\/planners\/planner-personalizado\/#primaryimage\",\"url\":\"https:\/\/redoma.com.br\/corporativo\/wp-content\/uploads\/2021\/05\/box_480x480.jpg\",\"contentUrl\":\"https:\/\/redoma.com.br\/corporativo\/wp-content\/uploads\/2021\/05\/box_480x480.jpg\",\"width\":480,\"height\":480},{\"@type\":\"BreadcrumbList\",\"@id\":\"https:\/\/redoma.com.br\/corporativo\/informacoes\/planners\/planner-personalizado\/#breadcrumb\",\"itemListElement\":[{\"@type\":\"ListItem\",\"position\":1,\"name\":\"In\u00edcio\",\"item\":\"https:\/\/redoma.com.br\/corporativo\/\"},{\"@type\":\"ListItem\",\"position\":2,\"name\":\"Informa\u00e7\u00f5es\",\"item\":\"https:\/\/redoma.com.br\/corporativo\/informacoes\/\"},{\"@type\":\"ListItem\",\"position\":3,\"name\":\"Planners\",\"item\":\"https:\/\/redoma.com.br\/corporativo\/informacoes\/planners\/\"},{\"@type\":\"ListItem\",\"position\":4,\"name\":\"PLANNER PERSONALIZADO\"}]},{\"@type\":\"WebSite\",\"@id\":\"https:\/\/redoma.com.br\/corporativo\/#website\",\"url\":\"https:\/\/redoma.com.br\/corporativo\/\",\"name\":\"Redoma - Brindes Corporativos\",\"description\":\"Produzimos Agenda Personalizada, Calend\u00e1rio Financeiro, Planner Personalizado, Caderno Personalizado, Caderneta personalizada e mais\",\"potentialAction\":[{\"@type\":\"SearchAction\",\"target\":{\"@type\":\"EntryPoint\",\"urlTemplate\":\"https:\/\/redoma.com.br\/corporativo\/?s={search_term_string}\"},\"query-input\":{\"@type\":\"PropertyValueSpecification\",\"valueRequired\":true,\"valueName\":\"search_term_string\"}}],\"inLanguage\":\"pt-BR\"}]}<\/script>\n<!-- \/ Yoast SEO plugin. -->","yoast_head_json":{"title":"PLANNER PERSONALIZADO - Redoma - Brindes Corporativos","robots":{"index":"index","follow":"follow","max-snippet":"max-snippet:-1","max-image-preview":"max-image-preview:large","max-video-preview":"max-video-preview:-1"},"canonical":"https:\/\/redoma.com.br\/corporativo\/informacoes\/planners\/planner-personalizado\/","og_locale":"pt_BR","og_type":"article","og_title":"PLANNER PERSONALIZADO - Redoma - Brindes Corporativos","og_description":"[vc_row][vc_column][vc_column_text] ONDE COMPRAR UM PLANNER PERSONALIZADO PARA SUA EMPRESA? Uma das especialidades da Redoma \u00e9 oferecer diversas op\u00e7\u00f5es de\u00a0planner personalizado para empresas\u00a0de qualquer segmento. Al\u00e9m das tradicionais agendas personalizadas, a procura pelos planners personalizados n\u00e3o datados cresceu nos \u00faltimos anos. Isso porque, al\u00e9m de serem usados pelas corpora\u00e7\u00f5es como estrat\u00e9gia de posicionamento de marca, com&hellip;","og_url":"https:\/\/redoma.com.br\/corporativo\/informacoes\/planners\/planner-personalizado\/","og_site_name":"Redoma - Brindes Corporativos","og_image":[{"width":480,"height":480,"url":"https:\/\/redoma.com.br\/corporativo\/wp-content\/uploads\/2021\/05\/box_480x480.jpg","type":"image\/jpeg"}],"twitter_card":"summary_large_image","twitter_misc":{"Est. tempo de leitura":"5 minutos"},"schema":{"@context":"https:\/\/schema.org","@graph":[{"@type":"WebPage","@id":"https:\/\/redoma.com.br\/corporativo\/informacoes\/planners\/planner-personalizado\/","url":"https:\/\/redoma.com.br\/corporativo\/informacoes\/planners\/planner-personalizado\/","name":"PLANNER PERSONALIZADO - Redoma - Brindes Corporativos","isPartOf":{"@id":"https:\/\/redoma.com.br\/corporativo\/#website"},"primaryImageOfPage":{"@id":"https:\/\/redoma.com.br\/corporativo\/informacoes\/planners\/planner-personalizado\/#primaryimage"},"image":{"@id":"https:\/\/redoma.com.br\/corporativo\/informacoes\/planners\/planner-personalizado\/#primaryimage"},"thumbnailUrl":"https:\/\/redoma.com.br\/corporativo\/wp-content\/uploads\/2021\/05\/box_480x480.jpg","datePublished":"2021-05-06T01:49:20+00:00","breadcrumb":{"@id":"https:\/\/redoma.com.br\/corporativo\/informacoes\/planners\/planner-personalizado\/#breadcrumb"},"inLanguage":"pt-BR","potentialAction":[{"@type":"ReadAction","target":["https:\/\/redoma.com.br\/corporativo\/informacoes\/planners\/planner-personalizado\/"]}]},{"@type":"ImageObject","inLanguage":"pt-BR","@id":"https:\/\/redoma.com.br\/corporativo\/informacoes\/planners\/planner-personalizado\/#primaryimage","url":"https:\/\/redoma.com.br\/corporativo\/wp-content\/uploads\/2021\/05\/box_480x480.jpg","contentUrl":"https:\/\/redoma.com.br\/corporativo\/wp-content\/uploads\/2021\/05\/box_480x480.jpg","width":480,"height":480},{"@type":"BreadcrumbList","@id":"https:\/\/redoma.com.br\/corporativo\/informacoes\/planners\/planner-personalizado\/#breadcrumb","itemListElement":[{"@type":"ListItem","position":1,"name":"In\u00edcio","item":"https:\/\/redoma.com.br\/corporativo\/"},{"@type":"ListItem","position":2,"name":"Informa\u00e7\u00f5es","item":"https:\/\/redoma.com.br\/corporativo\/informacoes\/"},{"@type":"ListItem","position":3,"name":"Planners","item":"https:\/\/redoma.com.br\/corporativo\/informacoes\/planners\/"},{"@type":"ListItem","position":4,"name":"PLANNER PERSONALIZADO"}]},{"@type":"WebSite","@id":"https:\/\/redoma.com.br\/corporativo\/#website","url":"https:\/\/redoma.com.br\/corporativo\/","name":"Redoma - Brindes Corporativos","description":"Produzimos Agenda Personalizada, Calend\u00e1rio Financeiro, Planner Personalizado, Caderno Personalizado, Caderneta personalizada e mais","potentialAction":[{"@type":"SearchAction","target":{"@type":"EntryPoint","urlTemplate":"https:\/\/redoma.com.br\/corporativo\/?s={search_term_string}"},"query-input":{"@type":"PropertyValueSpecification","valueRequired":true,"valueName":"search_term_string"}}],"inLanguage":"pt-BR"}]}},"_links":{"self":[{"href":"https:\/\/redoma.com.br\/corporativo\/wp-json\/wp\/v2\/pages\/1996","targetHints":{"allow":["GET"]}}],"collection":[{"href":"https:\/\/redoma.com.br\/corporativo\/wp-json\/wp\/v2\/pages"}],"about":[{"href":"https:\/\/redoma.com.br\/corporativo\/wp-json\/wp\/v2\/types\/page"}],"author":[{"embeddable":true,"href":"https:\/\/redoma.com.br\/corporativo\/wp-json\/wp\/v2\/users\/1"}],"replies":[{"embeddable":true,"href":"https:\/\/redoma.com.br\/corporativo\/wp-json\/wp\/v2\/comments?post=1996"}],"version-history":[{"count":1,"href":"https:\/\/redoma.com.br\/corporativo\/wp-json\/wp\/v2\/pages\/1996\/revisions"}],"predecessor-version":[{"id":1998,"href":"https:\/\/redoma.com.br\/corporativo\/wp-json\/wp\/v2\/pages\/1996\/revisions\/1998"}],"up":[{"embeddable":true,"href":"https:\/\/redoma.com.br\/corporativo\/wp-json\/wp\/v2\/pages\/1886"}],"wp:featuredmedia":[{"embeddable":true,"href":"https:\/\/redoma.com.br\/corporativo\/wp-json\/wp\/v2\/media\/1997"}],"wp:attachment":[{"href":"https:\/\/redoma.com.br\/corporativo\/wp-json\/wp\/v2\/media?parent=1996"}],"curies":[{"name":"wp","href":"https:\/\/api.w.org\/{rel}","templated":true}]}}