
{"id":1975,"date":"2021-05-05T22:39:00","date_gmt":"2021-05-06T01:39:00","guid":{"rendered":"https:\/\/novo.redoma.com.br\/?page_id=1975"},"modified":"2021-05-05T22:39:00","modified_gmt":"2021-05-06T01:39:00","slug":"calendarios-personalizados","status":"publish","type":"page","link":"https:\/\/redoma.com.br\/corporativo\/informacoes\/calendarios\/calendarios-personalizados\/","title":{"rendered":"CALEND\u00c1RIOS PERSONALIZADOS"},"content":{"rendered":"<div class=\"wpb-content-wrapper\"><p>[vc_row][vc_column][vc_column_text]<\/p>\n<h2>A QUALIDADE DOS CALEND\u00c1RIOS PERSONALIZADOS<\/h2>\n<p>Os\u00a0calend\u00e1rios personalizados\u00a0s\u00e3o uma maneira de garantir organiza\u00e7\u00e3o di\u00e1ria para as tarefas pessoais e profissionais, al\u00e9m de serem indispens\u00e1veis para consultas de datas importantes. Diversas empresas utilizam os\u00a0calend\u00e1rios personalizados\u00a0como brindes em a\u00e7\u00f5es promocionais sazonais, como no per\u00edodo das festas de fim de ano, por exemplo.<\/p>\n<p>Enviar um calend\u00e1rio personalizado para um cliente \u00e9 ter a certeza de que a marca da empresa acompanhar\u00e1 este cliente ao longo de um ano inteiro. \u00c9 uma solu\u00e7\u00e3o estrat\u00e9gica para a propaganda de uma marca e, por isso, deve ser produzido com material de alto padr\u00e3o de qualidade, impress\u00e3o perfeita, com o logotipo da empresa e suas cores. Dessa forma, o calend\u00e1rio se torna uma propaganda direta.<\/p>\n<h2>COMO CRIAR CALEND\u00c1RIOS PERSONALIZADOS?<\/h2>\n<p>Ao pensar em\u00a0calend\u00e1rios personalizados, \u00e9 importante, primeiramente, saber qual ser\u00e1 o modelo escolhido. O material pode ter um aspecto criativo, com design exclusivo, cores e imagens que combinem com a proposta da empresa.<\/p>\n<p>O formato tamb\u00e9m \u00e9 fundamental, pois influencia bastante a maneira como o calend\u00e1rio ser\u00e1 exposto. Neste sentido, existem calend\u00e1rios de mesa, de parede e em outros modelos.<\/p>\n<h2>QUAL GR\u00c1FICA ESCOLHER PARA A CRIA\u00c7\u00c3O DE CALEND\u00c1RIOS PERSONALIZADOS?<\/h2>\n<p>Ao optar por\u00a0calend\u00e1rios personalizados, \u00e9 de suma import\u00e2ncia a escolha de uma gr\u00e1fica que seja respons\u00e1vel, criativa, referenciada e com tradi\u00e7\u00e3o no mercado. Contando com todos esses requisitos, a Redoma \u00e9 a gr\u00e1fica certa para a produ\u00e7\u00e3o de calend\u00e1rios\u00a0qualificados e atraentes. A empresa garante:<\/p>\n<ul class=\"list\">\n<li>Mais de 40 anos de atua\u00e7\u00e3o no mercado nacional;<\/li>\n<li>A exclusividade de ter criado um excelente modelo de calend\u00e1rio financeiro;<\/li>\n<li>M\u00e3o de obra altamente qualificada;<\/li>\n<li>Responsabilidade social e ambiental.<\/li>\n<\/ul>\n<h2>COM QUAIS TIPOS DE CALEND\u00c1RIOS PERSONALIZADOS A REDOMA TRABALHA?<\/h2>\n<p>Al\u00e9m de ter sido pioneira na cria\u00e7\u00e3o de um calend\u00e1rio financeiro que auxilia os c\u00e1lculos pr\u00e1ticos e r\u00e1pidos de dias \u00fateis e dias corridos, a Redoma tamb\u00e9m conta com o tradicional calend\u00e1rio de mesa, que pode ser multifuncional; e os cl\u00e1ssicos calend\u00e1rios triangulares.<\/p>\n<p>A Redoma possui tamb\u00e9m suportes para calend\u00e1rios. Consulte o cat\u00e1logo individual de\u00a0calend\u00e1rios personalizados\u00a0e conhe\u00e7a mais sobre a Redoma e seus produtos exclusivos. Entre em contato por meio do formul\u00e1rio do site e fa\u00e7a um or\u00e7amento para\u00a0calend\u00e1rios personalizados!<\/p>\n<h2>PARA SABER MAIS SOBRE CALEND\u00c1RIOS PERSONALIZADOS<\/h2>\n<p>Ligue para\u00a011 4448-7300\u00a0ou mande e-mail para:\u00a0atendimento@redoma.com.br[\/vc_column_text][\/vc_column][\/vc_row][vc_row][vc_column][vc_media_grid grid_id=&#8221;vc_gid:1620265108644-678bf228-960d-9&#8243; include=&#8221;1972,1971,1973&#8243;][\/vc_column][\/vc_row]<\/p>\n<\/div>","protected":false},"excerpt":{"rendered":"<p>[vc_row][vc_column][vc_column_text] A QUALIDADE DOS CALEND\u00c1RIOS PERSONALIZADOS Os\u00a0calend\u00e1rios personalizados\u00a0s\u00e3o uma maneira de garantir organiza\u00e7\u00e3o di\u00e1ria para as tarefas pessoais e profissionais, al\u00e9m de serem indispens\u00e1veis para consultas de datas importantes. Diversas empresas utilizam os\u00a0calend\u00e1rios personalizados\u00a0como brindes em a\u00e7\u00f5es promocionais sazonais, como no per\u00edodo das festas de fim de ano, por exemplo. Enviar um calend\u00e1rio personalizado para&hellip;<\/p>\n","protected":false},"author":1,"featured_media":1972,"parent":1883,"menu_order":0,"comment_status":"closed","ping_status":"closed","template":"","meta":{"footnotes":""},"class_list":["post-1975","page","type-page","status-publish","has-post-thumbnail","hentry","description-off"],"yoast_head":"<!-- This site is optimized with the Yoast SEO plugin v26.8 - https:\/\/yoast.com\/product\/yoast-seo-wordpress\/ -->\n<title>CALEND\u00c1RIOS PERSONALIZADOS - Redoma - Brindes Corporativos<\/title>\n<meta name=\"robots\" content=\"index, follow, max-snippet:-1, max-image-preview:large, max-video-preview:-1\" \/>\n<link rel=\"canonical\" href=\"https:\/\/redoma.com.br\/corporativo\/informacoes\/calendarios\/calendarios-personalizados\/\" \/>\n<meta property=\"og:locale\" content=\"pt_BR\" \/>\n<meta property=\"og:type\" content=\"article\" \/>\n<meta property=\"og:title\" content=\"CALEND\u00c1RIOS PERSONALIZADOS - Redoma - Brindes Corporativos\" \/>\n<meta property=\"og:description\" content=\"[vc_row][vc_column][vc_column_text] A QUALIDADE DOS CALEND\u00c1RIOS PERSONALIZADOS Os\u00a0calend\u00e1rios personalizados\u00a0s\u00e3o uma maneira de garantir organiza\u00e7\u00e3o di\u00e1ria para as tarefas pessoais e profissionais, al\u00e9m de serem indispens\u00e1veis para consultas de datas importantes. Diversas empresas utilizam os\u00a0calend\u00e1rios personalizados\u00a0como brindes em a\u00e7\u00f5es promocionais sazonais, como no per\u00edodo das festas de fim de ano, por exemplo. Enviar um calend\u00e1rio personalizado para&hellip;\" \/>\n<meta property=\"og:url\" content=\"https:\/\/redoma.com.br\/corporativo\/informacoes\/calendarios\/calendarios-personalizados\/\" \/>\n<meta property=\"og:site_name\" content=\"Redoma - Brindes Corporativos\" \/>\n<meta property=\"og:image\" content=\"https:\/\/redoma.com.br\/corporativo\/wp-content\/uploads\/2021\/05\/calendario_personalizado_empresas_02.jpg\" \/>\n\t<meta property=\"og:image:width\" content=\"480\" \/>\n\t<meta property=\"og:image:height\" content=\"480\" \/>\n\t<meta property=\"og:image:type\" content=\"image\/jpeg\" \/>\n<meta name=\"twitter:card\" content=\"summary_large_image\" \/>\n<meta name=\"twitter:label1\" content=\"Est. tempo de leitura\" \/>\n\t<meta name=\"twitter:data1\" content=\"2 minutos\" \/>\n<script type=\"application\/ld+json\" class=\"yoast-schema-graph\">{\"@context\":\"https:\/\/schema.org\",\"@graph\":[{\"@type\":\"WebPage\",\"@id\":\"https:\/\/redoma.com.br\/corporativo\/informacoes\/calendarios\/calendarios-personalizados\/\",\"url\":\"https:\/\/redoma.com.br\/corporativo\/informacoes\/calendarios\/calendarios-personalizados\/\",\"name\":\"CALEND\u00c1RIOS PERSONALIZADOS - Redoma - Brindes Corporativos\",\"isPartOf\":{\"@id\":\"https:\/\/redoma.com.br\/corporativo\/#website\"},\"primaryImageOfPage\":{\"@id\":\"https:\/\/redoma.com.br\/corporativo\/informacoes\/calendarios\/calendarios-personalizados\/#primaryimage\"},\"image\":{\"@id\":\"https:\/\/redoma.com.br\/corporativo\/informacoes\/calendarios\/calendarios-personalizados\/#primaryimage\"},\"thumbnailUrl\":\"https:\/\/redoma.com.br\/corporativo\/wp-content\/uploads\/2021\/05\/calendario_personalizado_empresas_02.jpg\",\"datePublished\":\"2021-05-06T01:39:00+00:00\",\"breadcrumb\":{\"@id\":\"https:\/\/redoma.com.br\/corporativo\/informacoes\/calendarios\/calendarios-personalizados\/#breadcrumb\"},\"inLanguage\":\"pt-BR\",\"potentialAction\":[{\"@type\":\"ReadAction\",\"target\":[\"https:\/\/redoma.com.br\/corporativo\/informacoes\/calendarios\/calendarios-personalizados\/\"]}]},{\"@type\":\"ImageObject\",\"inLanguage\":\"pt-BR\",\"@id\":\"https:\/\/redoma.com.br\/corporativo\/informacoes\/calendarios\/calendarios-personalizados\/#primaryimage\",\"url\":\"https:\/\/redoma.com.br\/corporativo\/wp-content\/uploads\/2021\/05\/calendario_personalizado_empresas_02.jpg\",\"contentUrl\":\"https:\/\/redoma.com.br\/corporativo\/wp-content\/uploads\/2021\/05\/calendario_personalizado_empresas_02.jpg\",\"width\":480,\"height\":480},{\"@type\":\"BreadcrumbList\",\"@id\":\"https:\/\/redoma.com.br\/corporativo\/informacoes\/calendarios\/calendarios-personalizados\/#breadcrumb\",\"itemListElement\":[{\"@type\":\"ListItem\",\"position\":1,\"name\":\"In\u00edcio\",\"item\":\"https:\/\/redoma.com.br\/corporativo\/\"},{\"@type\":\"ListItem\",\"position\":2,\"name\":\"Informa\u00e7\u00f5es\",\"item\":\"https:\/\/redoma.com.br\/corporativo\/informacoes\/\"},{\"@type\":\"ListItem\",\"position\":3,\"name\":\"Calend\u00e1rios\",\"item\":\"https:\/\/redoma.com.br\/corporativo\/informacoes\/calendarios\/\"},{\"@type\":\"ListItem\",\"position\":4,\"name\":\"CALEND\u00c1RIOS PERSONALIZADOS\"}]},{\"@type\":\"WebSite\",\"@id\":\"https:\/\/redoma.com.br\/corporativo\/#website\",\"url\":\"https:\/\/redoma.com.br\/corporativo\/\",\"name\":\"Redoma - Brindes Corporativos\",\"description\":\"Produzimos Agenda Personalizada, Calend\u00e1rio Financeiro, Planner Personalizado, Caderno Personalizado, Caderneta personalizada e mais\",\"potentialAction\":[{\"@type\":\"SearchAction\",\"target\":{\"@type\":\"EntryPoint\",\"urlTemplate\":\"https:\/\/redoma.com.br\/corporativo\/?s={search_term_string}\"},\"query-input\":{\"@type\":\"PropertyValueSpecification\",\"valueRequired\":true,\"valueName\":\"search_term_string\"}}],\"inLanguage\":\"pt-BR\"}]}<\/script>\n<!-- \/ Yoast SEO plugin. -->","yoast_head_json":{"title":"CALEND\u00c1RIOS PERSONALIZADOS - Redoma - Brindes Corporativos","robots":{"index":"index","follow":"follow","max-snippet":"max-snippet:-1","max-image-preview":"max-image-preview:large","max-video-preview":"max-video-preview:-1"},"canonical":"https:\/\/redoma.com.br\/corporativo\/informacoes\/calendarios\/calendarios-personalizados\/","og_locale":"pt_BR","og_type":"article","og_title":"CALEND\u00c1RIOS PERSONALIZADOS - Redoma - Brindes Corporativos","og_description":"[vc_row][vc_column][vc_column_text] A QUALIDADE DOS CALEND\u00c1RIOS PERSONALIZADOS Os\u00a0calend\u00e1rios personalizados\u00a0s\u00e3o uma maneira de garantir organiza\u00e7\u00e3o di\u00e1ria para as tarefas pessoais e profissionais, al\u00e9m de serem indispens\u00e1veis para consultas de datas importantes. Diversas empresas utilizam os\u00a0calend\u00e1rios personalizados\u00a0como brindes em a\u00e7\u00f5es promocionais sazonais, como no per\u00edodo das festas de fim de ano, por exemplo. Enviar um calend\u00e1rio personalizado para&hellip;","og_url":"https:\/\/redoma.com.br\/corporativo\/informacoes\/calendarios\/calendarios-personalizados\/","og_site_name":"Redoma - Brindes Corporativos","og_image":[{"width":480,"height":480,"url":"https:\/\/redoma.com.br\/corporativo\/wp-content\/uploads\/2021\/05\/calendario_personalizado_empresas_02.jpg","type":"image\/jpeg"}],"twitter_card":"summary_large_image","twitter_misc":{"Est. tempo de leitura":"2 minutos"},"schema":{"@context":"https:\/\/schema.org","@graph":[{"@type":"WebPage","@id":"https:\/\/redoma.com.br\/corporativo\/informacoes\/calendarios\/calendarios-personalizados\/","url":"https:\/\/redoma.com.br\/corporativo\/informacoes\/calendarios\/calendarios-personalizados\/","name":"CALEND\u00c1RIOS PERSONALIZADOS - Redoma - Brindes Corporativos","isPartOf":{"@id":"https:\/\/redoma.com.br\/corporativo\/#website"},"primaryImageOfPage":{"@id":"https:\/\/redoma.com.br\/corporativo\/informacoes\/calendarios\/calendarios-personalizados\/#primaryimage"},"image":{"@id":"https:\/\/redoma.com.br\/corporativo\/informacoes\/calendarios\/calendarios-personalizados\/#primaryimage"},"thumbnailUrl":"https:\/\/redoma.com.br\/corporativo\/wp-content\/uploads\/2021\/05\/calendario_personalizado_empresas_02.jpg","datePublished":"2021-05-06T01:39:00+00:00","breadcrumb":{"@id":"https:\/\/redoma.com.br\/corporativo\/informacoes\/calendarios\/calendarios-personalizados\/#breadcrumb"},"inLanguage":"pt-BR","potentialAction":[{"@type":"ReadAction","target":["https:\/\/redoma.com.br\/corporativo\/informacoes\/calendarios\/calendarios-personalizados\/"]}]},{"@type":"ImageObject","inLanguage":"pt-BR","@id":"https:\/\/redoma.com.br\/corporativo\/informacoes\/calendarios\/calendarios-personalizados\/#primaryimage","url":"https:\/\/redoma.com.br\/corporativo\/wp-content\/uploads\/2021\/05\/calendario_personalizado_empresas_02.jpg","contentUrl":"https:\/\/redoma.com.br\/corporativo\/wp-content\/uploads\/2021\/05\/calendario_personalizado_empresas_02.jpg","width":480,"height":480},{"@type":"BreadcrumbList","@id":"https:\/\/redoma.com.br\/corporativo\/informacoes\/calendarios\/calendarios-personalizados\/#breadcrumb","itemListElement":[{"@type":"ListItem","position":1,"name":"In\u00edcio","item":"https:\/\/redoma.com.br\/corporativo\/"},{"@type":"ListItem","position":2,"name":"Informa\u00e7\u00f5es","item":"https:\/\/redoma.com.br\/corporativo\/informacoes\/"},{"@type":"ListItem","position":3,"name":"Calend\u00e1rios","item":"https:\/\/redoma.com.br\/corporativo\/informacoes\/calendarios\/"},{"@type":"ListItem","position":4,"name":"CALEND\u00c1RIOS PERSONALIZADOS"}]},{"@type":"WebSite","@id":"https:\/\/redoma.com.br\/corporativo\/#website","url":"https:\/\/redoma.com.br\/corporativo\/","name":"Redoma - Brindes Corporativos","description":"Produzimos Agenda Personalizada, Calend\u00e1rio Financeiro, Planner Personalizado, Caderno Personalizado, Caderneta personalizada e mais","potentialAction":[{"@type":"SearchAction","target":{"@type":"EntryPoint","urlTemplate":"https:\/\/redoma.com.br\/corporativo\/?s={search_term_string}"},"query-input":{"@type":"PropertyValueSpecification","valueRequired":true,"valueName":"search_term_string"}}],"inLanguage":"pt-BR"}]}},"_links":{"self":[{"href":"https:\/\/redoma.com.br\/corporativo\/wp-json\/wp\/v2\/pages\/1975","targetHints":{"allow":["GET"]}}],"collection":[{"href":"https:\/\/redoma.com.br\/corporativo\/wp-json\/wp\/v2\/pages"}],"about":[{"href":"https:\/\/redoma.com.br\/corporativo\/wp-json\/wp\/v2\/types\/page"}],"author":[{"embeddable":true,"href":"https:\/\/redoma.com.br\/corporativo\/wp-json\/wp\/v2\/users\/1"}],"replies":[{"embeddable":true,"href":"https:\/\/redoma.com.br\/corporativo\/wp-json\/wp\/v2\/comments?post=1975"}],"version-history":[{"count":1,"href":"https:\/\/redoma.com.br\/corporativo\/wp-json\/wp\/v2\/pages\/1975\/revisions"}],"predecessor-version":[{"id":1976,"href":"https:\/\/redoma.com.br\/corporativo\/wp-json\/wp\/v2\/pages\/1975\/revisions\/1976"}],"up":[{"embeddable":true,"href":"https:\/\/redoma.com.br\/corporativo\/wp-json\/wp\/v2\/pages\/1883"}],"wp:featuredmedia":[{"embeddable":true,"href":"https:\/\/redoma.com.br\/corporativo\/wp-json\/wp\/v2\/media\/1972"}],"wp:attachment":[{"href":"https:\/\/redoma.com.br\/corporativo\/wp-json\/wp\/v2\/media?parent=1975"}],"curies":[{"name":"wp","href":"https:\/\/api.w.org\/{rel}","templated":true}]}}