
{"id":1944,"date":"2021-05-05T22:28:26","date_gmt":"2021-05-06T01:28:26","guid":{"rendered":"https:\/\/novo.redoma.com.br\/?page_id=1944"},"modified":"2021-05-05T22:28:26","modified_gmt":"2021-05-06T01:28:26","slug":"grafica-blocos-personalizados","status":"publish","type":"page","link":"https:\/\/redoma.com.br\/corporativo\/informacoes\/blocos\/grafica-blocos-personalizados\/","title":{"rendered":"GR\u00c1FICA BLOCOS PERSONALIZADOS"},"content":{"rendered":"<div class=\"wpb-content-wrapper\"><p>[vc_row][vc_column][vc_column_text]<\/p>\n<h2>A QUALIDADE DA GR\u00c1FICA BLOCOS PERSONALIZADOS<\/h2>\n<p>Uma\u00a0gr\u00e1fica blocos personalizados\u00a0trabalha na confec\u00e7\u00e3o criativa de blocos de anota\u00e7\u00f5es que podem servir para uso pessoal e brinde corporativo. A\u00a0gr\u00e1fica blocos personalizados\u00a0tem variadas op\u00e7\u00f5es de produtos, como notepads, sketch\u00a0books, entre outros.<\/p>\n<h2>COMO ESCOLHER UMA GR\u00c1FICA BLOCOS PERSONALIZADOS PARA BRINDES CORPORATIVOS?<\/h2>\n<p>A escolha certa de uma\u00a0gr\u00e1fica blocos personalizados\u00a0\u00e9 a chave para obter sucesso. Primeiramente, a gr\u00e1fica contratada precisa ter experi\u00eancia no ramo de presentes corporativos. Este \u00e9 o passo principal para uma escolha certeira. Tamb\u00e9m \u00e9 importante saber quais s\u00e3o os ideais dessa gr\u00e1fica, conhecer o cat\u00e1logo de produtos, entender sua trajet\u00f3ria no mercado e saber quais s\u00e3o os compromissos sociais e ambientais adotados pela\u00a0gr\u00e1fica blocos personalizados.<\/p>\n<p>A Redoma, por exemplo, \u00e9 uma gr\u00e1fica ambientalmente respons\u00e1vel, com produtos modernos e um cat\u00e1logo atualizado anualmente, com as melhores op\u00e7\u00f5es de brindes corporativos do mercado nacional.<\/p>\n<h2>OS BENEF\u00cdCIOS DOS BRINDES CORPORATIVOS<\/h2>\n<p>Ao contatar uma\u00a0gr\u00e1fica blocos personalizados, o cliente garante uma maneira inteligente e criativa de promo\u00e7\u00e3o para a sua marca. Dentre as variadas vantagens oferecidas, algumas merecem destaque, como:<\/p>\n<ul class=\"list\">\n<li>Promo\u00e7\u00e3o direcionada:\u00a0em meios de comunica\u00e7\u00e3o, as propagandas nem sempre atingem o p\u00fablico-alvo com efetividade. J\u00e1 com o uso de presentes corporativos a sua marca conquista uma distribui\u00e7\u00e3o direta de brindes que levam seu logo e identidade visual.<\/li>\n<li>Personaliza\u00e7\u00e3o:\u00a0a\u00a0gr\u00e1fica blocos personalizados\u00a0far\u00e1 com que os blocos de anota\u00e7\u00f5es tenham a logomarca do cliente em evid\u00eancia, o que contribui diretamente para a fixa\u00e7\u00e3o da empresa entre o p\u00fablico.<\/li>\n<li>Utilidade:\u00a0o uso de presentes corporativos auxilia as estrat\u00e9gias de fideliza\u00e7\u00e3o de clientes e parceiros estrat\u00e9gicos.<\/li>\n<\/ul>\n<h2>QUAL \u00c9 A MELHOR GR\u00c1FICA BLOCOS PERSONALIZADOS?<\/h2>\n<p>A Redoma se encontra no mercado h\u00e1 mais de 40 anos, contando com experi\u00eancia not\u00e1vel no segmento de presentes corporativos. Por isso, ela \u00e9 a gr\u00e1fica correta para a cria\u00e7\u00e3o de blocos personalizados dos modelos notepad Smart M, notepad Smart P, notepad Rep\u00f3rter, notepad Talk, cubo de lembretes, notes e risque e rabisque.<\/p>\n<p>Al\u00e9m disso, a Redoma conta com vantagens \u00fanicas, como compromisso ambiental, uma equipe altamente qualificada, equipamentos modernos e materiais de qualidade e provenientes de fontes naturais e renov\u00e1veis. Entre em contato com a Redoma e fa\u00e7a o or\u00e7amento de blocos personalizados para brindes corporativos!<\/p>\n<h2>PARA SABER MAIS SOBRE GR\u00c1FICA BLOCOS PERSONALIZADOS<\/h2>\n<p>Ligue para\u00a011 4448-7300\u00a0ou mande e-mail para:\u00a0atendimento@redoma.com.br[\/vc_column_text][\/vc_column][\/vc_row][vc_row][vc_column][vc_media_grid grid_id=&#8221;vc_gid:1620264463357-bc828a23-a0fe-10&#8243; include=&#8221;1938,1878,1945&#8243;][\/vc_column][\/vc_row]<\/p>\n<\/div>","protected":false},"excerpt":{"rendered":"<p>[vc_row][vc_column][vc_column_text] A QUALIDADE DA GR\u00c1FICA BLOCOS PERSONALIZADOS Uma\u00a0gr\u00e1fica blocos personalizados\u00a0trabalha na confec\u00e7\u00e3o criativa de blocos de anota\u00e7\u00f5es que podem servir para uso pessoal e brinde corporativo. A\u00a0gr\u00e1fica blocos personalizados\u00a0tem variadas op\u00e7\u00f5es de produtos, como notepads, sketch\u00a0books, entre outros. COMO ESCOLHER UMA GR\u00c1FICA BLOCOS PERSONALIZADOS PARA BRINDES CORPORATIVOS? A escolha certa de uma\u00a0gr\u00e1fica blocos personalizados\u00a0\u00e9 a&hellip;<\/p>\n","protected":false},"author":1,"featured_media":1938,"parent":1880,"menu_order":0,"comment_status":"closed","ping_status":"closed","template":"","meta":{"footnotes":""},"class_list":["post-1944","page","type-page","status-publish","has-post-thumbnail","hentry","description-off"],"yoast_head":"<!-- This site is optimized with the Yoast SEO plugin v26.8 - https:\/\/yoast.com\/product\/yoast-seo-wordpress\/ -->\n<title>GR\u00c1FICA BLOCOS PERSONALIZADOS - Redoma - Brindes Corporativos<\/title>\n<meta name=\"robots\" content=\"index, follow, max-snippet:-1, max-image-preview:large, max-video-preview:-1\" \/>\n<link rel=\"canonical\" href=\"https:\/\/redoma.com.br\/corporativo\/informacoes\/blocos\/grafica-blocos-personalizados\/\" \/>\n<meta property=\"og:locale\" content=\"pt_BR\" \/>\n<meta property=\"og:type\" content=\"article\" \/>\n<meta property=\"og:title\" content=\"GR\u00c1FICA BLOCOS PERSONALIZADOS - Redoma - Brindes Corporativos\" \/>\n<meta property=\"og:description\" content=\"[vc_row][vc_column][vc_column_text] A QUALIDADE DA GR\u00c1FICA BLOCOS PERSONALIZADOS Uma\u00a0gr\u00e1fica blocos personalizados\u00a0trabalha na confec\u00e7\u00e3o criativa de blocos de anota\u00e7\u00f5es que podem servir para uso pessoal e brinde corporativo. A\u00a0gr\u00e1fica blocos personalizados\u00a0tem variadas op\u00e7\u00f5es de produtos, como notepads, sketch\u00a0books, entre outros. COMO ESCOLHER UMA GR\u00c1FICA BLOCOS PERSONALIZADOS PARA BRINDES CORPORATIVOS? A escolha certa de uma\u00a0gr\u00e1fica blocos personalizados\u00a0\u00e9 a&hellip;\" \/>\n<meta property=\"og:url\" content=\"https:\/\/redoma.com.br\/corporativo\/informacoes\/blocos\/grafica-blocos-personalizados\/\" \/>\n<meta property=\"og:site_name\" content=\"Redoma - Brindes Corporativos\" \/>\n<meta property=\"og:image\" content=\"https:\/\/redoma.com.br\/corporativo\/wp-content\/uploads\/2021\/05\/bloco_anotacoes_personalizado_02.jpg\" \/>\n\t<meta property=\"og:image:width\" content=\"480\" \/>\n\t<meta property=\"og:image:height\" content=\"480\" \/>\n\t<meta property=\"og:image:type\" content=\"image\/jpeg\" \/>\n<meta name=\"twitter:card\" content=\"summary_large_image\" \/>\n<meta name=\"twitter:label1\" content=\"Est. tempo de leitura\" \/>\n\t<meta name=\"twitter:data1\" content=\"2 minutos\" \/>\n<script type=\"application\/ld+json\" class=\"yoast-schema-graph\">{\"@context\":\"https:\/\/schema.org\",\"@graph\":[{\"@type\":\"WebPage\",\"@id\":\"https:\/\/redoma.com.br\/corporativo\/informacoes\/blocos\/grafica-blocos-personalizados\/\",\"url\":\"https:\/\/redoma.com.br\/corporativo\/informacoes\/blocos\/grafica-blocos-personalizados\/\",\"name\":\"GR\u00c1FICA BLOCOS PERSONALIZADOS - Redoma - Brindes Corporativos\",\"isPartOf\":{\"@id\":\"https:\/\/redoma.com.br\/corporativo\/#website\"},\"primaryImageOfPage\":{\"@id\":\"https:\/\/redoma.com.br\/corporativo\/informacoes\/blocos\/grafica-blocos-personalizados\/#primaryimage\"},\"image\":{\"@id\":\"https:\/\/redoma.com.br\/corporativo\/informacoes\/blocos\/grafica-blocos-personalizados\/#primaryimage\"},\"thumbnailUrl\":\"https:\/\/redoma.com.br\/corporativo\/wp-content\/uploads\/2021\/05\/bloco_anotacoes_personalizado_02.jpg\",\"datePublished\":\"2021-05-06T01:28:26+00:00\",\"breadcrumb\":{\"@id\":\"https:\/\/redoma.com.br\/corporativo\/informacoes\/blocos\/grafica-blocos-personalizados\/#breadcrumb\"},\"inLanguage\":\"pt-BR\",\"potentialAction\":[{\"@type\":\"ReadAction\",\"target\":[\"https:\/\/redoma.com.br\/corporativo\/informacoes\/blocos\/grafica-blocos-personalizados\/\"]}]},{\"@type\":\"ImageObject\",\"inLanguage\":\"pt-BR\",\"@id\":\"https:\/\/redoma.com.br\/corporativo\/informacoes\/blocos\/grafica-blocos-personalizados\/#primaryimage\",\"url\":\"https:\/\/redoma.com.br\/corporativo\/wp-content\/uploads\/2021\/05\/bloco_anotacoes_personalizado_02.jpg\",\"contentUrl\":\"https:\/\/redoma.com.br\/corporativo\/wp-content\/uploads\/2021\/05\/bloco_anotacoes_personalizado_02.jpg\",\"width\":480,\"height\":480},{\"@type\":\"BreadcrumbList\",\"@id\":\"https:\/\/redoma.com.br\/corporativo\/informacoes\/blocos\/grafica-blocos-personalizados\/#breadcrumb\",\"itemListElement\":[{\"@type\":\"ListItem\",\"position\":1,\"name\":\"In\u00edcio\",\"item\":\"https:\/\/redoma.com.br\/corporativo\/\"},{\"@type\":\"ListItem\",\"position\":2,\"name\":\"Informa\u00e7\u00f5es\",\"item\":\"https:\/\/redoma.com.br\/corporativo\/informacoes\/\"},{\"@type\":\"ListItem\",\"position\":3,\"name\":\"Blocos\",\"item\":\"https:\/\/redoma.com.br\/corporativo\/informacoes\/blocos\/\"},{\"@type\":\"ListItem\",\"position\":4,\"name\":\"GR\u00c1FICA BLOCOS PERSONALIZADOS\"}]},{\"@type\":\"WebSite\",\"@id\":\"https:\/\/redoma.com.br\/corporativo\/#website\",\"url\":\"https:\/\/redoma.com.br\/corporativo\/\",\"name\":\"Redoma - Brindes Corporativos\",\"description\":\"Produzimos Agenda Personalizada, Calend\u00e1rio Financeiro, Planner Personalizado, Caderno Personalizado, Caderneta personalizada e mais\",\"potentialAction\":[{\"@type\":\"SearchAction\",\"target\":{\"@type\":\"EntryPoint\",\"urlTemplate\":\"https:\/\/redoma.com.br\/corporativo\/?s={search_term_string}\"},\"query-input\":{\"@type\":\"PropertyValueSpecification\",\"valueRequired\":true,\"valueName\":\"search_term_string\"}}],\"inLanguage\":\"pt-BR\"}]}<\/script>\n<!-- \/ Yoast SEO plugin. -->","yoast_head_json":{"title":"GR\u00c1FICA BLOCOS PERSONALIZADOS - Redoma - Brindes Corporativos","robots":{"index":"index","follow":"follow","max-snippet":"max-snippet:-1","max-image-preview":"max-image-preview:large","max-video-preview":"max-video-preview:-1"},"canonical":"https:\/\/redoma.com.br\/corporativo\/informacoes\/blocos\/grafica-blocos-personalizados\/","og_locale":"pt_BR","og_type":"article","og_title":"GR\u00c1FICA BLOCOS PERSONALIZADOS - Redoma - Brindes Corporativos","og_description":"[vc_row][vc_column][vc_column_text] A QUALIDADE DA GR\u00c1FICA BLOCOS PERSONALIZADOS Uma\u00a0gr\u00e1fica blocos personalizados\u00a0trabalha na confec\u00e7\u00e3o criativa de blocos de anota\u00e7\u00f5es que podem servir para uso pessoal e brinde corporativo. A\u00a0gr\u00e1fica blocos personalizados\u00a0tem variadas op\u00e7\u00f5es de produtos, como notepads, sketch\u00a0books, entre outros. COMO ESCOLHER UMA GR\u00c1FICA BLOCOS PERSONALIZADOS PARA BRINDES CORPORATIVOS? A escolha certa de uma\u00a0gr\u00e1fica blocos personalizados\u00a0\u00e9 a&hellip;","og_url":"https:\/\/redoma.com.br\/corporativo\/informacoes\/blocos\/grafica-blocos-personalizados\/","og_site_name":"Redoma - Brindes Corporativos","og_image":[{"width":480,"height":480,"url":"https:\/\/redoma.com.br\/corporativo\/wp-content\/uploads\/2021\/05\/bloco_anotacoes_personalizado_02.jpg","type":"image\/jpeg"}],"twitter_card":"summary_large_image","twitter_misc":{"Est. tempo de leitura":"2 minutos"},"schema":{"@context":"https:\/\/schema.org","@graph":[{"@type":"WebPage","@id":"https:\/\/redoma.com.br\/corporativo\/informacoes\/blocos\/grafica-blocos-personalizados\/","url":"https:\/\/redoma.com.br\/corporativo\/informacoes\/blocos\/grafica-blocos-personalizados\/","name":"GR\u00c1FICA BLOCOS PERSONALIZADOS - Redoma - Brindes Corporativos","isPartOf":{"@id":"https:\/\/redoma.com.br\/corporativo\/#website"},"primaryImageOfPage":{"@id":"https:\/\/redoma.com.br\/corporativo\/informacoes\/blocos\/grafica-blocos-personalizados\/#primaryimage"},"image":{"@id":"https:\/\/redoma.com.br\/corporativo\/informacoes\/blocos\/grafica-blocos-personalizados\/#primaryimage"},"thumbnailUrl":"https:\/\/redoma.com.br\/corporativo\/wp-content\/uploads\/2021\/05\/bloco_anotacoes_personalizado_02.jpg","datePublished":"2021-05-06T01:28:26+00:00","breadcrumb":{"@id":"https:\/\/redoma.com.br\/corporativo\/informacoes\/blocos\/grafica-blocos-personalizados\/#breadcrumb"},"inLanguage":"pt-BR","potentialAction":[{"@type":"ReadAction","target":["https:\/\/redoma.com.br\/corporativo\/informacoes\/blocos\/grafica-blocos-personalizados\/"]}]},{"@type":"ImageObject","inLanguage":"pt-BR","@id":"https:\/\/redoma.com.br\/corporativo\/informacoes\/blocos\/grafica-blocos-personalizados\/#primaryimage","url":"https:\/\/redoma.com.br\/corporativo\/wp-content\/uploads\/2021\/05\/bloco_anotacoes_personalizado_02.jpg","contentUrl":"https:\/\/redoma.com.br\/corporativo\/wp-content\/uploads\/2021\/05\/bloco_anotacoes_personalizado_02.jpg","width":480,"height":480},{"@type":"BreadcrumbList","@id":"https:\/\/redoma.com.br\/corporativo\/informacoes\/blocos\/grafica-blocos-personalizados\/#breadcrumb","itemListElement":[{"@type":"ListItem","position":1,"name":"In\u00edcio","item":"https:\/\/redoma.com.br\/corporativo\/"},{"@type":"ListItem","position":2,"name":"Informa\u00e7\u00f5es","item":"https:\/\/redoma.com.br\/corporativo\/informacoes\/"},{"@type":"ListItem","position":3,"name":"Blocos","item":"https:\/\/redoma.com.br\/corporativo\/informacoes\/blocos\/"},{"@type":"ListItem","position":4,"name":"GR\u00c1FICA BLOCOS PERSONALIZADOS"}]},{"@type":"WebSite","@id":"https:\/\/redoma.com.br\/corporativo\/#website","url":"https:\/\/redoma.com.br\/corporativo\/","name":"Redoma - Brindes Corporativos","description":"Produzimos Agenda Personalizada, Calend\u00e1rio Financeiro, Planner Personalizado, Caderno Personalizado, Caderneta personalizada e mais","potentialAction":[{"@type":"SearchAction","target":{"@type":"EntryPoint","urlTemplate":"https:\/\/redoma.com.br\/corporativo\/?s={search_term_string}"},"query-input":{"@type":"PropertyValueSpecification","valueRequired":true,"valueName":"search_term_string"}}],"inLanguage":"pt-BR"}]}},"_links":{"self":[{"href":"https:\/\/redoma.com.br\/corporativo\/wp-json\/wp\/v2\/pages\/1944","targetHints":{"allow":["GET"]}}],"collection":[{"href":"https:\/\/redoma.com.br\/corporativo\/wp-json\/wp\/v2\/pages"}],"about":[{"href":"https:\/\/redoma.com.br\/corporativo\/wp-json\/wp\/v2\/types\/page"}],"author":[{"embeddable":true,"href":"https:\/\/redoma.com.br\/corporativo\/wp-json\/wp\/v2\/users\/1"}],"replies":[{"embeddable":true,"href":"https:\/\/redoma.com.br\/corporativo\/wp-json\/wp\/v2\/comments?post=1944"}],"version-history":[{"count":1,"href":"https:\/\/redoma.com.br\/corporativo\/wp-json\/wp\/v2\/pages\/1944\/revisions"}],"predecessor-version":[{"id":1946,"href":"https:\/\/redoma.com.br\/corporativo\/wp-json\/wp\/v2\/pages\/1944\/revisions\/1946"}],"up":[{"embeddable":true,"href":"https:\/\/redoma.com.br\/corporativo\/wp-json\/wp\/v2\/pages\/1880"}],"wp:featuredmedia":[{"embeddable":true,"href":"https:\/\/redoma.com.br\/corporativo\/wp-json\/wp\/v2\/media\/1938"}],"wp:attachment":[{"href":"https:\/\/redoma.com.br\/corporativo\/wp-json\/wp\/v2\/media?parent=1944"}],"curies":[{"name":"wp","href":"https:\/\/api.w.org\/{rel}","templated":true}]}}