
{"id":1937,"date":"2021-05-05T22:25:14","date_gmt":"2021-05-06T01:25:14","guid":{"rendered":"https:\/\/novo.redoma.com.br\/?page_id=1937"},"modified":"2021-05-05T22:25:14","modified_gmt":"2021-05-06T01:25:14","slug":"bloco-de-anotacoes-personalizado","status":"publish","type":"page","link":"https:\/\/redoma.com.br\/corporativo\/informacoes\/blocos\/bloco-de-anotacoes-personalizado\/","title":{"rendered":"BLOCO DE ANOTA\u00c7\u00d5ES PERSONALIZADO"},"content":{"rendered":"<div class=\"wpb-content-wrapper\"><p>[vc_row][vc_column][vc_column_text]<\/p>\n<h2>DIFERENTES MODELOS DE BLOCO DE ANOTA\u00c7\u00d5ES PERSONALIZADO<\/h2>\n<p>O\u00a0bloco de anota\u00e7\u00f5es personalizado\u00a0\u00e9 um acess\u00f3rio utilizado para lembretes r\u00e1pidos ou anota\u00e7\u00f5es que n\u00e3o podem ser esquecidas. \u00c9 idealizado para que informa\u00e7\u00f5es importantes n\u00e3o se percam em meio a tantas comunica\u00e7\u00f5es di\u00e1rias.<\/p>\n<p>S\u00e3o \u00fateis para anota\u00e7\u00f5es r\u00e1pidas, desenhos, palavras-chave, entre muitos outros trabalhos. O\u00a0bloco de anota\u00e7\u00f5es personalizado\u00a0\u00e9 feito para quem gosta de praticidade e precisa dela para facilitar uma rotina agitada.<\/p>\n<p>Na Redoma, os clientes encontram blocos notepads Smart M, Smart P, Talk, Rep\u00f3rter, Notes, Risque e cubos de lembretes. Os produtos s\u00e3o ideais para diversos usos em ambientes empresariais, residenciais e educacionais.<\/p>\n<h2>A UTILIZA\u00c7\u00c3O DO BLOCO DE ANOTA\u00c7\u00d5ES PERSONALIZADO<\/h2>\n<p>O\u00a0bloco de anota\u00e7\u00f5es personalizado\u00a0pode ser usado em situa\u00e7\u00f5es diversas, quando os lembretes precisam ser r\u00e1pidos e individuais ou quando s\u00e3o feitos com cuidado para que outras pessoas os encontrem. Na Redoma, o\u00a0bloco de anota\u00e7\u00f5es personalizado\u00a0\u00e9 fabricado a partir de diversos conceitos, com cole\u00e7\u00f5es novas todos os anos e as vantagens listadas a seguir:<\/p>\n<ul class=\"list\">\n<li>O design do bloco de anota\u00e7\u00f5es pode ser notepad, cubo, entre outros.<\/li>\n<li>Estampa, cores e texturas podem ser encomendadas de formas variadas.<\/li>\n<\/ul>\n<h2>SOLU\u00c7\u00d5ES GR\u00c1FICAS COM RESPEITO \u00c0 NATUREZA<\/h2>\n<p>A fabrica\u00e7\u00e3o de solu\u00e7\u00f5es gr\u00e1ficas como o\u00a0bloco de anota\u00e7\u00f5es personalizado\u00a0faz uso de recursos naturais como \u00e1gua e madeira florestal. \u00c9 por isso que a consci\u00eancia e a sustentabilidade precisam de aten\u00e7\u00e3o total em todo o processo de planejamento e produ\u00e7\u00e3o.<\/p>\n<p>Um exemplo dessa sustentabilidade e respeito \u00e0 natureza \u00e9 o certificado FSC, que atesta o manejo respons\u00e1vel da extra\u00e7\u00e3o da mat\u00e9ria-prima utilizada. Tamb\u00e9m h\u00e1 grande consci\u00eancia na utiliza\u00e7\u00e3o de energia e \u00e1gua, que precisam ser preservados para a garantia do futuro das pr\u00f3ximas gera\u00e7\u00f5es. Conhe\u00e7a a Redoma para saber mais!<\/p>\n<h2>FALE COM A REDOMA!<\/h2>\n<p>Al\u00e9m do\u00a0bloco de anota\u00e7\u00f5es personalizado, a Redoma produz agendas de todos os tipos, \u00edndices telef\u00f4nicos, calend\u00e1rios e muitas outras solu\u00e7\u00f5es gr\u00e1ficas desde 1975. S\u00e3o mais de 40 anos de experi\u00eancia no mercado e na fabrica\u00e7\u00e3o desses produtos e, por isso, a empresa se tornou um dos maiores destaques em seu ramo de atua\u00e7\u00e3o. Saiba mais sobre a Redoma ao entrar em contato com a empresa que fica em Cajamar &#8211; S\u00e3o Paulo!<\/p>\n<h2>PARA SABER MAIS SOBRE BLOCO DE ANOTA\u00c7\u00d5ES PERSONALIZADO<\/h2>\n<p>Ligue para\u00a011 4448-7300\u00a0ou mande e-mail para:\u00a0atendimento@redoma.com.br[\/vc_column_text][\/vc_column][\/vc_row][vc_row][vc_column][vc_media_grid grid_id=&#8221;vc_gid:1620264276840-038b85b2-7899-1&#8243; include=&#8221;1938,1939,1878&#8243;][\/vc_column][\/vc_row]<\/p>\n<\/div>","protected":false},"excerpt":{"rendered":"<p>[vc_row][vc_column][vc_column_text] DIFERENTES MODELOS DE BLOCO DE ANOTA\u00c7\u00d5ES PERSONALIZADO O\u00a0bloco de anota\u00e7\u00f5es personalizado\u00a0\u00e9 um acess\u00f3rio utilizado para lembretes r\u00e1pidos ou anota\u00e7\u00f5es que n\u00e3o podem ser esquecidas. \u00c9 idealizado para que informa\u00e7\u00f5es importantes n\u00e3o se percam em meio a tantas comunica\u00e7\u00f5es di\u00e1rias. S\u00e3o \u00fateis para anota\u00e7\u00f5es r\u00e1pidas, desenhos, palavras-chave, entre muitos outros trabalhos. O\u00a0bloco de anota\u00e7\u00f5es personalizado\u00a0\u00e9&hellip;<\/p>\n","protected":false},"author":1,"featured_media":1939,"parent":1880,"menu_order":0,"comment_status":"closed","ping_status":"closed","template":"","meta":{"footnotes":""},"class_list":["post-1937","page","type-page","status-publish","has-post-thumbnail","hentry","description-off"],"yoast_head":"<!-- This site is optimized with the Yoast SEO plugin v26.8 - https:\/\/yoast.com\/product\/yoast-seo-wordpress\/ -->\n<title>BLOCO DE ANOTA\u00c7\u00d5ES PERSONALIZADO - Redoma - Brindes Corporativos<\/title>\n<meta name=\"robots\" content=\"index, follow, max-snippet:-1, max-image-preview:large, max-video-preview:-1\" \/>\n<link rel=\"canonical\" href=\"https:\/\/redoma.com.br\/corporativo\/informacoes\/blocos\/bloco-de-anotacoes-personalizado\/\" \/>\n<meta property=\"og:locale\" content=\"pt_BR\" \/>\n<meta property=\"og:type\" content=\"article\" \/>\n<meta property=\"og:title\" content=\"BLOCO DE ANOTA\u00c7\u00d5ES PERSONALIZADO - Redoma - Brindes Corporativos\" \/>\n<meta property=\"og:description\" content=\"[vc_row][vc_column][vc_column_text] DIFERENTES MODELOS DE BLOCO DE ANOTA\u00c7\u00d5ES PERSONALIZADO O\u00a0bloco de anota\u00e7\u00f5es personalizado\u00a0\u00e9 um acess\u00f3rio utilizado para lembretes r\u00e1pidos ou anota\u00e7\u00f5es que n\u00e3o podem ser esquecidas. \u00c9 idealizado para que informa\u00e7\u00f5es importantes n\u00e3o se percam em meio a tantas comunica\u00e7\u00f5es di\u00e1rias. S\u00e3o \u00fateis para anota\u00e7\u00f5es r\u00e1pidas, desenhos, palavras-chave, entre muitos outros trabalhos. O\u00a0bloco de anota\u00e7\u00f5es personalizado\u00a0\u00e9&hellip;\" \/>\n<meta property=\"og:url\" content=\"https:\/\/redoma.com.br\/corporativo\/informacoes\/blocos\/bloco-de-anotacoes-personalizado\/\" \/>\n<meta property=\"og:site_name\" content=\"Redoma - Brindes Corporativos\" \/>\n<meta property=\"og:image\" content=\"https:\/\/redoma.com.br\/corporativo\/wp-content\/uploads\/2021\/05\/bloco_anotacoes_personalizado_01.jpg\" \/>\n\t<meta property=\"og:image:width\" content=\"480\" \/>\n\t<meta property=\"og:image:height\" content=\"480\" \/>\n\t<meta property=\"og:image:type\" content=\"image\/jpeg\" \/>\n<meta name=\"twitter:card\" content=\"summary_large_image\" \/>\n<meta name=\"twitter:label1\" content=\"Est. tempo de leitura\" \/>\n\t<meta name=\"twitter:data1\" content=\"2 minutos\" \/>\n<script type=\"application\/ld+json\" class=\"yoast-schema-graph\">{\"@context\":\"https:\/\/schema.org\",\"@graph\":[{\"@type\":\"WebPage\",\"@id\":\"https:\/\/redoma.com.br\/corporativo\/informacoes\/blocos\/bloco-de-anotacoes-personalizado\/\",\"url\":\"https:\/\/redoma.com.br\/corporativo\/informacoes\/blocos\/bloco-de-anotacoes-personalizado\/\",\"name\":\"BLOCO DE ANOTA\u00c7\u00d5ES PERSONALIZADO - Redoma - Brindes Corporativos\",\"isPartOf\":{\"@id\":\"https:\/\/redoma.com.br\/corporativo\/#website\"},\"primaryImageOfPage\":{\"@id\":\"https:\/\/redoma.com.br\/corporativo\/informacoes\/blocos\/bloco-de-anotacoes-personalizado\/#primaryimage\"},\"image\":{\"@id\":\"https:\/\/redoma.com.br\/corporativo\/informacoes\/blocos\/bloco-de-anotacoes-personalizado\/#primaryimage\"},\"thumbnailUrl\":\"https:\/\/redoma.com.br\/corporativo\/wp-content\/uploads\/2021\/05\/bloco_anotacoes_personalizado_01.jpg\",\"datePublished\":\"2021-05-06T01:25:14+00:00\",\"breadcrumb\":{\"@id\":\"https:\/\/redoma.com.br\/corporativo\/informacoes\/blocos\/bloco-de-anotacoes-personalizado\/#breadcrumb\"},\"inLanguage\":\"pt-BR\",\"potentialAction\":[{\"@type\":\"ReadAction\",\"target\":[\"https:\/\/redoma.com.br\/corporativo\/informacoes\/blocos\/bloco-de-anotacoes-personalizado\/\"]}]},{\"@type\":\"ImageObject\",\"inLanguage\":\"pt-BR\",\"@id\":\"https:\/\/redoma.com.br\/corporativo\/informacoes\/blocos\/bloco-de-anotacoes-personalizado\/#primaryimage\",\"url\":\"https:\/\/redoma.com.br\/corporativo\/wp-content\/uploads\/2021\/05\/bloco_anotacoes_personalizado_01.jpg\",\"contentUrl\":\"https:\/\/redoma.com.br\/corporativo\/wp-content\/uploads\/2021\/05\/bloco_anotacoes_personalizado_01.jpg\",\"width\":480,\"height\":480},{\"@type\":\"BreadcrumbList\",\"@id\":\"https:\/\/redoma.com.br\/corporativo\/informacoes\/blocos\/bloco-de-anotacoes-personalizado\/#breadcrumb\",\"itemListElement\":[{\"@type\":\"ListItem\",\"position\":1,\"name\":\"In\u00edcio\",\"item\":\"https:\/\/redoma.com.br\/corporativo\/\"},{\"@type\":\"ListItem\",\"position\":2,\"name\":\"Informa\u00e7\u00f5es\",\"item\":\"https:\/\/redoma.com.br\/corporativo\/informacoes\/\"},{\"@type\":\"ListItem\",\"position\":3,\"name\":\"Blocos\",\"item\":\"https:\/\/redoma.com.br\/corporativo\/informacoes\/blocos\/\"},{\"@type\":\"ListItem\",\"position\":4,\"name\":\"BLOCO DE ANOTA\u00c7\u00d5ES PERSONALIZADO\"}]},{\"@type\":\"WebSite\",\"@id\":\"https:\/\/redoma.com.br\/corporativo\/#website\",\"url\":\"https:\/\/redoma.com.br\/corporativo\/\",\"name\":\"Redoma - Brindes Corporativos\",\"description\":\"Produzimos Agenda Personalizada, Calend\u00e1rio Financeiro, Planner Personalizado, Caderno Personalizado, Caderneta personalizada e mais\",\"potentialAction\":[{\"@type\":\"SearchAction\",\"target\":{\"@type\":\"EntryPoint\",\"urlTemplate\":\"https:\/\/redoma.com.br\/corporativo\/?s={search_term_string}\"},\"query-input\":{\"@type\":\"PropertyValueSpecification\",\"valueRequired\":true,\"valueName\":\"search_term_string\"}}],\"inLanguage\":\"pt-BR\"}]}<\/script>\n<!-- \/ Yoast SEO plugin. -->","yoast_head_json":{"title":"BLOCO DE ANOTA\u00c7\u00d5ES PERSONALIZADO - Redoma - Brindes Corporativos","robots":{"index":"index","follow":"follow","max-snippet":"max-snippet:-1","max-image-preview":"max-image-preview:large","max-video-preview":"max-video-preview:-1"},"canonical":"https:\/\/redoma.com.br\/corporativo\/informacoes\/blocos\/bloco-de-anotacoes-personalizado\/","og_locale":"pt_BR","og_type":"article","og_title":"BLOCO DE ANOTA\u00c7\u00d5ES PERSONALIZADO - Redoma - Brindes Corporativos","og_description":"[vc_row][vc_column][vc_column_text] DIFERENTES MODELOS DE BLOCO DE ANOTA\u00c7\u00d5ES PERSONALIZADO O\u00a0bloco de anota\u00e7\u00f5es personalizado\u00a0\u00e9 um acess\u00f3rio utilizado para lembretes r\u00e1pidos ou anota\u00e7\u00f5es que n\u00e3o podem ser esquecidas. \u00c9 idealizado para que informa\u00e7\u00f5es importantes n\u00e3o se percam em meio a tantas comunica\u00e7\u00f5es di\u00e1rias. S\u00e3o \u00fateis para anota\u00e7\u00f5es r\u00e1pidas, desenhos, palavras-chave, entre muitos outros trabalhos. O\u00a0bloco de anota\u00e7\u00f5es personalizado\u00a0\u00e9&hellip;","og_url":"https:\/\/redoma.com.br\/corporativo\/informacoes\/blocos\/bloco-de-anotacoes-personalizado\/","og_site_name":"Redoma - Brindes Corporativos","og_image":[{"width":480,"height":480,"url":"https:\/\/redoma.com.br\/corporativo\/wp-content\/uploads\/2021\/05\/bloco_anotacoes_personalizado_01.jpg","type":"image\/jpeg"}],"twitter_card":"summary_large_image","twitter_misc":{"Est. tempo de leitura":"2 minutos"},"schema":{"@context":"https:\/\/schema.org","@graph":[{"@type":"WebPage","@id":"https:\/\/redoma.com.br\/corporativo\/informacoes\/blocos\/bloco-de-anotacoes-personalizado\/","url":"https:\/\/redoma.com.br\/corporativo\/informacoes\/blocos\/bloco-de-anotacoes-personalizado\/","name":"BLOCO DE ANOTA\u00c7\u00d5ES PERSONALIZADO - Redoma - Brindes Corporativos","isPartOf":{"@id":"https:\/\/redoma.com.br\/corporativo\/#website"},"primaryImageOfPage":{"@id":"https:\/\/redoma.com.br\/corporativo\/informacoes\/blocos\/bloco-de-anotacoes-personalizado\/#primaryimage"},"image":{"@id":"https:\/\/redoma.com.br\/corporativo\/informacoes\/blocos\/bloco-de-anotacoes-personalizado\/#primaryimage"},"thumbnailUrl":"https:\/\/redoma.com.br\/corporativo\/wp-content\/uploads\/2021\/05\/bloco_anotacoes_personalizado_01.jpg","datePublished":"2021-05-06T01:25:14+00:00","breadcrumb":{"@id":"https:\/\/redoma.com.br\/corporativo\/informacoes\/blocos\/bloco-de-anotacoes-personalizado\/#breadcrumb"},"inLanguage":"pt-BR","potentialAction":[{"@type":"ReadAction","target":["https:\/\/redoma.com.br\/corporativo\/informacoes\/blocos\/bloco-de-anotacoes-personalizado\/"]}]},{"@type":"ImageObject","inLanguage":"pt-BR","@id":"https:\/\/redoma.com.br\/corporativo\/informacoes\/blocos\/bloco-de-anotacoes-personalizado\/#primaryimage","url":"https:\/\/redoma.com.br\/corporativo\/wp-content\/uploads\/2021\/05\/bloco_anotacoes_personalizado_01.jpg","contentUrl":"https:\/\/redoma.com.br\/corporativo\/wp-content\/uploads\/2021\/05\/bloco_anotacoes_personalizado_01.jpg","width":480,"height":480},{"@type":"BreadcrumbList","@id":"https:\/\/redoma.com.br\/corporativo\/informacoes\/blocos\/bloco-de-anotacoes-personalizado\/#breadcrumb","itemListElement":[{"@type":"ListItem","position":1,"name":"In\u00edcio","item":"https:\/\/redoma.com.br\/corporativo\/"},{"@type":"ListItem","position":2,"name":"Informa\u00e7\u00f5es","item":"https:\/\/redoma.com.br\/corporativo\/informacoes\/"},{"@type":"ListItem","position":3,"name":"Blocos","item":"https:\/\/redoma.com.br\/corporativo\/informacoes\/blocos\/"},{"@type":"ListItem","position":4,"name":"BLOCO DE ANOTA\u00c7\u00d5ES PERSONALIZADO"}]},{"@type":"WebSite","@id":"https:\/\/redoma.com.br\/corporativo\/#website","url":"https:\/\/redoma.com.br\/corporativo\/","name":"Redoma - Brindes Corporativos","description":"Produzimos Agenda Personalizada, Calend\u00e1rio Financeiro, Planner Personalizado, Caderno Personalizado, Caderneta personalizada e mais","potentialAction":[{"@type":"SearchAction","target":{"@type":"EntryPoint","urlTemplate":"https:\/\/redoma.com.br\/corporativo\/?s={search_term_string}"},"query-input":{"@type":"PropertyValueSpecification","valueRequired":true,"valueName":"search_term_string"}}],"inLanguage":"pt-BR"}]}},"_links":{"self":[{"href":"https:\/\/redoma.com.br\/corporativo\/wp-json\/wp\/v2\/pages\/1937","targetHints":{"allow":["GET"]}}],"collection":[{"href":"https:\/\/redoma.com.br\/corporativo\/wp-json\/wp\/v2\/pages"}],"about":[{"href":"https:\/\/redoma.com.br\/corporativo\/wp-json\/wp\/v2\/types\/page"}],"author":[{"embeddable":true,"href":"https:\/\/redoma.com.br\/corporativo\/wp-json\/wp\/v2\/users\/1"}],"replies":[{"embeddable":true,"href":"https:\/\/redoma.com.br\/corporativo\/wp-json\/wp\/v2\/comments?post=1937"}],"version-history":[{"count":1,"href":"https:\/\/redoma.com.br\/corporativo\/wp-json\/wp\/v2\/pages\/1937\/revisions"}],"predecessor-version":[{"id":1940,"href":"https:\/\/redoma.com.br\/corporativo\/wp-json\/wp\/v2\/pages\/1937\/revisions\/1940"}],"up":[{"embeddable":true,"href":"https:\/\/redoma.com.br\/corporativo\/wp-json\/wp\/v2\/pages\/1880"}],"wp:featuredmedia":[{"embeddable":true,"href":"https:\/\/redoma.com.br\/corporativo\/wp-json\/wp\/v2\/media\/1939"}],"wp:attachment":[{"href":"https:\/\/redoma.com.br\/corporativo\/wp-json\/wp\/v2\/media?parent=1937"}],"curies":[{"name":"wp","href":"https:\/\/api.w.org\/{rel}","templated":true}]}}