
{"id":1908,"date":"2021-05-05T22:10:29","date_gmt":"2021-05-06T01:10:29","guid":{"rendered":"https:\/\/novo.redoma.com.br\/?page_id=1908"},"modified":"2021-05-05T22:10:29","modified_gmt":"2021-05-06T01:10:29","slug":"caderno-corporativo-personalizado","status":"publish","type":"page","link":"https:\/\/redoma.com.br\/corporativo\/informacoes\/cadernos\/caderno-corporativo-personalizado\/","title":{"rendered":"CADERNO CORPORATIVO PERSONALIZADO"},"content":{"rendered":"<div class=\"wpb-content-wrapper\"><p>[vc_row][vc_column][vc_column_text]<\/p>\n<h2>CADERNO CORPORATIVO PERSONALIZADO PARA A SUA EMPRESA<\/h2>\n<p>A aquisi\u00e7\u00e3o de\u00a0caderno corporativo personalizado\u00a0pode ajudar bastante no marketing de um empreendimento que procura levar sua marca para todos os lugares e espalhar suas cores para serem vistas pela popula\u00e7\u00e3o no dia a dia. O\u00a0caderno corporativo personalizado\u00a0\u00e9 um acess\u00f3rio que faz parte da rotina de muitas pessoas, inclusive dos funcion\u00e1rios do empreendimento, que muitas vezes far\u00e3o uso dessa ferramenta para a organiza\u00e7\u00e3o de seus trabalhos e outras anota\u00e7\u00f5es.<\/p>\n<h2>A VARIEDADE DE CADERNO CORPORATIVO PERSONALIZADO<\/h2>\n<p>Como o nome j\u00e1 diz, o\u00a0caderno corporativo personalizado\u00a0pode ser fabricado de acordo com a necessidade da empresa parceira da Redoma. Entre muitos outros aspectos, esses cadernos podem variar nos seguintes fatores:<\/p>\n<ul class=\"list\">\n<li>Brochura ou espiral;<\/li>\n<li>Com pauta ou liso;<\/li>\n<li>Textura, estampa e cores da capa.<\/li>\n<\/ul>\n<p>Na Redoma, a produ\u00e7\u00e3o de\u00a0caderno corporativo personalizado\u00a0\u00e9 levada muito a s\u00e9rio e, por isso, os produtos s\u00e3o dotados de sofistica\u00e7\u00e3o, com respeito ao conceito que a empresa parceira prop\u00f5e para o material. \u00c9 por isso que a Redoma se mant\u00e9m em destaque no ramo de solu\u00e7\u00f5es gr\u00e1ficas h\u00e1 mais de 4 d\u00e9cadas. A aten\u00e7\u00e3o aos parceiros \u00e9 total e o produto final excede as expectativas.<\/p>\n<h2>PRODU\u00c7\u00c3O DO CADERNO CORPORATIVO PERSONALIZADO<\/h2>\n<p>O desenvolvimento tecnol\u00f3gico da Redoma continua levando mais inova\u00e7\u00f5es para a produ\u00e7\u00e3o de solu\u00e7\u00f5es gr\u00e1ficas dur\u00e1veis e, ao mesmo tempo, esteticamente bonitas e sofisticadas. Adquirir produtos Redoma \u00e9 levar a jun\u00e7\u00e3o perfeita de produ\u00e7\u00e3o de qualidade com respeito \u00e0 natureza para a rotina de todos que far\u00e3o uso desses acess\u00f3rios, que variam entre cadernos, cadernetas, agendas, calend\u00e1rios, \u00edndices telef\u00f4nicos e muitos outros.<\/p>\n<p>Um exemplo disso \u00e9 o certificado FSC, que garante a excel\u00eancia da Redoma no manejo da mat\u00e9ria-prima natural, com respeito ao meio ambiente.<\/p>\n<h2>CONHE\u00c7A A REDOMA!<\/h2>\n<p>Conhe\u00e7a a Redoma em Cajamar, S\u00e3o Paulo, ou entre em contato por meio das op\u00e7\u00f5es dispon\u00edveis no site. Adquira produtos e saiba mais sobre o transporte para a sua regi\u00e3o! A Redoma possui uma estrutura de 11.000m2 e conta com m\u00e3o de obra especializada na produ\u00e7\u00e3o de solu\u00e7\u00f5es gr\u00e1ficas com seguran\u00e7a e efici\u00eancia. Entre em contato e solicite um or\u00e7amento para\u00a0caderno corporativo personalizado!<\/p>\n<h2>PARA SABER MAIS SOBRE CADERNO CORPORATIVO PERSONALIZADO<\/h2>\n<p>Ligue para\u00a011 4448-7300\u00a0ou mande e-mail para:\u00a0atendimento@redoma.com.br[\/vc_column_text][\/vc_column][\/vc_row][vc_row][vc_column][vc_media_grid grid_id=&#8221;vc_gid:1620263401358-364f1ba0-a665-0&#8243; include=&#8221;1893,1897,1896&#8243;][\/vc_column][\/vc_row]<\/p>\n<\/div>","protected":false},"excerpt":{"rendered":"<p>[vc_row][vc_column][vc_column_text] CADERNO CORPORATIVO PERSONALIZADO PARA A SUA EMPRESA A aquisi\u00e7\u00e3o de\u00a0caderno corporativo personalizado\u00a0pode ajudar bastante no marketing de um empreendimento que procura levar sua marca para todos os lugares e espalhar suas cores para serem vistas pela popula\u00e7\u00e3o no dia a dia. O\u00a0caderno corporativo personalizado\u00a0\u00e9 um acess\u00f3rio que faz parte da rotina de muitas pessoas,&hellip;<\/p>\n","protected":false},"author":1,"featured_media":1893,"parent":1874,"menu_order":0,"comment_status":"closed","ping_status":"closed","template":"","meta":{"footnotes":""},"class_list":["post-1908","page","type-page","status-publish","has-post-thumbnail","hentry","description-off"],"yoast_head":"<!-- This site is optimized with the Yoast SEO plugin v26.8 - https:\/\/yoast.com\/product\/yoast-seo-wordpress\/ -->\n<title>CADERNO CORPORATIVO PERSONALIZADO - Redoma - Brindes Corporativos<\/title>\n<meta name=\"robots\" content=\"index, follow, max-snippet:-1, max-image-preview:large, max-video-preview:-1\" \/>\n<link rel=\"canonical\" href=\"https:\/\/redoma.com.br\/corporativo\/informacoes\/cadernos\/caderno-corporativo-personalizado\/\" \/>\n<meta property=\"og:locale\" content=\"pt_BR\" \/>\n<meta property=\"og:type\" content=\"article\" \/>\n<meta property=\"og:title\" content=\"CADERNO CORPORATIVO PERSONALIZADO - Redoma - Brindes Corporativos\" \/>\n<meta property=\"og:description\" content=\"[vc_row][vc_column][vc_column_text] CADERNO CORPORATIVO PERSONALIZADO PARA A SUA EMPRESA A aquisi\u00e7\u00e3o de\u00a0caderno corporativo personalizado\u00a0pode ajudar bastante no marketing de um empreendimento que procura levar sua marca para todos os lugares e espalhar suas cores para serem vistas pela popula\u00e7\u00e3o no dia a dia. O\u00a0caderno corporativo personalizado\u00a0\u00e9 um acess\u00f3rio que faz parte da rotina de muitas pessoas,&hellip;\" \/>\n<meta property=\"og:url\" content=\"https:\/\/redoma.com.br\/corporativo\/informacoes\/cadernos\/caderno-corporativo-personalizado\/\" \/>\n<meta property=\"og:site_name\" content=\"Redoma - Brindes Corporativos\" \/>\n<meta property=\"og:image\" content=\"https:\/\/redoma.com.br\/corporativo\/wp-content\/uploads\/2021\/05\/brindes_cadernos_e_agendas_01.jpg\" \/>\n\t<meta property=\"og:image:width\" content=\"480\" \/>\n\t<meta property=\"og:image:height\" content=\"480\" \/>\n\t<meta property=\"og:image:type\" content=\"image\/jpeg\" \/>\n<meta name=\"twitter:card\" content=\"summary_large_image\" \/>\n<meta name=\"twitter:label1\" content=\"Est. tempo de leitura\" \/>\n\t<meta name=\"twitter:data1\" content=\"2 minutos\" \/>\n<script type=\"application\/ld+json\" class=\"yoast-schema-graph\">{\"@context\":\"https:\/\/schema.org\",\"@graph\":[{\"@type\":\"WebPage\",\"@id\":\"https:\/\/redoma.com.br\/corporativo\/informacoes\/cadernos\/caderno-corporativo-personalizado\/\",\"url\":\"https:\/\/redoma.com.br\/corporativo\/informacoes\/cadernos\/caderno-corporativo-personalizado\/\",\"name\":\"CADERNO CORPORATIVO PERSONALIZADO - Redoma - Brindes Corporativos\",\"isPartOf\":{\"@id\":\"https:\/\/redoma.com.br\/corporativo\/#website\"},\"primaryImageOfPage\":{\"@id\":\"https:\/\/redoma.com.br\/corporativo\/informacoes\/cadernos\/caderno-corporativo-personalizado\/#primaryimage\"},\"image\":{\"@id\":\"https:\/\/redoma.com.br\/corporativo\/informacoes\/cadernos\/caderno-corporativo-personalizado\/#primaryimage\"},\"thumbnailUrl\":\"https:\/\/redoma.com.br\/corporativo\/wp-content\/uploads\/2021\/05\/brindes_cadernos_e_agendas_01.jpg\",\"datePublished\":\"2021-05-06T01:10:29+00:00\",\"breadcrumb\":{\"@id\":\"https:\/\/redoma.com.br\/corporativo\/informacoes\/cadernos\/caderno-corporativo-personalizado\/#breadcrumb\"},\"inLanguage\":\"pt-BR\",\"potentialAction\":[{\"@type\":\"ReadAction\",\"target\":[\"https:\/\/redoma.com.br\/corporativo\/informacoes\/cadernos\/caderno-corporativo-personalizado\/\"]}]},{\"@type\":\"ImageObject\",\"inLanguage\":\"pt-BR\",\"@id\":\"https:\/\/redoma.com.br\/corporativo\/informacoes\/cadernos\/caderno-corporativo-personalizado\/#primaryimage\",\"url\":\"https:\/\/redoma.com.br\/corporativo\/wp-content\/uploads\/2021\/05\/brindes_cadernos_e_agendas_01.jpg\",\"contentUrl\":\"https:\/\/redoma.com.br\/corporativo\/wp-content\/uploads\/2021\/05\/brindes_cadernos_e_agendas_01.jpg\",\"width\":480,\"height\":480},{\"@type\":\"BreadcrumbList\",\"@id\":\"https:\/\/redoma.com.br\/corporativo\/informacoes\/cadernos\/caderno-corporativo-personalizado\/#breadcrumb\",\"itemListElement\":[{\"@type\":\"ListItem\",\"position\":1,\"name\":\"In\u00edcio\",\"item\":\"https:\/\/redoma.com.br\/corporativo\/\"},{\"@type\":\"ListItem\",\"position\":2,\"name\":\"Informa\u00e7\u00f5es\",\"item\":\"https:\/\/redoma.com.br\/corporativo\/informacoes\/\"},{\"@type\":\"ListItem\",\"position\":3,\"name\":\"Cadernos\",\"item\":\"https:\/\/redoma.com.br\/corporativo\/informacoes\/cadernos\/\"},{\"@type\":\"ListItem\",\"position\":4,\"name\":\"CADERNO CORPORATIVO PERSONALIZADO\"}]},{\"@type\":\"WebSite\",\"@id\":\"https:\/\/redoma.com.br\/corporativo\/#website\",\"url\":\"https:\/\/redoma.com.br\/corporativo\/\",\"name\":\"Redoma - Brindes Corporativos\",\"description\":\"Produzimos Agenda Personalizada, Calend\u00e1rio Financeiro, Planner Personalizado, Caderno Personalizado, Caderneta personalizada e mais\",\"potentialAction\":[{\"@type\":\"SearchAction\",\"target\":{\"@type\":\"EntryPoint\",\"urlTemplate\":\"https:\/\/redoma.com.br\/corporativo\/?s={search_term_string}\"},\"query-input\":{\"@type\":\"PropertyValueSpecification\",\"valueRequired\":true,\"valueName\":\"search_term_string\"}}],\"inLanguage\":\"pt-BR\"}]}<\/script>\n<!-- \/ Yoast SEO plugin. -->","yoast_head_json":{"title":"CADERNO CORPORATIVO PERSONALIZADO - Redoma - Brindes Corporativos","robots":{"index":"index","follow":"follow","max-snippet":"max-snippet:-1","max-image-preview":"max-image-preview:large","max-video-preview":"max-video-preview:-1"},"canonical":"https:\/\/redoma.com.br\/corporativo\/informacoes\/cadernos\/caderno-corporativo-personalizado\/","og_locale":"pt_BR","og_type":"article","og_title":"CADERNO CORPORATIVO PERSONALIZADO - Redoma - Brindes Corporativos","og_description":"[vc_row][vc_column][vc_column_text] CADERNO CORPORATIVO PERSONALIZADO PARA A SUA EMPRESA A aquisi\u00e7\u00e3o de\u00a0caderno corporativo personalizado\u00a0pode ajudar bastante no marketing de um empreendimento que procura levar sua marca para todos os lugares e espalhar suas cores para serem vistas pela popula\u00e7\u00e3o no dia a dia. O\u00a0caderno corporativo personalizado\u00a0\u00e9 um acess\u00f3rio que faz parte da rotina de muitas pessoas,&hellip;","og_url":"https:\/\/redoma.com.br\/corporativo\/informacoes\/cadernos\/caderno-corporativo-personalizado\/","og_site_name":"Redoma - Brindes Corporativos","og_image":[{"width":480,"height":480,"url":"https:\/\/redoma.com.br\/corporativo\/wp-content\/uploads\/2021\/05\/brindes_cadernos_e_agendas_01.jpg","type":"image\/jpeg"}],"twitter_card":"summary_large_image","twitter_misc":{"Est. tempo de leitura":"2 minutos"},"schema":{"@context":"https:\/\/schema.org","@graph":[{"@type":"WebPage","@id":"https:\/\/redoma.com.br\/corporativo\/informacoes\/cadernos\/caderno-corporativo-personalizado\/","url":"https:\/\/redoma.com.br\/corporativo\/informacoes\/cadernos\/caderno-corporativo-personalizado\/","name":"CADERNO CORPORATIVO PERSONALIZADO - Redoma - Brindes Corporativos","isPartOf":{"@id":"https:\/\/redoma.com.br\/corporativo\/#website"},"primaryImageOfPage":{"@id":"https:\/\/redoma.com.br\/corporativo\/informacoes\/cadernos\/caderno-corporativo-personalizado\/#primaryimage"},"image":{"@id":"https:\/\/redoma.com.br\/corporativo\/informacoes\/cadernos\/caderno-corporativo-personalizado\/#primaryimage"},"thumbnailUrl":"https:\/\/redoma.com.br\/corporativo\/wp-content\/uploads\/2021\/05\/brindes_cadernos_e_agendas_01.jpg","datePublished":"2021-05-06T01:10:29+00:00","breadcrumb":{"@id":"https:\/\/redoma.com.br\/corporativo\/informacoes\/cadernos\/caderno-corporativo-personalizado\/#breadcrumb"},"inLanguage":"pt-BR","potentialAction":[{"@type":"ReadAction","target":["https:\/\/redoma.com.br\/corporativo\/informacoes\/cadernos\/caderno-corporativo-personalizado\/"]}]},{"@type":"ImageObject","inLanguage":"pt-BR","@id":"https:\/\/redoma.com.br\/corporativo\/informacoes\/cadernos\/caderno-corporativo-personalizado\/#primaryimage","url":"https:\/\/redoma.com.br\/corporativo\/wp-content\/uploads\/2021\/05\/brindes_cadernos_e_agendas_01.jpg","contentUrl":"https:\/\/redoma.com.br\/corporativo\/wp-content\/uploads\/2021\/05\/brindes_cadernos_e_agendas_01.jpg","width":480,"height":480},{"@type":"BreadcrumbList","@id":"https:\/\/redoma.com.br\/corporativo\/informacoes\/cadernos\/caderno-corporativo-personalizado\/#breadcrumb","itemListElement":[{"@type":"ListItem","position":1,"name":"In\u00edcio","item":"https:\/\/redoma.com.br\/corporativo\/"},{"@type":"ListItem","position":2,"name":"Informa\u00e7\u00f5es","item":"https:\/\/redoma.com.br\/corporativo\/informacoes\/"},{"@type":"ListItem","position":3,"name":"Cadernos","item":"https:\/\/redoma.com.br\/corporativo\/informacoes\/cadernos\/"},{"@type":"ListItem","position":4,"name":"CADERNO CORPORATIVO PERSONALIZADO"}]},{"@type":"WebSite","@id":"https:\/\/redoma.com.br\/corporativo\/#website","url":"https:\/\/redoma.com.br\/corporativo\/","name":"Redoma - Brindes Corporativos","description":"Produzimos Agenda Personalizada, Calend\u00e1rio Financeiro, Planner Personalizado, Caderno Personalizado, Caderneta personalizada e mais","potentialAction":[{"@type":"SearchAction","target":{"@type":"EntryPoint","urlTemplate":"https:\/\/redoma.com.br\/corporativo\/?s={search_term_string}"},"query-input":{"@type":"PropertyValueSpecification","valueRequired":true,"valueName":"search_term_string"}}],"inLanguage":"pt-BR"}]}},"_links":{"self":[{"href":"https:\/\/redoma.com.br\/corporativo\/wp-json\/wp\/v2\/pages\/1908","targetHints":{"allow":["GET"]}}],"collection":[{"href":"https:\/\/redoma.com.br\/corporativo\/wp-json\/wp\/v2\/pages"}],"about":[{"href":"https:\/\/redoma.com.br\/corporativo\/wp-json\/wp\/v2\/types\/page"}],"author":[{"embeddable":true,"href":"https:\/\/redoma.com.br\/corporativo\/wp-json\/wp\/v2\/users\/1"}],"replies":[{"embeddable":true,"href":"https:\/\/redoma.com.br\/corporativo\/wp-json\/wp\/v2\/comments?post=1908"}],"version-history":[{"count":1,"href":"https:\/\/redoma.com.br\/corporativo\/wp-json\/wp\/v2\/pages\/1908\/revisions"}],"predecessor-version":[{"id":1909,"href":"https:\/\/redoma.com.br\/corporativo\/wp-json\/wp\/v2\/pages\/1908\/revisions\/1909"}],"up":[{"embeddable":true,"href":"https:\/\/redoma.com.br\/corporativo\/wp-json\/wp\/v2\/pages\/1874"}],"wp:featuredmedia":[{"embeddable":true,"href":"https:\/\/redoma.com.br\/corporativo\/wp-json\/wp\/v2\/media\/1893"}],"wp:attachment":[{"href":"https:\/\/redoma.com.br\/corporativo\/wp-json\/wp\/v2\/media?parent=1908"}],"curies":[{"name":"wp","href":"https:\/\/api.w.org\/{rel}","templated":true}]}}