
{"id":1822,"date":"2021-05-05T19:35:02","date_gmt":"2021-05-05T22:35:02","guid":{"rendered":"https:\/\/novo.redoma.com.br\/?page_id=1822"},"modified":"2021-05-05T19:35:02","modified_gmt":"2021-05-05T22:35:02","slug":"fabrica-de-agendas","status":"publish","type":"page","link":"https:\/\/redoma.com.br\/corporativo\/informacoes\/agendas\/fabrica-de-agendas\/","title":{"rendered":"F\u00c1BRICA DE AGENDAS"},"content":{"rendered":"<div class=\"wpb-content-wrapper\"><p>[vc_row][vc_column][vc_column_text]<\/p>\n<h2>FALE COM A MELHOR F\u00c1BRICA DE AGENDAS DO MERCADO<\/h2>\n<p>A Redoma \u00e9 uma\u00a0f\u00e1brica de\u00a0<a title=\"AGENDAS PERSONALIZADAS\" href=\"https:\/\/redoma.com.br\/corporativo\/informacoes\/agendas\/agendas-personalizadas\">agendas<\/a>\u00a0que oferece um cat\u00e1logo completo, repleto de op\u00e7\u00f5es interessantes para empresas que querem agendas personalizadas para divulga\u00e7\u00e3o da marca ou uso interno. A Redoma tamb\u00e9m \u00e9 uma\u00a0f\u00e1brica de agendas\u00a0de v\u00e1rios tipos para vendas em papelarias e lojas varejistas do ramo.<\/p>\n<h2>QUAIS S\u00c3O OS MODELOS DE PRODUTOS DA F\u00c1BRICA DE AGENDAS?<\/h2>\n<p>A Redoma \u00e9 uma\u00a0f\u00e1brica de agendas\u00a0com v\u00e1rias op\u00e7\u00f5es para o cliente escolher o mais adequado para suas necessidades, tanto para uso interno como material de escrit\u00f3rio quanto para brindes corporativos.<\/p>\n<p>A\u00a0f\u00e1brica de agendas\u00a0di\u00e1rias tem produtos feitos com toda a estrutura necess\u00e1ria para contemplar todos os dias do ano. Trata-se de um produto ideal para organiza\u00e7\u00e3o pessoal e operacional.<\/p>\n<p>A\u00a0f\u00e1brica de agendas\u00a0di\u00e1rias Redoma apresenta os seguintes modelos ao cliente: \u00d4nix, Granada, Pamplona, Safira, Roma, Time, Esmeralda, M\u00e9rida, London, M\u00f4naco, Rubi e Turmalina. As agendas podem ser feitas para marca\u00e7\u00e3o de hor\u00e1rio a cada 30 minutos, com um dia por p\u00e1gina, e alguns modelos est\u00e3o dispon\u00edveis no papel reciclado. Os formatos variam muito de um modelo para o outro. Para o cliente conhecer todas as op\u00e7\u00f5es agora mesmo, basta olhar o cat\u00e1logo virtual da empresa.<\/p>\n<p>A Redoma tamb\u00e9m \u00e9 uma\u00a0f\u00e1brica de agendas\u00a0semanais que podem ser separadas nos seguintes modelos: Mallorca, Napoli, Executive Note, Diamante, M\u00e1laga e Planning, incluindo os tipos diferenciados e totalmente executivos. S\u00e3o agendas de alto padr\u00e3o, com impress\u00e3o em cinza e outras cores, com fita marcadora, anota\u00e7\u00e3o de hor\u00e1rio a cada 30 minutos, entre outros detalhes que fazem a diferen\u00e7a.<\/p>\n<h2>ACABAMENTOS ESPECIAIS PARA AGENDAS<\/h2>\n<p>A cada ano, a Redoma lan\u00e7a uma linha e uma cole\u00e7\u00e3o de produtos de gr\u00e1fica, entre os quais est\u00e3o as agendas. As cole\u00e7\u00f5es v\u00e3o sendo adaptadas para uso comercial ap\u00f3s uma pesquisa intensa da equipe de cria\u00e7\u00e3o da gr\u00e1fica.<\/p>\n<p>Al\u00e9m do acabamento feito pela Redoma, a gr\u00e1fica tamb\u00e9m trabalha com produtos personalizados. Em ambos os casos, s\u00e3o utilizadas v\u00e1rias t\u00e9cnicas, produtos e tecnologias para oferecer um acabamento de primeira linha para os clientes, inclusive para aqueles que querem usar a agenda para a divulga\u00e7\u00e3o de uma marca ou produto. Saiba mais!<\/p>\n<h2>PARA SABER MAIS SOBRE F\u00c1BRICA DE AGENDAS<\/h2>\n<p>Ligue para\u00a011 4448-7300\u00a0ou mande e-mail para:\u00a0atendimento@redoma.com.br[\/vc_column_text][\/vc_column][\/vc_row][vc_row][vc_column][vc_media_grid grid_id=&#8221;vc_gid:1620254086015-da341207-cec9-9&#8243; include=&#8221;1817,1803,1797&#8243;][\/vc_column][\/vc_row]<\/p>\n<\/div>","protected":false},"excerpt":{"rendered":"<p>[vc_row][vc_column][vc_column_text] FALE COM A MELHOR F\u00c1BRICA DE AGENDAS DO MERCADO A Redoma \u00e9 uma\u00a0f\u00e1brica de\u00a0agendas\u00a0que oferece um cat\u00e1logo completo, repleto de op\u00e7\u00f5es interessantes para empresas que querem agendas personalizadas para divulga\u00e7\u00e3o da marca ou uso interno. A Redoma tamb\u00e9m \u00e9 uma\u00a0f\u00e1brica de agendas\u00a0de v\u00e1rios tipos para vendas em papelarias e lojas varejistas do ramo. QUAIS&hellip;<\/p>\n","protected":false},"author":1,"featured_media":1817,"parent":1776,"menu_order":0,"comment_status":"closed","ping_status":"closed","template":"","meta":{"footnotes":""},"class_list":["post-1822","page","type-page","status-publish","has-post-thumbnail","hentry","description-off"],"yoast_head":"<!-- This site is optimized with the Yoast SEO plugin v26.8 - https:\/\/yoast.com\/product\/yoast-seo-wordpress\/ -->\n<title>F\u00c1BRICA DE AGENDAS - Redoma - Brindes Corporativos<\/title>\n<meta name=\"robots\" content=\"index, follow, max-snippet:-1, max-image-preview:large, max-video-preview:-1\" \/>\n<link rel=\"canonical\" href=\"https:\/\/redoma.com.br\/corporativo\/informacoes\/agendas\/fabrica-de-agendas\/\" \/>\n<meta property=\"og:locale\" content=\"pt_BR\" \/>\n<meta property=\"og:type\" content=\"article\" \/>\n<meta property=\"og:title\" content=\"F\u00c1BRICA DE AGENDAS - Redoma - Brindes Corporativos\" \/>\n<meta property=\"og:description\" content=\"[vc_row][vc_column][vc_column_text] FALE COM A MELHOR F\u00c1BRICA DE AGENDAS DO MERCADO A Redoma \u00e9 uma\u00a0f\u00e1brica de\u00a0agendas\u00a0que oferece um cat\u00e1logo completo, repleto de op\u00e7\u00f5es interessantes para empresas que querem agendas personalizadas para divulga\u00e7\u00e3o da marca ou uso interno. A Redoma tamb\u00e9m \u00e9 uma\u00a0f\u00e1brica de agendas\u00a0de v\u00e1rios tipos para vendas em papelarias e lojas varejistas do ramo. QUAIS&hellip;\" \/>\n<meta property=\"og:url\" content=\"https:\/\/redoma.com.br\/corporativo\/informacoes\/agendas\/fabrica-de-agendas\/\" \/>\n<meta property=\"og:site_name\" content=\"Redoma - Brindes Corporativos\" \/>\n<meta property=\"og:image\" content=\"https:\/\/redoma.com.br\/corporativo\/wp-content\/uploads\/2021\/05\/agendas_personalizadas_brindes_02.jpg\" \/>\n\t<meta property=\"og:image:width\" content=\"480\" \/>\n\t<meta property=\"og:image:height\" content=\"480\" \/>\n\t<meta property=\"og:image:type\" content=\"image\/jpeg\" \/>\n<meta name=\"twitter:card\" content=\"summary_large_image\" \/>\n<meta name=\"twitter:label1\" content=\"Est. tempo de leitura\" \/>\n\t<meta name=\"twitter:data1\" content=\"2 minutos\" \/>\n<script type=\"application\/ld+json\" class=\"yoast-schema-graph\">{\"@context\":\"https:\/\/schema.org\",\"@graph\":[{\"@type\":\"WebPage\",\"@id\":\"https:\/\/redoma.com.br\/corporativo\/informacoes\/agendas\/fabrica-de-agendas\/\",\"url\":\"https:\/\/redoma.com.br\/corporativo\/informacoes\/agendas\/fabrica-de-agendas\/\",\"name\":\"F\u00c1BRICA DE AGENDAS - Redoma - Brindes Corporativos\",\"isPartOf\":{\"@id\":\"https:\/\/redoma.com.br\/corporativo\/#website\"},\"primaryImageOfPage\":{\"@id\":\"https:\/\/redoma.com.br\/corporativo\/informacoes\/agendas\/fabrica-de-agendas\/#primaryimage\"},\"image\":{\"@id\":\"https:\/\/redoma.com.br\/corporativo\/informacoes\/agendas\/fabrica-de-agendas\/#primaryimage\"},\"thumbnailUrl\":\"https:\/\/redoma.com.br\/corporativo\/wp-content\/uploads\/2021\/05\/agendas_personalizadas_brindes_02.jpg\",\"datePublished\":\"2021-05-05T22:35:02+00:00\",\"breadcrumb\":{\"@id\":\"https:\/\/redoma.com.br\/corporativo\/informacoes\/agendas\/fabrica-de-agendas\/#breadcrumb\"},\"inLanguage\":\"pt-BR\",\"potentialAction\":[{\"@type\":\"ReadAction\",\"target\":[\"https:\/\/redoma.com.br\/corporativo\/informacoes\/agendas\/fabrica-de-agendas\/\"]}]},{\"@type\":\"ImageObject\",\"inLanguage\":\"pt-BR\",\"@id\":\"https:\/\/redoma.com.br\/corporativo\/informacoes\/agendas\/fabrica-de-agendas\/#primaryimage\",\"url\":\"https:\/\/redoma.com.br\/corporativo\/wp-content\/uploads\/2021\/05\/agendas_personalizadas_brindes_02.jpg\",\"contentUrl\":\"https:\/\/redoma.com.br\/corporativo\/wp-content\/uploads\/2021\/05\/agendas_personalizadas_brindes_02.jpg\",\"width\":480,\"height\":480},{\"@type\":\"BreadcrumbList\",\"@id\":\"https:\/\/redoma.com.br\/corporativo\/informacoes\/agendas\/fabrica-de-agendas\/#breadcrumb\",\"itemListElement\":[{\"@type\":\"ListItem\",\"position\":1,\"name\":\"In\u00edcio\",\"item\":\"https:\/\/redoma.com.br\/corporativo\/\"},{\"@type\":\"ListItem\",\"position\":2,\"name\":\"Informa\u00e7\u00f5es\",\"item\":\"https:\/\/redoma.com.br\/corporativo\/informacoes\/\"},{\"@type\":\"ListItem\",\"position\":3,\"name\":\"Agendas\",\"item\":\"https:\/\/redoma.com.br\/corporativo\/informacoes\/agendas\/\"},{\"@type\":\"ListItem\",\"position\":4,\"name\":\"F\u00c1BRICA DE AGENDAS\"}]},{\"@type\":\"WebSite\",\"@id\":\"https:\/\/redoma.com.br\/corporativo\/#website\",\"url\":\"https:\/\/redoma.com.br\/corporativo\/\",\"name\":\"Redoma - Brindes Corporativos\",\"description\":\"Produzimos Agenda Personalizada, Calend\u00e1rio Financeiro, Planner Personalizado, Caderno Personalizado, Caderneta personalizada e mais\",\"potentialAction\":[{\"@type\":\"SearchAction\",\"target\":{\"@type\":\"EntryPoint\",\"urlTemplate\":\"https:\/\/redoma.com.br\/corporativo\/?s={search_term_string}\"},\"query-input\":{\"@type\":\"PropertyValueSpecification\",\"valueRequired\":true,\"valueName\":\"search_term_string\"}}],\"inLanguage\":\"pt-BR\"}]}<\/script>\n<!-- \/ Yoast SEO plugin. -->","yoast_head_json":{"title":"F\u00c1BRICA DE AGENDAS - Redoma - Brindes Corporativos","robots":{"index":"index","follow":"follow","max-snippet":"max-snippet:-1","max-image-preview":"max-image-preview:large","max-video-preview":"max-video-preview:-1"},"canonical":"https:\/\/redoma.com.br\/corporativo\/informacoes\/agendas\/fabrica-de-agendas\/","og_locale":"pt_BR","og_type":"article","og_title":"F\u00c1BRICA DE AGENDAS - Redoma - Brindes Corporativos","og_description":"[vc_row][vc_column][vc_column_text] FALE COM A MELHOR F\u00c1BRICA DE AGENDAS DO MERCADO A Redoma \u00e9 uma\u00a0f\u00e1brica de\u00a0agendas\u00a0que oferece um cat\u00e1logo completo, repleto de op\u00e7\u00f5es interessantes para empresas que querem agendas personalizadas para divulga\u00e7\u00e3o da marca ou uso interno. A Redoma tamb\u00e9m \u00e9 uma\u00a0f\u00e1brica de agendas\u00a0de v\u00e1rios tipos para vendas em papelarias e lojas varejistas do ramo. QUAIS&hellip;","og_url":"https:\/\/redoma.com.br\/corporativo\/informacoes\/agendas\/fabrica-de-agendas\/","og_site_name":"Redoma - Brindes Corporativos","og_image":[{"width":480,"height":480,"url":"https:\/\/redoma.com.br\/corporativo\/wp-content\/uploads\/2021\/05\/agendas_personalizadas_brindes_02.jpg","type":"image\/jpeg"}],"twitter_card":"summary_large_image","twitter_misc":{"Est. tempo de leitura":"2 minutos"},"schema":{"@context":"https:\/\/schema.org","@graph":[{"@type":"WebPage","@id":"https:\/\/redoma.com.br\/corporativo\/informacoes\/agendas\/fabrica-de-agendas\/","url":"https:\/\/redoma.com.br\/corporativo\/informacoes\/agendas\/fabrica-de-agendas\/","name":"F\u00c1BRICA DE AGENDAS - Redoma - Brindes Corporativos","isPartOf":{"@id":"https:\/\/redoma.com.br\/corporativo\/#website"},"primaryImageOfPage":{"@id":"https:\/\/redoma.com.br\/corporativo\/informacoes\/agendas\/fabrica-de-agendas\/#primaryimage"},"image":{"@id":"https:\/\/redoma.com.br\/corporativo\/informacoes\/agendas\/fabrica-de-agendas\/#primaryimage"},"thumbnailUrl":"https:\/\/redoma.com.br\/corporativo\/wp-content\/uploads\/2021\/05\/agendas_personalizadas_brindes_02.jpg","datePublished":"2021-05-05T22:35:02+00:00","breadcrumb":{"@id":"https:\/\/redoma.com.br\/corporativo\/informacoes\/agendas\/fabrica-de-agendas\/#breadcrumb"},"inLanguage":"pt-BR","potentialAction":[{"@type":"ReadAction","target":["https:\/\/redoma.com.br\/corporativo\/informacoes\/agendas\/fabrica-de-agendas\/"]}]},{"@type":"ImageObject","inLanguage":"pt-BR","@id":"https:\/\/redoma.com.br\/corporativo\/informacoes\/agendas\/fabrica-de-agendas\/#primaryimage","url":"https:\/\/redoma.com.br\/corporativo\/wp-content\/uploads\/2021\/05\/agendas_personalizadas_brindes_02.jpg","contentUrl":"https:\/\/redoma.com.br\/corporativo\/wp-content\/uploads\/2021\/05\/agendas_personalizadas_brindes_02.jpg","width":480,"height":480},{"@type":"BreadcrumbList","@id":"https:\/\/redoma.com.br\/corporativo\/informacoes\/agendas\/fabrica-de-agendas\/#breadcrumb","itemListElement":[{"@type":"ListItem","position":1,"name":"In\u00edcio","item":"https:\/\/redoma.com.br\/corporativo\/"},{"@type":"ListItem","position":2,"name":"Informa\u00e7\u00f5es","item":"https:\/\/redoma.com.br\/corporativo\/informacoes\/"},{"@type":"ListItem","position":3,"name":"Agendas","item":"https:\/\/redoma.com.br\/corporativo\/informacoes\/agendas\/"},{"@type":"ListItem","position":4,"name":"F\u00c1BRICA DE AGENDAS"}]},{"@type":"WebSite","@id":"https:\/\/redoma.com.br\/corporativo\/#website","url":"https:\/\/redoma.com.br\/corporativo\/","name":"Redoma - Brindes Corporativos","description":"Produzimos Agenda Personalizada, Calend\u00e1rio Financeiro, Planner Personalizado, Caderno Personalizado, Caderneta personalizada e mais","potentialAction":[{"@type":"SearchAction","target":{"@type":"EntryPoint","urlTemplate":"https:\/\/redoma.com.br\/corporativo\/?s={search_term_string}"},"query-input":{"@type":"PropertyValueSpecification","valueRequired":true,"valueName":"search_term_string"}}],"inLanguage":"pt-BR"}]}},"_links":{"self":[{"href":"https:\/\/redoma.com.br\/corporativo\/wp-json\/wp\/v2\/pages\/1822","targetHints":{"allow":["GET"]}}],"collection":[{"href":"https:\/\/redoma.com.br\/corporativo\/wp-json\/wp\/v2\/pages"}],"about":[{"href":"https:\/\/redoma.com.br\/corporativo\/wp-json\/wp\/v2\/types\/page"}],"author":[{"embeddable":true,"href":"https:\/\/redoma.com.br\/corporativo\/wp-json\/wp\/v2\/users\/1"}],"replies":[{"embeddable":true,"href":"https:\/\/redoma.com.br\/corporativo\/wp-json\/wp\/v2\/comments?post=1822"}],"version-history":[{"count":1,"href":"https:\/\/redoma.com.br\/corporativo\/wp-json\/wp\/v2\/pages\/1822\/revisions"}],"predecessor-version":[{"id":1823,"href":"https:\/\/redoma.com.br\/corporativo\/wp-json\/wp\/v2\/pages\/1822\/revisions\/1823"}],"up":[{"embeddable":true,"href":"https:\/\/redoma.com.br\/corporativo\/wp-json\/wp\/v2\/pages\/1776"}],"wp:featuredmedia":[{"embeddable":true,"href":"https:\/\/redoma.com.br\/corporativo\/wp-json\/wp\/v2\/media\/1817"}],"wp:attachment":[{"href":"https:\/\/redoma.com.br\/corporativo\/wp-json\/wp\/v2\/media?parent=1822"}],"curies":[{"name":"wp","href":"https:\/\/api.w.org\/{rel}","templated":true}]}}