
{"id":1819,"date":"2021-05-05T19:33:40","date_gmt":"2021-05-05T22:33:40","guid":{"rendered":"https:\/\/novo.redoma.com.br\/?page_id=1819"},"modified":"2021-05-05T19:33:40","modified_gmt":"2021-05-05T22:33:40","slug":"agendas-personalizadas-para-empresas","status":"publish","type":"page","link":"https:\/\/redoma.com.br\/corporativo\/informacoes\/agendas\/agendas-personalizadas-para-empresas\/","title":{"rendered":"AGENDAS PERSONALIZADAS PARA EMPRESAS"},"content":{"rendered":"<div class=\"wpb-content-wrapper\"><p>[vc_row][vc_column][vc_column_text]<\/p>\n<h2>DIVERSAS OP\u00c7\u00d5ES DE AGENDAS PERSONALIZADAS PARA EMPRESAS<\/h2>\n<p>A Redoma \u00e9 uma gr\u00e1fica especializada em\u00a0agendas personalizadas para empresas, com mais de 40 anos de experi\u00eancia em presentes corporativos, com produtos exclusivos, realmente criativos, unindo divers\u00e3o e intelig\u00eancia para valorizar as marcas dos clientes.<\/p>\n<p>As\u00a0agendas personalizadas para empresas\u00a0s\u00e3o essenciais para marcas que querem se destacar junto ao seu p\u00fablico-alvo.<\/p>\n<p>Para n\u00e3o restar nenhuma d\u00favida de que vale a pena investir em\u00a0agendas personalizadas para empresas, basta fazer uma simples considera\u00e7\u00e3o: caso seus clientes, parceiros, investidores e outros stakeholders tenham uma agenda com uma determinada marca, quantas vezes eles v\u00e3o ficar frente a frente com ela durante um ano inteiro?<\/p>\n<p>As\u00a0agendas personalizadas para empresas\u00a0proporcionam uma visibilidade sem limites, mantendo o contato di\u00e1rio, v\u00e1rias vezes ao dia, impedindo uma empresa de ficar em segundo plano.<\/p>\n<h2>TIPOS DE AGENDAS PERSONALIZADAS PARA EMPRESAS DA REDOMA<\/h2>\n<p>Cada projeto feito para a produ\u00e7\u00e3o de\u00a0agendas personalizadas para empresas\u00a0precisa de atendimento personalizado! A Redoma deixa uma equipe \u00e0 disposi\u00e7\u00e3o dos clientes que precisam de\u00a0agendas personalizadas para empresas, com a produ\u00e7\u00e3o de artes especiais, estampa de logotipo, marca d\u2019\u00e1gua, mensagens, defini\u00e7\u00e3o do tipo de papel, do acabamento das agendas, das cores, entre outros detalhes t\u00e9cnicos.<\/p>\n<p>Os clientes podem solicitar o cat\u00e1logo virtual para fazer suas escolhas. Depois, podem contar com o apoio t\u00e9cnico para tirar d\u00favidas, saber de alguns detalhes sobre os tipos de agendas e definir qual das\u00a0agendas personalizadas para empresas\u00a0\u00e9 melhor para sua proposta de comunica\u00e7\u00e3o corporativa.<\/p>\n<p>A Redoma trabalha com v\u00e1rias cole\u00e7\u00f5es de produtos que contemplam agendas di\u00e1rias e semanais. \u00c9 um leque amplo de possibilidades para o cliente escolher! Confira:<\/p>\n<ul class=\"list\">\n<li>Agendas Di\u00e1rias \u2013\u00a0Entre as op\u00e7\u00f5es est\u00e3o os modelos \u00d4nix, Granada, Safira, Pamplona, Roma, Time, M\u00e9rida e Esmeralda. S\u00e3o agendas amplas e confort\u00e1veis para a leitura e a escrita.<\/li>\n<li>Agendas Semanais \u2013\u00a0Entre as op\u00e7\u00f5es est\u00e3o os modelos Mallorca, M\u00farcia, Saragoza e Napoli. S\u00e3o agendas com um \u00f3timo design e muito bem organizadas.<\/li>\n<\/ul>\n<h2>VARIEDADE DE CAPAS E ACABAMENTOS<\/h2>\n<p>Os clientes da Redoma contam com muitas op\u00e7\u00f5es de capas e texturiza\u00e7\u00f5es. Todas est\u00e3o dispostas no cat\u00e1logo virtual de produtos da gr\u00e1fica e s\u00e3o lindas! Vale a pena conhecer uma por uma.<\/p>\n<p>Algumas sugest\u00f5es s\u00e3o as capas Aquarela, Andiroba, Aroeira, Aztec, Cannel\u00e9, P\u00e9saro, entre outras. Os clientes tamb\u00e9m podem conhecer as t\u00e9cnicas de grava\u00e7\u00e3o e os acess\u00f3rios para personaliza\u00e7\u00e3o!<\/p>\n<h2>PARA SABER MAIS SOBRE AGENDAS PERSONALIZADAS PARA EMPRESAS<\/h2>\n<p>Ligue para\u00a011 4448-7300\u00a0ou mande e-mail para:\u00a0atendimento@redoma.com.br[\/vc_column_text][\/vc_column][\/vc_row][vc_row][vc_column][vc_media_grid grid_id=&#8221;vc_gid:1620253973578-8a225153-a86f-3&#8243; include=&#8221;1820,1807,1798&#8243;][\/vc_column][\/vc_row]<\/p>\n<\/div>","protected":false},"excerpt":{"rendered":"<p>[vc_row][vc_column][vc_column_text] DIVERSAS OP\u00c7\u00d5ES DE AGENDAS PERSONALIZADAS PARA EMPRESAS A Redoma \u00e9 uma gr\u00e1fica especializada em\u00a0agendas personalizadas para empresas, com mais de 40 anos de experi\u00eancia em presentes corporativos, com produtos exclusivos, realmente criativos, unindo divers\u00e3o e intelig\u00eancia para valorizar as marcas dos clientes. As\u00a0agendas personalizadas para empresas\u00a0s\u00e3o essenciais para marcas que querem se destacar junto&hellip;<\/p>\n","protected":false},"author":1,"featured_media":1820,"parent":1776,"menu_order":0,"comment_status":"closed","ping_status":"closed","template":"","meta":{"footnotes":""},"class_list":["post-1819","page","type-page","status-publish","has-post-thumbnail","hentry","description-off"],"yoast_head":"<!-- This site is optimized with the Yoast SEO plugin v26.8 - https:\/\/yoast.com\/product\/yoast-seo-wordpress\/ -->\n<title>AGENDAS PERSONALIZADAS PARA EMPRESAS - Redoma - Brindes Corporativos<\/title>\n<meta name=\"robots\" content=\"index, follow, max-snippet:-1, max-image-preview:large, max-video-preview:-1\" \/>\n<link rel=\"canonical\" href=\"https:\/\/redoma.com.br\/corporativo\/informacoes\/agendas\/agendas-personalizadas-para-empresas\/\" \/>\n<meta property=\"og:locale\" content=\"pt_BR\" \/>\n<meta property=\"og:type\" content=\"article\" \/>\n<meta property=\"og:title\" content=\"AGENDAS PERSONALIZADAS PARA EMPRESAS - Redoma - Brindes Corporativos\" \/>\n<meta property=\"og:description\" content=\"[vc_row][vc_column][vc_column_text] DIVERSAS OP\u00c7\u00d5ES DE AGENDAS PERSONALIZADAS PARA EMPRESAS A Redoma \u00e9 uma gr\u00e1fica especializada em\u00a0agendas personalizadas para empresas, com mais de 40 anos de experi\u00eancia em presentes corporativos, com produtos exclusivos, realmente criativos, unindo divers\u00e3o e intelig\u00eancia para valorizar as marcas dos clientes. As\u00a0agendas personalizadas para empresas\u00a0s\u00e3o essenciais para marcas que querem se destacar junto&hellip;\" \/>\n<meta property=\"og:url\" content=\"https:\/\/redoma.com.br\/corporativo\/informacoes\/agendas\/agendas-personalizadas-para-empresas\/\" \/>\n<meta property=\"og:site_name\" content=\"Redoma - Brindes Corporativos\" \/>\n<meta property=\"og:image\" content=\"https:\/\/redoma.com.br\/corporativo\/wp-content\/uploads\/2021\/05\/agendas_personalizadas_empresas_02.jpg\" \/>\n\t<meta property=\"og:image:width\" content=\"480\" \/>\n\t<meta property=\"og:image:height\" content=\"480\" \/>\n\t<meta property=\"og:image:type\" content=\"image\/jpeg\" \/>\n<meta name=\"twitter:card\" content=\"summary_large_image\" \/>\n<meta name=\"twitter:label1\" content=\"Est. tempo de leitura\" \/>\n\t<meta name=\"twitter:data1\" content=\"2 minutos\" \/>\n<script type=\"application\/ld+json\" class=\"yoast-schema-graph\">{\"@context\":\"https:\/\/schema.org\",\"@graph\":[{\"@type\":\"WebPage\",\"@id\":\"https:\/\/redoma.com.br\/corporativo\/informacoes\/agendas\/agendas-personalizadas-para-empresas\/\",\"url\":\"https:\/\/redoma.com.br\/corporativo\/informacoes\/agendas\/agendas-personalizadas-para-empresas\/\",\"name\":\"AGENDAS PERSONALIZADAS PARA EMPRESAS - Redoma - Brindes Corporativos\",\"isPartOf\":{\"@id\":\"https:\/\/redoma.com.br\/corporativo\/#website\"},\"primaryImageOfPage\":{\"@id\":\"https:\/\/redoma.com.br\/corporativo\/informacoes\/agendas\/agendas-personalizadas-para-empresas\/#primaryimage\"},\"image\":{\"@id\":\"https:\/\/redoma.com.br\/corporativo\/informacoes\/agendas\/agendas-personalizadas-para-empresas\/#primaryimage\"},\"thumbnailUrl\":\"https:\/\/redoma.com.br\/corporativo\/wp-content\/uploads\/2021\/05\/agendas_personalizadas_empresas_02.jpg\",\"datePublished\":\"2021-05-05T22:33:40+00:00\",\"breadcrumb\":{\"@id\":\"https:\/\/redoma.com.br\/corporativo\/informacoes\/agendas\/agendas-personalizadas-para-empresas\/#breadcrumb\"},\"inLanguage\":\"pt-BR\",\"potentialAction\":[{\"@type\":\"ReadAction\",\"target\":[\"https:\/\/redoma.com.br\/corporativo\/informacoes\/agendas\/agendas-personalizadas-para-empresas\/\"]}]},{\"@type\":\"ImageObject\",\"inLanguage\":\"pt-BR\",\"@id\":\"https:\/\/redoma.com.br\/corporativo\/informacoes\/agendas\/agendas-personalizadas-para-empresas\/#primaryimage\",\"url\":\"https:\/\/redoma.com.br\/corporativo\/wp-content\/uploads\/2021\/05\/agendas_personalizadas_empresas_02.jpg\",\"contentUrl\":\"https:\/\/redoma.com.br\/corporativo\/wp-content\/uploads\/2021\/05\/agendas_personalizadas_empresas_02.jpg\",\"width\":480,\"height\":480},{\"@type\":\"BreadcrumbList\",\"@id\":\"https:\/\/redoma.com.br\/corporativo\/informacoes\/agendas\/agendas-personalizadas-para-empresas\/#breadcrumb\",\"itemListElement\":[{\"@type\":\"ListItem\",\"position\":1,\"name\":\"In\u00edcio\",\"item\":\"https:\/\/redoma.com.br\/corporativo\/\"},{\"@type\":\"ListItem\",\"position\":2,\"name\":\"Informa\u00e7\u00f5es\",\"item\":\"https:\/\/redoma.com.br\/corporativo\/informacoes\/\"},{\"@type\":\"ListItem\",\"position\":3,\"name\":\"Agendas\",\"item\":\"https:\/\/redoma.com.br\/corporativo\/informacoes\/agendas\/\"},{\"@type\":\"ListItem\",\"position\":4,\"name\":\"AGENDAS PERSONALIZADAS PARA EMPRESAS\"}]},{\"@type\":\"WebSite\",\"@id\":\"https:\/\/redoma.com.br\/corporativo\/#website\",\"url\":\"https:\/\/redoma.com.br\/corporativo\/\",\"name\":\"Redoma - Brindes Corporativos\",\"description\":\"Produzimos Agenda Personalizada, Calend\u00e1rio Financeiro, Planner Personalizado, Caderno Personalizado, Caderneta personalizada e mais\",\"potentialAction\":[{\"@type\":\"SearchAction\",\"target\":{\"@type\":\"EntryPoint\",\"urlTemplate\":\"https:\/\/redoma.com.br\/corporativo\/?s={search_term_string}\"},\"query-input\":{\"@type\":\"PropertyValueSpecification\",\"valueRequired\":true,\"valueName\":\"search_term_string\"}}],\"inLanguage\":\"pt-BR\"}]}<\/script>\n<!-- \/ Yoast SEO plugin. -->","yoast_head_json":{"title":"AGENDAS PERSONALIZADAS PARA EMPRESAS - Redoma - Brindes Corporativos","robots":{"index":"index","follow":"follow","max-snippet":"max-snippet:-1","max-image-preview":"max-image-preview:large","max-video-preview":"max-video-preview:-1"},"canonical":"https:\/\/redoma.com.br\/corporativo\/informacoes\/agendas\/agendas-personalizadas-para-empresas\/","og_locale":"pt_BR","og_type":"article","og_title":"AGENDAS PERSONALIZADAS PARA EMPRESAS - Redoma - Brindes Corporativos","og_description":"[vc_row][vc_column][vc_column_text] DIVERSAS OP\u00c7\u00d5ES DE AGENDAS PERSONALIZADAS PARA EMPRESAS A Redoma \u00e9 uma gr\u00e1fica especializada em\u00a0agendas personalizadas para empresas, com mais de 40 anos de experi\u00eancia em presentes corporativos, com produtos exclusivos, realmente criativos, unindo divers\u00e3o e intelig\u00eancia para valorizar as marcas dos clientes. As\u00a0agendas personalizadas para empresas\u00a0s\u00e3o essenciais para marcas que querem se destacar junto&hellip;","og_url":"https:\/\/redoma.com.br\/corporativo\/informacoes\/agendas\/agendas-personalizadas-para-empresas\/","og_site_name":"Redoma - Brindes Corporativos","og_image":[{"width":480,"height":480,"url":"https:\/\/redoma.com.br\/corporativo\/wp-content\/uploads\/2021\/05\/agendas_personalizadas_empresas_02.jpg","type":"image\/jpeg"}],"twitter_card":"summary_large_image","twitter_misc":{"Est. tempo de leitura":"2 minutos"},"schema":{"@context":"https:\/\/schema.org","@graph":[{"@type":"WebPage","@id":"https:\/\/redoma.com.br\/corporativo\/informacoes\/agendas\/agendas-personalizadas-para-empresas\/","url":"https:\/\/redoma.com.br\/corporativo\/informacoes\/agendas\/agendas-personalizadas-para-empresas\/","name":"AGENDAS PERSONALIZADAS PARA EMPRESAS - Redoma - Brindes Corporativos","isPartOf":{"@id":"https:\/\/redoma.com.br\/corporativo\/#website"},"primaryImageOfPage":{"@id":"https:\/\/redoma.com.br\/corporativo\/informacoes\/agendas\/agendas-personalizadas-para-empresas\/#primaryimage"},"image":{"@id":"https:\/\/redoma.com.br\/corporativo\/informacoes\/agendas\/agendas-personalizadas-para-empresas\/#primaryimage"},"thumbnailUrl":"https:\/\/redoma.com.br\/corporativo\/wp-content\/uploads\/2021\/05\/agendas_personalizadas_empresas_02.jpg","datePublished":"2021-05-05T22:33:40+00:00","breadcrumb":{"@id":"https:\/\/redoma.com.br\/corporativo\/informacoes\/agendas\/agendas-personalizadas-para-empresas\/#breadcrumb"},"inLanguage":"pt-BR","potentialAction":[{"@type":"ReadAction","target":["https:\/\/redoma.com.br\/corporativo\/informacoes\/agendas\/agendas-personalizadas-para-empresas\/"]}]},{"@type":"ImageObject","inLanguage":"pt-BR","@id":"https:\/\/redoma.com.br\/corporativo\/informacoes\/agendas\/agendas-personalizadas-para-empresas\/#primaryimage","url":"https:\/\/redoma.com.br\/corporativo\/wp-content\/uploads\/2021\/05\/agendas_personalizadas_empresas_02.jpg","contentUrl":"https:\/\/redoma.com.br\/corporativo\/wp-content\/uploads\/2021\/05\/agendas_personalizadas_empresas_02.jpg","width":480,"height":480},{"@type":"BreadcrumbList","@id":"https:\/\/redoma.com.br\/corporativo\/informacoes\/agendas\/agendas-personalizadas-para-empresas\/#breadcrumb","itemListElement":[{"@type":"ListItem","position":1,"name":"In\u00edcio","item":"https:\/\/redoma.com.br\/corporativo\/"},{"@type":"ListItem","position":2,"name":"Informa\u00e7\u00f5es","item":"https:\/\/redoma.com.br\/corporativo\/informacoes\/"},{"@type":"ListItem","position":3,"name":"Agendas","item":"https:\/\/redoma.com.br\/corporativo\/informacoes\/agendas\/"},{"@type":"ListItem","position":4,"name":"AGENDAS PERSONALIZADAS PARA EMPRESAS"}]},{"@type":"WebSite","@id":"https:\/\/redoma.com.br\/corporativo\/#website","url":"https:\/\/redoma.com.br\/corporativo\/","name":"Redoma - Brindes Corporativos","description":"Produzimos Agenda Personalizada, Calend\u00e1rio Financeiro, Planner Personalizado, Caderno Personalizado, Caderneta personalizada e mais","potentialAction":[{"@type":"SearchAction","target":{"@type":"EntryPoint","urlTemplate":"https:\/\/redoma.com.br\/corporativo\/?s={search_term_string}"},"query-input":{"@type":"PropertyValueSpecification","valueRequired":true,"valueName":"search_term_string"}}],"inLanguage":"pt-BR"}]}},"_links":{"self":[{"href":"https:\/\/redoma.com.br\/corporativo\/wp-json\/wp\/v2\/pages\/1819","targetHints":{"allow":["GET"]}}],"collection":[{"href":"https:\/\/redoma.com.br\/corporativo\/wp-json\/wp\/v2\/pages"}],"about":[{"href":"https:\/\/redoma.com.br\/corporativo\/wp-json\/wp\/v2\/types\/page"}],"author":[{"embeddable":true,"href":"https:\/\/redoma.com.br\/corporativo\/wp-json\/wp\/v2\/users\/1"}],"replies":[{"embeddable":true,"href":"https:\/\/redoma.com.br\/corporativo\/wp-json\/wp\/v2\/comments?post=1819"}],"version-history":[{"count":1,"href":"https:\/\/redoma.com.br\/corporativo\/wp-json\/wp\/v2\/pages\/1819\/revisions"}],"predecessor-version":[{"id":1821,"href":"https:\/\/redoma.com.br\/corporativo\/wp-json\/wp\/v2\/pages\/1819\/revisions\/1821"}],"up":[{"embeddable":true,"href":"https:\/\/redoma.com.br\/corporativo\/wp-json\/wp\/v2\/pages\/1776"}],"wp:featuredmedia":[{"embeddable":true,"href":"https:\/\/redoma.com.br\/corporativo\/wp-json\/wp\/v2\/media\/1820"}],"wp:attachment":[{"href":"https:\/\/redoma.com.br\/corporativo\/wp-json\/wp\/v2\/media?parent=1819"}],"curies":[{"name":"wp","href":"https:\/\/api.w.org\/{rel}","templated":true}]}}