
{"id":1815,"date":"2021-05-05T19:32:07","date_gmt":"2021-05-05T22:32:07","guid":{"rendered":"https:\/\/novo.redoma.com.br\/?page_id=1815"},"modified":"2021-05-05T19:32:07","modified_gmt":"2021-05-05T22:32:07","slug":"agendas-personalizadas-brindes","status":"publish","type":"page","link":"https:\/\/redoma.com.br\/corporativo\/informacoes\/agendas\/agendas-personalizadas-brindes\/","title":{"rendered":"AGENDAS PERSONALIZADAS BRINDES"},"content":{"rendered":"<div class=\"wpb-content-wrapper\"><p>[vc_row][vc_column][vc_column_text]<\/p>\n<h2>BENEF\u00cdCIOS DAS AGENDAS PERSONALIZADAS BRINDES<\/h2>\n<p>As\u00a0agendas personalizadas brindes\u00a0s\u00e3o uma maneira de agradecer e fidelizar clientes ou mesmo funcion\u00e1rios. De forma criativa, \u00e9 poss\u00edvel que as\u00a0agendas personalizadas brindes\u00a0aumentem consideravelmente as vendas de uma empresa, j\u00e1 que, ao presentear um p\u00fablico predefinido com brindes confeccionados por uma gr\u00e1fica qualificada e experiente, a organiza\u00e7\u00e3o se mant\u00e9m presente na rotina e na vida do cliente em potencial. Com isso, a promo\u00e7\u00e3o e fixa\u00e7\u00e3o da marca s\u00e3o certeiras.<\/p>\n<h2>COMO CONFECCIONAR AGENDAS PERSONALIZADAS BRINDES?<\/h2>\n<p>Para a confec\u00e7\u00e3o de agendas personalizadas, as empresas devem ter em mente o design que desejam para suas agendas, priorizando o uso de elementos que lembrem sua identidade visual e logotipo. Para obter sucesso com as\u00a0agendas personalizadas brindes, \u00e9 importante cuidar dos seguintes pontos:<\/p>\n<ul class=\"list\">\n<li>Logomarca:\u00a0a logomarca da empresa ser\u00e1 a parte principal do material impresso. Por isso, pode estar presente na capa, folha de rosto ou folha comum das agendas.<\/li>\n<li>Cores:\u00a0as cores das agendas personalizadas devem respeitar aquelas j\u00e1 usadas pela empresa.<\/li>\n<li>Modelos:\u00a0os modelos de\u00a0agendas personalizadas brindes\u00a0s\u00e3o vari\u00e1veis, e devem ser escolhidos de acordo com o p\u00fablico-alvo. Dentre os modelos de agendas, os mais comuns s\u00e3o as agendas di\u00e1rias, semanais e aquelas com espa\u00e7o para anota\u00e7\u00f5es.<\/li>\n<\/ul>\n<h2>COMO DISTRIBUIR AGENDAS PERSONALIZADAS BRINDES?<\/h2>\n<p>A distribui\u00e7\u00e3o das agendas personalizadas deve ser estrat\u00e9gica, feita em datas especiais e a\u00e7\u00f5es promocionais espec\u00edficas. Normalmente, o uso de presentes corporativos serve como forma de aproximar clientes finais, funcion\u00e1rios e empresas parceiras e, por isso, \u00e9 importante que tanto a agenda quanto sua embalagem sejam atraentes e interessantes.<\/p>\n<h2>FALE COM A REDOMA E FA\u00c7A SUAS AGENDAS PERSONALIZADAS BRINDES!<\/h2>\n<p>A Redoma \u00e9 uma gr\u00e1fica especializada em presentes corporativos e oferece diversos modelos de\u00a0agendas personalizadas brindes. A Redoma est\u00e1 no mercado h\u00e1 mais de 40 anos, contando com uma equipe especializada, equipamentos modernos, materiais com sustentabilidade, cat\u00e1logos exclusivos com grande variedade e responsabilidade para atender os prazos estabelecidos com os clientes.<\/p>\n<p>Entre em contato com a Redoma e fa\u00e7a o or\u00e7amento de\u00a0agendas personalizadas brindes\u00a0em uma gr\u00e1fica qualificada e experiente! Solicite mais informa\u00e7\u00f5es sobre a trajet\u00f3ria e o posicionamento de mercado da Gr\u00e1fica Redoma!<\/p>\n<h2>PARA SABER MAIS SOBRE AGENDAS PERSONALIZADAS BRINDES<\/h2>\n<p>Ligue para\u00a011 4448-7300\u00a0ou mande e-mail para:\u00a0atendimento@redoma.com.br[\/vc_column_text][\/vc_column][\/vc_row][vc_row][vc_column][vc_media_grid grid_id=&#8221;vc_gid:1620253872502-42e72e31-401b-10&#8243;][\/vc_column][\/vc_row]<\/p>\n<\/div>","protected":false},"excerpt":{"rendered":"<p>[vc_row][vc_column][vc_column_text] BENEF\u00cdCIOS DAS AGENDAS PERSONALIZADAS BRINDES As\u00a0agendas personalizadas brindes\u00a0s\u00e3o uma maneira de agradecer e fidelizar clientes ou mesmo funcion\u00e1rios. De forma criativa, \u00e9 poss\u00edvel que as\u00a0agendas personalizadas brindes\u00a0aumentem consideravelmente as vendas de uma empresa, j\u00e1 que, ao presentear um p\u00fablico predefinido com brindes confeccionados por uma gr\u00e1fica qualificada e experiente, a organiza\u00e7\u00e3o se mant\u00e9m presente&hellip;<\/p>\n","protected":false},"author":1,"featured_media":1803,"parent":1776,"menu_order":0,"comment_status":"closed","ping_status":"closed","template":"","meta":{"footnotes":""},"class_list":["post-1815","page","type-page","status-publish","has-post-thumbnail","hentry","description-off"],"yoast_head":"<!-- This site is optimized with the Yoast SEO plugin v26.8 - https:\/\/yoast.com\/product\/yoast-seo-wordpress\/ -->\n<title>AGENDAS PERSONALIZADAS BRINDES - Redoma - Brindes Corporativos<\/title>\n<meta name=\"robots\" content=\"index, follow, max-snippet:-1, max-image-preview:large, max-video-preview:-1\" \/>\n<link rel=\"canonical\" href=\"https:\/\/redoma.com.br\/corporativo\/informacoes\/agendas\/agendas-personalizadas-brindes\/\" \/>\n<meta property=\"og:locale\" content=\"pt_BR\" \/>\n<meta property=\"og:type\" content=\"article\" \/>\n<meta property=\"og:title\" content=\"AGENDAS PERSONALIZADAS BRINDES - Redoma - Brindes Corporativos\" \/>\n<meta property=\"og:description\" content=\"[vc_row][vc_column][vc_column_text] BENEF\u00cdCIOS DAS AGENDAS PERSONALIZADAS BRINDES As\u00a0agendas personalizadas brindes\u00a0s\u00e3o uma maneira de agradecer e fidelizar clientes ou mesmo funcion\u00e1rios. De forma criativa, \u00e9 poss\u00edvel que as\u00a0agendas personalizadas brindes\u00a0aumentem consideravelmente as vendas de uma empresa, j\u00e1 que, ao presentear um p\u00fablico predefinido com brindes confeccionados por uma gr\u00e1fica qualificada e experiente, a organiza\u00e7\u00e3o se mant\u00e9m presente&hellip;\" \/>\n<meta property=\"og:url\" content=\"https:\/\/redoma.com.br\/corporativo\/informacoes\/agendas\/agendas-personalizadas-brindes\/\" \/>\n<meta property=\"og:site_name\" content=\"Redoma - Brindes Corporativos\" \/>\n<meta property=\"og:image\" content=\"https:\/\/redoma.com.br\/corporativo\/wp-content\/uploads\/2021\/05\/agenda_diaria_personalizada_02.jpg\" \/>\n\t<meta property=\"og:image:width\" content=\"480\" \/>\n\t<meta property=\"og:image:height\" content=\"480\" \/>\n\t<meta property=\"og:image:type\" content=\"image\/jpeg\" \/>\n<meta name=\"twitter:card\" content=\"summary_large_image\" \/>\n<meta name=\"twitter:label1\" content=\"Est. tempo de leitura\" \/>\n\t<meta name=\"twitter:data1\" content=\"2 minutos\" \/>\n<script type=\"application\/ld+json\" class=\"yoast-schema-graph\">{\"@context\":\"https:\/\/schema.org\",\"@graph\":[{\"@type\":\"WebPage\",\"@id\":\"https:\/\/redoma.com.br\/corporativo\/informacoes\/agendas\/agendas-personalizadas-brindes\/\",\"url\":\"https:\/\/redoma.com.br\/corporativo\/informacoes\/agendas\/agendas-personalizadas-brindes\/\",\"name\":\"AGENDAS PERSONALIZADAS BRINDES - Redoma - Brindes Corporativos\",\"isPartOf\":{\"@id\":\"https:\/\/redoma.com.br\/corporativo\/#website\"},\"primaryImageOfPage\":{\"@id\":\"https:\/\/redoma.com.br\/corporativo\/informacoes\/agendas\/agendas-personalizadas-brindes\/#primaryimage\"},\"image\":{\"@id\":\"https:\/\/redoma.com.br\/corporativo\/informacoes\/agendas\/agendas-personalizadas-brindes\/#primaryimage\"},\"thumbnailUrl\":\"https:\/\/redoma.com.br\/corporativo\/wp-content\/uploads\/2021\/05\/agenda_diaria_personalizada_02.jpg\",\"datePublished\":\"2021-05-05T22:32:07+00:00\",\"breadcrumb\":{\"@id\":\"https:\/\/redoma.com.br\/corporativo\/informacoes\/agendas\/agendas-personalizadas-brindes\/#breadcrumb\"},\"inLanguage\":\"pt-BR\",\"potentialAction\":[{\"@type\":\"ReadAction\",\"target\":[\"https:\/\/redoma.com.br\/corporativo\/informacoes\/agendas\/agendas-personalizadas-brindes\/\"]}]},{\"@type\":\"ImageObject\",\"inLanguage\":\"pt-BR\",\"@id\":\"https:\/\/redoma.com.br\/corporativo\/informacoes\/agendas\/agendas-personalizadas-brindes\/#primaryimage\",\"url\":\"https:\/\/redoma.com.br\/corporativo\/wp-content\/uploads\/2021\/05\/agenda_diaria_personalizada_02.jpg\",\"contentUrl\":\"https:\/\/redoma.com.br\/corporativo\/wp-content\/uploads\/2021\/05\/agenda_diaria_personalizada_02.jpg\",\"width\":480,\"height\":480},{\"@type\":\"BreadcrumbList\",\"@id\":\"https:\/\/redoma.com.br\/corporativo\/informacoes\/agendas\/agendas-personalizadas-brindes\/#breadcrumb\",\"itemListElement\":[{\"@type\":\"ListItem\",\"position\":1,\"name\":\"In\u00edcio\",\"item\":\"https:\/\/redoma.com.br\/corporativo\/\"},{\"@type\":\"ListItem\",\"position\":2,\"name\":\"Informa\u00e7\u00f5es\",\"item\":\"https:\/\/redoma.com.br\/corporativo\/informacoes\/\"},{\"@type\":\"ListItem\",\"position\":3,\"name\":\"Agendas\",\"item\":\"https:\/\/redoma.com.br\/corporativo\/informacoes\/agendas\/\"},{\"@type\":\"ListItem\",\"position\":4,\"name\":\"AGENDAS PERSONALIZADAS BRINDES\"}]},{\"@type\":\"WebSite\",\"@id\":\"https:\/\/redoma.com.br\/corporativo\/#website\",\"url\":\"https:\/\/redoma.com.br\/corporativo\/\",\"name\":\"Redoma - Brindes Corporativos\",\"description\":\"Produzimos Agenda Personalizada, Calend\u00e1rio Financeiro, Planner Personalizado, Caderno Personalizado, Caderneta personalizada e mais\",\"potentialAction\":[{\"@type\":\"SearchAction\",\"target\":{\"@type\":\"EntryPoint\",\"urlTemplate\":\"https:\/\/redoma.com.br\/corporativo\/?s={search_term_string}\"},\"query-input\":{\"@type\":\"PropertyValueSpecification\",\"valueRequired\":true,\"valueName\":\"search_term_string\"}}],\"inLanguage\":\"pt-BR\"}]}<\/script>\n<!-- \/ Yoast SEO plugin. -->","yoast_head_json":{"title":"AGENDAS PERSONALIZADAS BRINDES - Redoma - Brindes Corporativos","robots":{"index":"index","follow":"follow","max-snippet":"max-snippet:-1","max-image-preview":"max-image-preview:large","max-video-preview":"max-video-preview:-1"},"canonical":"https:\/\/redoma.com.br\/corporativo\/informacoes\/agendas\/agendas-personalizadas-brindes\/","og_locale":"pt_BR","og_type":"article","og_title":"AGENDAS PERSONALIZADAS BRINDES - Redoma - Brindes Corporativos","og_description":"[vc_row][vc_column][vc_column_text] BENEF\u00cdCIOS DAS AGENDAS PERSONALIZADAS BRINDES As\u00a0agendas personalizadas brindes\u00a0s\u00e3o uma maneira de agradecer e fidelizar clientes ou mesmo funcion\u00e1rios. De forma criativa, \u00e9 poss\u00edvel que as\u00a0agendas personalizadas brindes\u00a0aumentem consideravelmente as vendas de uma empresa, j\u00e1 que, ao presentear um p\u00fablico predefinido com brindes confeccionados por uma gr\u00e1fica qualificada e experiente, a organiza\u00e7\u00e3o se mant\u00e9m presente&hellip;","og_url":"https:\/\/redoma.com.br\/corporativo\/informacoes\/agendas\/agendas-personalizadas-brindes\/","og_site_name":"Redoma - Brindes Corporativos","og_image":[{"width":480,"height":480,"url":"https:\/\/redoma.com.br\/corporativo\/wp-content\/uploads\/2021\/05\/agenda_diaria_personalizada_02.jpg","type":"image\/jpeg"}],"twitter_card":"summary_large_image","twitter_misc":{"Est. tempo de leitura":"2 minutos"},"schema":{"@context":"https:\/\/schema.org","@graph":[{"@type":"WebPage","@id":"https:\/\/redoma.com.br\/corporativo\/informacoes\/agendas\/agendas-personalizadas-brindes\/","url":"https:\/\/redoma.com.br\/corporativo\/informacoes\/agendas\/agendas-personalizadas-brindes\/","name":"AGENDAS PERSONALIZADAS BRINDES - Redoma - Brindes Corporativos","isPartOf":{"@id":"https:\/\/redoma.com.br\/corporativo\/#website"},"primaryImageOfPage":{"@id":"https:\/\/redoma.com.br\/corporativo\/informacoes\/agendas\/agendas-personalizadas-brindes\/#primaryimage"},"image":{"@id":"https:\/\/redoma.com.br\/corporativo\/informacoes\/agendas\/agendas-personalizadas-brindes\/#primaryimage"},"thumbnailUrl":"https:\/\/redoma.com.br\/corporativo\/wp-content\/uploads\/2021\/05\/agenda_diaria_personalizada_02.jpg","datePublished":"2021-05-05T22:32:07+00:00","breadcrumb":{"@id":"https:\/\/redoma.com.br\/corporativo\/informacoes\/agendas\/agendas-personalizadas-brindes\/#breadcrumb"},"inLanguage":"pt-BR","potentialAction":[{"@type":"ReadAction","target":["https:\/\/redoma.com.br\/corporativo\/informacoes\/agendas\/agendas-personalizadas-brindes\/"]}]},{"@type":"ImageObject","inLanguage":"pt-BR","@id":"https:\/\/redoma.com.br\/corporativo\/informacoes\/agendas\/agendas-personalizadas-brindes\/#primaryimage","url":"https:\/\/redoma.com.br\/corporativo\/wp-content\/uploads\/2021\/05\/agenda_diaria_personalizada_02.jpg","contentUrl":"https:\/\/redoma.com.br\/corporativo\/wp-content\/uploads\/2021\/05\/agenda_diaria_personalizada_02.jpg","width":480,"height":480},{"@type":"BreadcrumbList","@id":"https:\/\/redoma.com.br\/corporativo\/informacoes\/agendas\/agendas-personalizadas-brindes\/#breadcrumb","itemListElement":[{"@type":"ListItem","position":1,"name":"In\u00edcio","item":"https:\/\/redoma.com.br\/corporativo\/"},{"@type":"ListItem","position":2,"name":"Informa\u00e7\u00f5es","item":"https:\/\/redoma.com.br\/corporativo\/informacoes\/"},{"@type":"ListItem","position":3,"name":"Agendas","item":"https:\/\/redoma.com.br\/corporativo\/informacoes\/agendas\/"},{"@type":"ListItem","position":4,"name":"AGENDAS PERSONALIZADAS BRINDES"}]},{"@type":"WebSite","@id":"https:\/\/redoma.com.br\/corporativo\/#website","url":"https:\/\/redoma.com.br\/corporativo\/","name":"Redoma - Brindes Corporativos","description":"Produzimos Agenda Personalizada, Calend\u00e1rio Financeiro, Planner Personalizado, Caderno Personalizado, Caderneta personalizada e mais","potentialAction":[{"@type":"SearchAction","target":{"@type":"EntryPoint","urlTemplate":"https:\/\/redoma.com.br\/corporativo\/?s={search_term_string}"},"query-input":{"@type":"PropertyValueSpecification","valueRequired":true,"valueName":"search_term_string"}}],"inLanguage":"pt-BR"}]}},"_links":{"self":[{"href":"https:\/\/redoma.com.br\/corporativo\/wp-json\/wp\/v2\/pages\/1815","targetHints":{"allow":["GET"]}}],"collection":[{"href":"https:\/\/redoma.com.br\/corporativo\/wp-json\/wp\/v2\/pages"}],"about":[{"href":"https:\/\/redoma.com.br\/corporativo\/wp-json\/wp\/v2\/types\/page"}],"author":[{"embeddable":true,"href":"https:\/\/redoma.com.br\/corporativo\/wp-json\/wp\/v2\/users\/1"}],"replies":[{"embeddable":true,"href":"https:\/\/redoma.com.br\/corporativo\/wp-json\/wp\/v2\/comments?post=1815"}],"version-history":[{"count":1,"href":"https:\/\/redoma.com.br\/corporativo\/wp-json\/wp\/v2\/pages\/1815\/revisions"}],"predecessor-version":[{"id":1818,"href":"https:\/\/redoma.com.br\/corporativo\/wp-json\/wp\/v2\/pages\/1815\/revisions\/1818"}],"up":[{"embeddable":true,"href":"https:\/\/redoma.com.br\/corporativo\/wp-json\/wp\/v2\/pages\/1776"}],"wp:featuredmedia":[{"embeddable":true,"href":"https:\/\/redoma.com.br\/corporativo\/wp-json\/wp\/v2\/media\/1803"}],"wp:attachment":[{"href":"https:\/\/redoma.com.br\/corporativo\/wp-json\/wp\/v2\/media?parent=1815"}],"curies":[{"name":"wp","href":"https:\/\/api.w.org\/{rel}","templated":true}]}}