
{"id":1788,"date":"2021-05-05T18:59:46","date_gmt":"2021-05-05T21:59:46","guid":{"rendered":"https:\/\/novo.redoma.com.br\/?page_id=1788"},"modified":"2021-05-05T19:16:42","modified_gmt":"2021-05-05T22:16:42","slug":"agenda-corporativa-personalizada","status":"publish","type":"page","link":"https:\/\/redoma.com.br\/corporativo\/informacoes\/agendas\/agenda-corporativa-personalizada\/","title":{"rendered":"AGENDA CORPORATIVA PERSONALIZADA"},"content":{"rendered":"<div class=\"wpb-content-wrapper\"><p>[vc_row][vc_column][vc_column_text]<\/p>\n<h2>ONDE COMPRAR AGENDA CORPORATIVA PERSONALIZADA?<\/h2>\n<p>A Redoma \u00e9 especializada em \u00f3timas op\u00e7\u00f5es de agenda corporativa personalizada para empresas que precisam se destacar, com uma campanha e estrat\u00e9gia de posicionamento marcante, que conta com produtos de escrit\u00f3rio corporativo de alto padr\u00e3o.<\/p>\n<p>A agenda corporativa personalizada \u00e9 oferecida em um cat\u00e1logo que mostra os produtos em v\u00e1rias linhas. As agendas apresentadas a seguir est\u00e3o entre as mais procuradas pelos clientes:<\/p>\n<p>\u00d4nix;<br \/>\nGranada;<br \/>\nSafira;<br \/>\nPamplona;<br \/>\nRoma;<br \/>\nTime;<br \/>\nM\u00e9rida;<br \/>\nEsmeralda;<br \/>\nRubi;<br \/>\nM\u00f4naco;<br \/>\nEntre muitas outras.<br \/>\nOs modelos de agenda corporativa personalizada apresentados acima s\u00e3o perfeitos para uso di\u00e1rio. Elas variam de formato, acabamento, n\u00famero de p\u00e1ginas, entre outros fatores. Al\u00e9m disso, t\u00eam marcador de p\u00e1ginas e outros itens e destacam-se pela beleza e pela funcionalidade.<\/p>\n<h2>MODELOS DE AGENDA CORPORATIVA PERSONALIZADA SEMANAL<\/h2>\n<p>A Redoma tamb\u00e9m apresenta aos seus clientes empresariais os modelos de agenda corporativa personalizada semanal, com o logo da empresa, na cor que ela precisa e de acordo com a finalidade empresarial. V\u00e1rias op\u00e7\u00f5es est\u00e3o dispon\u00edveis para o cliente. Entre elas, est\u00e3o as seguintes agendas semanais:<\/p>\n<p>M\u00farcia;<br \/>\nSaragoza;<br \/>\nMallorca;<br \/>\nNapoli;<br \/>\nExecutive Note;<br \/>\nDiamante;<br \/>\nM\u00e1laga;<br \/>\nOp\u00e7\u00f5es diferenciadas.<\/p>\n<h2>QUAIS S\u00c3O AS VANTAGENS DA AGENDA CORPORATIVA PERSONALIZADA?<\/h2>\n<p>Na Redoma, a agenda corporativa personalizada \u00e9 feita de acordo com a capacidade de investimento de cada empresa, com a proposta da estrat\u00e9gia de comunica\u00e7\u00e3o e materiais de \u00f3tima qualidade, feitos com excelente tecnologia e que se destacam pelo acabamento superior.\u00a0O cat\u00e1logo virtual da Redoma, que pode ser acessado no site ou solicitado \u00e0 equipe de atendimento, apresenta todos os detalhes t\u00e9cnicos de cada caderno, planner ou agenda personalizada. O trabalho de arte, personaliza\u00e7\u00e3o, diagrama\u00e7\u00e3o, montagem da capa, entre outros conte\u00fados est\u00e9ticos s\u00e3o feitos pelo departamento de design da empresa contratante.<\/p>\n<p>O trabalho de arte, personaliza\u00e7\u00e3o, diagrama\u00e7\u00e3o, montagem da capa, entre outros conte\u00fados est\u00e9ticos s\u00e3o feitos pelo departamento de design da empresa.<\/p>\n<h2>DIFERENCIAIS DA REDOMA<\/h2>\n<p>A Redoma produz todas as agendas com papel FSC, um certificado que garante a origem sustent\u00e1vel do produto. Todas as agendas feitas pela empresa s\u00e3o impressas com tinta \u00e0 base de soja at\u00f3xica, e est\u00e3o de acordo com as principais tecnologias que garantem responsabilidade com o meio ambiente.<\/p>\n<p>A Redoma usa material reciclado e d\u00e1 destino correto aos res\u00edduos, sempre investindo em tecnologias inteligentes, inclusive para economizar energia el\u00e9trica. Assim, os clientes da Redoma t\u00eam a certeza de estarem comprando de uma empresa engajada \u00e0s causas ambientais e que conta com uma cadeia de fornecedores e colaboradores ecologicamente respons\u00e1veis. Na Redoma, os clientes podem confiar! Saiba mais!<\/p>\n<h2>PARA SABER MAIS SOBRE AGENDA CORPORATIVA PERSONALIZADA<\/h2>\n<p>Ligue para\u00a011 4448-7300\u00a0ou mande e-mail para:\u00a0atendimento@redoma.com.br[\/vc_column_text][\/vc_column][\/vc_row][vc_row][vc_column][vc_media_grid grid_id=&#8221;vc_gid:1620252925854-a7d66685-f96f-0&#8243; include=&#8221;1787,1791,1792&#8243;][\/vc_column][\/vc_row]<\/p>\n<\/div>","protected":false},"excerpt":{"rendered":"<p>[vc_row][vc_column][vc_column_text] ONDE COMPRAR AGENDA CORPORATIVA PERSONALIZADA? A Redoma \u00e9 especializada em \u00f3timas op\u00e7\u00f5es de agenda corporativa personalizada para empresas que precisam se destacar, com uma campanha e estrat\u00e9gia de posicionamento marcante, que conta com produtos de escrit\u00f3rio corporativo de alto padr\u00e3o. A agenda corporativa personalizada \u00e9 oferecida em um cat\u00e1logo que mostra os produtos em&hellip;<\/p>\n","protected":false},"author":1,"featured_media":1787,"parent":1776,"menu_order":0,"comment_status":"closed","ping_status":"closed","template":"","meta":{"footnotes":""},"class_list":["post-1788","page","type-page","status-publish","has-post-thumbnail","hentry","description-off"],"yoast_head":"<!-- This site is optimized with the Yoast SEO plugin v26.8 - https:\/\/yoast.com\/product\/yoast-seo-wordpress\/ -->\n<title>AGENDA CORPORATIVA PERSONALIZADA - Redoma - Brindes Corporativos<\/title>\n<meta name=\"robots\" content=\"index, follow, max-snippet:-1, max-image-preview:large, max-video-preview:-1\" \/>\n<link rel=\"canonical\" href=\"https:\/\/redoma.com.br\/corporativo\/informacoes\/agendas\/agenda-corporativa-personalizada\/\" \/>\n<meta property=\"og:locale\" content=\"pt_BR\" \/>\n<meta property=\"og:type\" content=\"article\" \/>\n<meta property=\"og:title\" content=\"AGENDA CORPORATIVA PERSONALIZADA - Redoma - Brindes Corporativos\" \/>\n<meta property=\"og:description\" content=\"[vc_row][vc_column][vc_column_text] ONDE COMPRAR AGENDA CORPORATIVA PERSONALIZADA? A Redoma \u00e9 especializada em \u00f3timas op\u00e7\u00f5es de agenda corporativa personalizada para empresas que precisam se destacar, com uma campanha e estrat\u00e9gia de posicionamento marcante, que conta com produtos de escrit\u00f3rio corporativo de alto padr\u00e3o. A agenda corporativa personalizada \u00e9 oferecida em um cat\u00e1logo que mostra os produtos em&hellip;\" \/>\n<meta property=\"og:url\" content=\"https:\/\/redoma.com.br\/corporativo\/informacoes\/agendas\/agenda-corporativa-personalizada\/\" \/>\n<meta property=\"og:site_name\" content=\"Redoma - Brindes Corporativos\" \/>\n<meta property=\"article:modified_time\" content=\"2021-05-05T22:16:42+00:00\" \/>\n<meta property=\"og:image\" content=\"https:\/\/redoma.com.br\/corporativo\/wp-content\/uploads\/2021\/05\/agenda_corporativa_personalizada_01.jpg\" \/>\n\t<meta property=\"og:image:width\" content=\"480\" \/>\n\t<meta property=\"og:image:height\" content=\"480\" \/>\n\t<meta property=\"og:image:type\" content=\"image\/jpeg\" \/>\n<meta name=\"twitter:card\" content=\"summary_large_image\" \/>\n<meta name=\"twitter:label1\" content=\"Est. tempo de leitura\" \/>\n\t<meta name=\"twitter:data1\" content=\"3 minutos\" \/>\n<script type=\"application\/ld+json\" class=\"yoast-schema-graph\">{\"@context\":\"https:\/\/schema.org\",\"@graph\":[{\"@type\":\"WebPage\",\"@id\":\"https:\/\/redoma.com.br\/corporativo\/informacoes\/agendas\/agenda-corporativa-personalizada\/\",\"url\":\"https:\/\/redoma.com.br\/corporativo\/informacoes\/agendas\/agenda-corporativa-personalizada\/\",\"name\":\"AGENDA CORPORATIVA PERSONALIZADA - Redoma - Brindes Corporativos\",\"isPartOf\":{\"@id\":\"https:\/\/redoma.com.br\/corporativo\/#website\"},\"primaryImageOfPage\":{\"@id\":\"https:\/\/redoma.com.br\/corporativo\/informacoes\/agendas\/agenda-corporativa-personalizada\/#primaryimage\"},\"image\":{\"@id\":\"https:\/\/redoma.com.br\/corporativo\/informacoes\/agendas\/agenda-corporativa-personalizada\/#primaryimage\"},\"thumbnailUrl\":\"https:\/\/redoma.com.br\/corporativo\/wp-content\/uploads\/2021\/05\/agenda_corporativa_personalizada_01.jpg\",\"datePublished\":\"2021-05-05T21:59:46+00:00\",\"dateModified\":\"2021-05-05T22:16:42+00:00\",\"breadcrumb\":{\"@id\":\"https:\/\/redoma.com.br\/corporativo\/informacoes\/agendas\/agenda-corporativa-personalizada\/#breadcrumb\"},\"inLanguage\":\"pt-BR\",\"potentialAction\":[{\"@type\":\"ReadAction\",\"target\":[\"https:\/\/redoma.com.br\/corporativo\/informacoes\/agendas\/agenda-corporativa-personalizada\/\"]}]},{\"@type\":\"ImageObject\",\"inLanguage\":\"pt-BR\",\"@id\":\"https:\/\/redoma.com.br\/corporativo\/informacoes\/agendas\/agenda-corporativa-personalizada\/#primaryimage\",\"url\":\"https:\/\/redoma.com.br\/corporativo\/wp-content\/uploads\/2021\/05\/agenda_corporativa_personalizada_01.jpg\",\"contentUrl\":\"https:\/\/redoma.com.br\/corporativo\/wp-content\/uploads\/2021\/05\/agenda_corporativa_personalizada_01.jpg\",\"width\":480,\"height\":480},{\"@type\":\"BreadcrumbList\",\"@id\":\"https:\/\/redoma.com.br\/corporativo\/informacoes\/agendas\/agenda-corporativa-personalizada\/#breadcrumb\",\"itemListElement\":[{\"@type\":\"ListItem\",\"position\":1,\"name\":\"In\u00edcio\",\"item\":\"https:\/\/redoma.com.br\/corporativo\/\"},{\"@type\":\"ListItem\",\"position\":2,\"name\":\"Informa\u00e7\u00f5es\",\"item\":\"https:\/\/redoma.com.br\/corporativo\/informacoes\/\"},{\"@type\":\"ListItem\",\"position\":3,\"name\":\"Agendas\",\"item\":\"https:\/\/redoma.com.br\/corporativo\/informacoes\/agendas\/\"},{\"@type\":\"ListItem\",\"position\":4,\"name\":\"AGENDA CORPORATIVA PERSONALIZADA\"}]},{\"@type\":\"WebSite\",\"@id\":\"https:\/\/redoma.com.br\/corporativo\/#website\",\"url\":\"https:\/\/redoma.com.br\/corporativo\/\",\"name\":\"Redoma - Brindes Corporativos\",\"description\":\"Produzimos Agenda Personalizada, Calend\u00e1rio Financeiro, Planner Personalizado, Caderno Personalizado, Caderneta personalizada e mais\",\"potentialAction\":[{\"@type\":\"SearchAction\",\"target\":{\"@type\":\"EntryPoint\",\"urlTemplate\":\"https:\/\/redoma.com.br\/corporativo\/?s={search_term_string}\"},\"query-input\":{\"@type\":\"PropertyValueSpecification\",\"valueRequired\":true,\"valueName\":\"search_term_string\"}}],\"inLanguage\":\"pt-BR\"}]}<\/script>\n<!-- \/ Yoast SEO plugin. -->","yoast_head_json":{"title":"AGENDA CORPORATIVA PERSONALIZADA - Redoma - Brindes Corporativos","robots":{"index":"index","follow":"follow","max-snippet":"max-snippet:-1","max-image-preview":"max-image-preview:large","max-video-preview":"max-video-preview:-1"},"canonical":"https:\/\/redoma.com.br\/corporativo\/informacoes\/agendas\/agenda-corporativa-personalizada\/","og_locale":"pt_BR","og_type":"article","og_title":"AGENDA CORPORATIVA PERSONALIZADA - Redoma - Brindes Corporativos","og_description":"[vc_row][vc_column][vc_column_text] ONDE COMPRAR AGENDA CORPORATIVA PERSONALIZADA? A Redoma \u00e9 especializada em \u00f3timas op\u00e7\u00f5es de agenda corporativa personalizada para empresas que precisam se destacar, com uma campanha e estrat\u00e9gia de posicionamento marcante, que conta com produtos de escrit\u00f3rio corporativo de alto padr\u00e3o. A agenda corporativa personalizada \u00e9 oferecida em um cat\u00e1logo que mostra os produtos em&hellip;","og_url":"https:\/\/redoma.com.br\/corporativo\/informacoes\/agendas\/agenda-corporativa-personalizada\/","og_site_name":"Redoma - Brindes Corporativos","article_modified_time":"2021-05-05T22:16:42+00:00","og_image":[{"width":480,"height":480,"url":"https:\/\/redoma.com.br\/corporativo\/wp-content\/uploads\/2021\/05\/agenda_corporativa_personalizada_01.jpg","type":"image\/jpeg"}],"twitter_card":"summary_large_image","twitter_misc":{"Est. tempo de leitura":"3 minutos"},"schema":{"@context":"https:\/\/schema.org","@graph":[{"@type":"WebPage","@id":"https:\/\/redoma.com.br\/corporativo\/informacoes\/agendas\/agenda-corporativa-personalizada\/","url":"https:\/\/redoma.com.br\/corporativo\/informacoes\/agendas\/agenda-corporativa-personalizada\/","name":"AGENDA CORPORATIVA PERSONALIZADA - Redoma - Brindes Corporativos","isPartOf":{"@id":"https:\/\/redoma.com.br\/corporativo\/#website"},"primaryImageOfPage":{"@id":"https:\/\/redoma.com.br\/corporativo\/informacoes\/agendas\/agenda-corporativa-personalizada\/#primaryimage"},"image":{"@id":"https:\/\/redoma.com.br\/corporativo\/informacoes\/agendas\/agenda-corporativa-personalizada\/#primaryimage"},"thumbnailUrl":"https:\/\/redoma.com.br\/corporativo\/wp-content\/uploads\/2021\/05\/agenda_corporativa_personalizada_01.jpg","datePublished":"2021-05-05T21:59:46+00:00","dateModified":"2021-05-05T22:16:42+00:00","breadcrumb":{"@id":"https:\/\/redoma.com.br\/corporativo\/informacoes\/agendas\/agenda-corporativa-personalizada\/#breadcrumb"},"inLanguage":"pt-BR","potentialAction":[{"@type":"ReadAction","target":["https:\/\/redoma.com.br\/corporativo\/informacoes\/agendas\/agenda-corporativa-personalizada\/"]}]},{"@type":"ImageObject","inLanguage":"pt-BR","@id":"https:\/\/redoma.com.br\/corporativo\/informacoes\/agendas\/agenda-corporativa-personalizada\/#primaryimage","url":"https:\/\/redoma.com.br\/corporativo\/wp-content\/uploads\/2021\/05\/agenda_corporativa_personalizada_01.jpg","contentUrl":"https:\/\/redoma.com.br\/corporativo\/wp-content\/uploads\/2021\/05\/agenda_corporativa_personalizada_01.jpg","width":480,"height":480},{"@type":"BreadcrumbList","@id":"https:\/\/redoma.com.br\/corporativo\/informacoes\/agendas\/agenda-corporativa-personalizada\/#breadcrumb","itemListElement":[{"@type":"ListItem","position":1,"name":"In\u00edcio","item":"https:\/\/redoma.com.br\/corporativo\/"},{"@type":"ListItem","position":2,"name":"Informa\u00e7\u00f5es","item":"https:\/\/redoma.com.br\/corporativo\/informacoes\/"},{"@type":"ListItem","position":3,"name":"Agendas","item":"https:\/\/redoma.com.br\/corporativo\/informacoes\/agendas\/"},{"@type":"ListItem","position":4,"name":"AGENDA CORPORATIVA PERSONALIZADA"}]},{"@type":"WebSite","@id":"https:\/\/redoma.com.br\/corporativo\/#website","url":"https:\/\/redoma.com.br\/corporativo\/","name":"Redoma - Brindes Corporativos","description":"Produzimos Agenda Personalizada, Calend\u00e1rio Financeiro, Planner Personalizado, Caderno Personalizado, Caderneta personalizada e mais","potentialAction":[{"@type":"SearchAction","target":{"@type":"EntryPoint","urlTemplate":"https:\/\/redoma.com.br\/corporativo\/?s={search_term_string}"},"query-input":{"@type":"PropertyValueSpecification","valueRequired":true,"valueName":"search_term_string"}}],"inLanguage":"pt-BR"}]}},"_links":{"self":[{"href":"https:\/\/redoma.com.br\/corporativo\/wp-json\/wp\/v2\/pages\/1788","targetHints":{"allow":["GET"]}}],"collection":[{"href":"https:\/\/redoma.com.br\/corporativo\/wp-json\/wp\/v2\/pages"}],"about":[{"href":"https:\/\/redoma.com.br\/corporativo\/wp-json\/wp\/v2\/types\/page"}],"author":[{"embeddable":true,"href":"https:\/\/redoma.com.br\/corporativo\/wp-json\/wp\/v2\/users\/1"}],"replies":[{"embeddable":true,"href":"https:\/\/redoma.com.br\/corporativo\/wp-json\/wp\/v2\/comments?post=1788"}],"version-history":[{"count":4,"href":"https:\/\/redoma.com.br\/corporativo\/wp-json\/wp\/v2\/pages\/1788\/revisions"}],"predecessor-version":[{"id":1795,"href":"https:\/\/redoma.com.br\/corporativo\/wp-json\/wp\/v2\/pages\/1788\/revisions\/1795"}],"up":[{"embeddable":true,"href":"https:\/\/redoma.com.br\/corporativo\/wp-json\/wp\/v2\/pages\/1776"}],"wp:featuredmedia":[{"embeddable":true,"href":"https:\/\/redoma.com.br\/corporativo\/wp-json\/wp\/v2\/media\/1787"}],"wp:attachment":[{"href":"https:\/\/redoma.com.br\/corporativo\/wp-json\/wp\/v2\/media?parent=1788"}],"curies":[{"name":"wp","href":"https:\/\/api.w.org\/{rel}","templated":true}]}}